{"id":779656,"date":"2025-12-30T12:04:53","date_gmt":"2025-12-30T09:04:53","guid":{"rendered":"https:\/\/roveyayinevi.com.tr\/index.php\/urun\/cetvel\/"},"modified":"2026-04-15T03:44:16","modified_gmt":"2026-04-15T00:44:16","slug":"cetvel","status":"publish","type":"product","link":"https:\/\/roveyayinevi.com.tr\/index.php\/urun\/cetvel\/","title":{"rendered":"Cetvel"},"content":{"rendered":"<p>Her birimizin hayat \u00fclkesindeki mutluluklar\u0131n, heyecanlar\u0131n, d\u00fc\u015flerin ve d\u00fc\u015f k\u0131r\u0131kl\u0131klar\u0131n\u0131n boyutu, ya\u015f ald\u0131k\u00e7a kulland\u0131\u011f\u0131m\u0131z \u00f6l\u00e7eklere g\u00f6re de\u011fi\u015fir. Cetvel de\u011fi\u015ftik\u00e7e duygular\u0131n bizde b\u0131rakt\u0131\u011f\u0131 izlerin uzunlu\u011fu da de\u011fi\u015fir. Yazg\u0131 de\u011fildir bu. Cetveli f\u0131rlat\u0131p atmak bir tercihtir. \u00d6mr\u00fcm\u00fcn en yeni y\u0131l\u0131na, \u00f6l\u00e7\u00fc birimlerimi g\u00f6zden ge\u00e7irerek girmeye karar verdim. Eski bir \u00e7ekmeceden, toz tutmaya ba\u015flam\u0131\u015f cetvelimi \u00e7\u0131kard\u0131m. Cetvelimin tozunu elimle sildim \u00e7\u00fcnk\u00fc kural koymak iyidir. Ba\u015fkalar\u0131 sana kural koymadan.Cetvellerin neden s\u0131f\u0131rdan ba\u015flad\u0131\u011f\u0131n\u0131 daha \u00f6nce hi\u00e7 d\u00fc\u015f\u00fcnmedi\u011fimi fark ettim.  Yan\u0131t\u0131 kolayd\u0131r asl\u0131nda; \u00f6l\u00e7e\u011finizi kullan\u0131rken s\u0131f\u0131rdan ba\u015flarsan\u0131z kesinlikle do\u011fru bir \u00f6l\u00e7\u00fcm yapabilirsiniz.S\u0131f\u0131rdan ba\u015fl\u0131yorum.  Hayat\u0131m\u0131zdaki \u00f6l\u00e7\u00fclere, kurallara kim karar veriyor? Bizim ya\u015fam\u0131m\u0131z\u0131n ilkelerini, bizden ba\u015fka kim belirleyebilir? Evrim Kuran, bu kez bamba\u015fka bir kitapla kar\u015f\u0131m\u0131zda: Hayat\u0131m\u0131z\u0131 \u00f6l\u00e7mek i\u00e7in, cetvellerin \u00f6nemini hat\u0131rlatarak\u2026<\/p>\n","protected":false},"excerpt":{"rendered":"<p>Her birimizin hayat \u00fclkesindeki mutluluklar\u0131n, heyecanlar\u0131n, d\u00fc\u015flerin ve d\u00fc\u015f k\u0131r\u0131kl\u0131klar\u0131n\u0131n boyutu, ya\u015f ald\u0131k\u00e7a kulland\u0131\u011f\u0131m\u0131z \u00f6l\u00e7eklere g\u00f6re de\u011fi\u015fir. Cetvel de\u011fi\u015ftik\u00e7e duygular\u0131n bizde b\u0131rakt\u0131\u011f\u0131 izlerin uzunlu\u011fu da de\u011fi\u015fir.<span class=\"excerpt-hellip\"> [\u2026]<\/span><\/p>\n","protected":false},"featured_media":0,"template":"","meta":{"_monsterinsights_skip_tracking":false,"_monsterinsights_sitenote_active":false,"_monsterinsights_sitenote_note":"","_monsterinsights_sitenote_category":0},"product_brand":[],"product_cat":[12777,12291],"product_tag":[],"class_list":{"0":"post-779656","1":"product","2":"type-product","3":"status-publish","5":"product_cat-deneme","6":"product_cat-edebiyat","7":"pa_cilt-ciltsiz","8":"pa_tur-kitap","9":"pa_yayinevi-mundi","10":"pa_yazar-evrim-kuran","12":"first","13":"instock","14":"sale","15":"shipping-taxable","16":"purchasable","17":"product-type-simple"},"_links":{"self":[{"href":"https:\/\/roveyayinevi.com.tr\/index.php\/wp-json\/wp\/v2\/product\/779656","targetHints":{"allow":["GET"]}}],"collection":[{"href":"https:\/\/roveyayinevi.com.tr\/index.php\/wp-json\/wp\/v2\/product"}],"about":[{"href":"https:\/\/roveyayinevi.com.tr\/index.php\/wp-json\/wp\/v2\/types\/product"}],"wp:attachment":[{"href":"https:\/\/roveyayinevi.com.tr\/index.php\/wp-json\/wp\/v2\/media?parent=779656"}],"wp:term":[{"taxonomy":"product_brand","embeddable":true,"href":"https:\/\/roveyayinevi.com.tr\/index.php\/wp-json\/wp\/v2\/product_brand?post=779656"},{"taxonomy":"product_cat","embeddable":true,"href":"https:\/\/roveyayinevi.com.tr\/index.php\/wp-json\/wp\/v2\/product_cat?post=779656"},{"taxonomy":"product_tag","embeddable":true,"href":"https:\/\/roveyayinevi.com.tr\/index.php\/wp-json\/wp\/v2\/product_tag?post=779656"}],"curies":[{"name":"wp","href":"https:\/\/api.w.org\/{rel}","templated":true}]}}