{"id":779649,"date":"2025-12-30T12:04:24","date_gmt":"2025-12-30T09:04:24","guid":{"rendered":"https:\/\/roveyayinevi.com.tr\/index.php\/urun\/azmin-gucu\/"},"modified":"2026-04-15T03:44:16","modified_gmt":"2026-04-15T00:44:16","slug":"azmin-gucu","status":"publish","type":"product","link":"https:\/\/roveyayinevi.com.tr\/index.php\/urun\/azmin-gucu\/","title":{"rendered":"Azmin G\u00fcc\u00fc"},"content":{"rendered":"<p>\u201cKariyer yolculu\u011funuzun s\u0131\u00e7rama noktas\u0131!\u201d   Bug\u00fcn\u00fcn h\u0131zl\u0131, teknoloji odakl\u0131 d\u00fcnyas\u0131nda i\u015fverenler yaln\u0131zca yetene\u011fe de\u011fil, karaktere yat\u0131r\u0131m yap\u0131yor. Vizyon, dayan\u0131kl\u0131l\u0131k, uyum becerisi ve duygusal zek\u00e2 art\u0131k birer se\u00e7enek de\u011fil zorunluluk. Oysa \u00f6\u011frencilerin ve gen\u00e7 profesyonellerin \u00e7o\u011fu bu kritik yumu\u015fak becerileri nas\u0131l geli\u015ftirecekleri konusunda yeterince rehberlik alm\u0131yor. Azmin G\u00fcc\u00fc tam da bu noktada devreye giriyor. K\u0131smen ki\u015fisel bir yolculuk, k\u0131smen pratik bir rehber niteli\u011findeki bu d\u00f6n\u00fc\u015ft\u00fcr\u00fcc\u00fc kitap, gen\u00e7 profesyonellere kimliklerini tan\u0131mlamak, geli\u015fimlerinin sorumlulu\u011funu almak ve amaca y\u00f6nelik liderlik etmek i\u00e7in gerekli ara\u00e7lar\u0131 sunuyor.   \u201c\u0130ster s\u0131n\u0131fta el kald\u0131rmaktan \u00e7ekinen bir \u00f6\u011frenci, ister cesur fikirler sunan bir giri\u015fimci, isterse hayat\u0131nda y\u00f6n de\u011fi\u015ftirmeye cesaret eden biri olun&#8230; Bu kitap size azmetmek i\u00e7in gereken zihniyeti ve dayan\u0131kl\u0131l\u0131\u011f\u0131 kazand\u0131r\u0131r.\u201d   \u2013 Angie Kamath, Dekan, NYU School of Professional Studies   \u201cSosyal beceriler, g\u00fcn\u00fcm\u00fcz d\u00fcnyas\u0131n\u0131n evrensel dilidir ve Dr. Karaburun bu dili 10 g\u00fc\u00e7l\u00fc ilkeyle \u00f6\u011fretiyor. Bu kitap, hayallerini ger\u00e7e\u011fe d\u00f6n\u00fc\u015ft\u00fcrmek isteyen herkes i\u00e7in pratik bir yol haritas\u0131 sunarken, Dr. Karaburun\u2019un kendi hayat\u0131 da bu stratejilerin en b\u00fcy\u00fck ilham kayna\u011f\u0131 oluyor.\u201d   \u2013 Fatma Durmaz Y\u0131lbirlik, Y\u00f6netim Kurulu Ba\u015fkan Yard\u0131mc\u0131s\u0131, Durmazlar Holding   \u201cGen\u00e7 profesyoneller ve yeni mezunlar, bu kitapta kariyerlerine ve konaklama sekt\u00f6r\u00fcndeki y\u00fckselen y\u0131ld\u0131z yolculuklar\u0131na do\u011frudan uygulayabilecekleri derslerle dolu bir rehber bulacaklar.\u201d   \u2013 Kurt Ekert, CEO ve Ba\u015fkan, Sabre Corporation   Recep \u201cRichie\u201d Karaburun, d\u00fcnyan\u0131n \u00f6nde gelen turizm ve otelcilik \u015firketlerinde yakla\u015f\u0131k 30 y\u0131l \u00fcst d\u00fczey y\u00f6netici olarak g\u00f6rev yapt\u0131ktan sonra seyahat ve e\u011fitim alan\u0131ndaki deneyimini New York University School of Professional Studies\u2019e ta\u015f\u0131m\u0131\u015ft\u0131r. \u00d6\u011frencileri taraf\u0131ndan \u201cDr. K\u201d olarak tan\u0131nan Karaburun, dinamik bir e\u011fitimci ve ak\u0131l hocas\u0131d\u0131r. Uluslararas\u0131 Turizm ve Otelcilik Enstit\u00fcs\u00fc taraf\u0131ndan \u201cK\u00fcresel Turizm ve Otelcilik Alan\u0131nda En Etkili 30 E\u011fitmenden Biri\u201d se\u00e7ilmi\u015f, 2025 y\u0131l\u0131nda NYU\u2019nun Se\u00e7kin \u00d6\u011fretim \u00d6d\u00fcl\u00fc\u2019ne lay\u0131k g\u00f6r\u00fclm\u00fc\u015ft\u00fcr. <\/p>\n","protected":false},"excerpt":{"rendered":"<p>\u201cKariyer yolculu\u011funuzun s\u0131\u00e7rama noktas\u0131!\u201d Bug\u00fcn\u00fcn h\u0131zl\u0131, teknoloji odakl\u0131 d\u00fcnyas\u0131nda i\u015fverenler yaln\u0131zca yetene\u011fe de\u011fil, karaktere yat\u0131r\u0131m yap\u0131yor. Vizyon, dayan\u0131kl\u0131l\u0131k, uyum becerisi ve duygusal zek\u00e2 art\u0131k birer se\u00e7enek<span class=\"excerpt-hellip\"> [\u2026]<\/span><\/p>\n","protected":false},"featured_media":0,"template":"","meta":{"_monsterinsights_skip_tracking":false,"_monsterinsights_sitenote_active":false,"_monsterinsights_sitenote_note":"","_monsterinsights_sitenote_category":0},"product_brand":[],"product_cat":[12364,12376],"product_tag":[],"class_list":{"0":"post-779649","1":"product","2":"type-product","3":"status-publish","5":"product_cat-genel-konular","6":"product_cat-kisisel-gelisim","7":"pa_cilt-ciltsiz","8":"pa_tur-kitap","9":"pa_yayinevi-destek-yayinlari","10":"pa_yazar-recep-richie-karaburun","12":"first","13":"instock","14":"sale","15":"shipping-taxable","16":"purchasable","17":"product-type-simple"},"_links":{"self":[{"href":"https:\/\/roveyayinevi.com.tr\/index.php\/wp-json\/wp\/v2\/product\/779649","targetHints":{"allow":["GET"]}}],"collection":[{"href":"https:\/\/roveyayinevi.com.tr\/index.php\/wp-json\/wp\/v2\/product"}],"about":[{"href":"https:\/\/roveyayinevi.com.tr\/index.php\/wp-json\/wp\/v2\/types\/product"}],"wp:attachment":[{"href":"https:\/\/roveyayinevi.com.tr\/index.php\/wp-json\/wp\/v2\/media?parent=779649"}],"wp:term":[{"taxonomy":"product_brand","embeddable":true,"href":"https:\/\/roveyayinevi.com.tr\/index.php\/wp-json\/wp\/v2\/product_brand?post=779649"},{"taxonomy":"product_cat","embeddable":true,"href":"https:\/\/roveyayinevi.com.tr\/index.php\/wp-json\/wp\/v2\/product_cat?post=779649"},{"taxonomy":"product_tag","embeddable":true,"href":"https:\/\/roveyayinevi.com.tr\/index.php\/wp-json\/wp\/v2\/product_tag?post=779649"}],"curies":[{"name":"wp","href":"https:\/\/api.w.org\/{rel}","templated":true}]}}