{"id":779646,"date":"2025-12-30T12:04:16","date_gmt":"2025-12-30T09:04:16","guid":{"rendered":"https:\/\/roveyayinevi.com.tr\/index.php\/urun\/islam-siyasal-dusuncesi-2-temel-dayanaklar\/"},"modified":"2026-04-15T03:44:16","modified_gmt":"2026-04-15T00:44:16","slug":"islam-siyasal-dusuncesi-2-temel-dayanaklar","status":"publish","type":"product","link":"https:\/\/roveyayinevi.com.tr\/index.php\/urun\/islam-siyasal-dusuncesi-2-temel-dayanaklar\/","title":{"rendered":"\u0130slam Siyasal D\u00fc\u015f\u00fcncesi 2 &#8211; Temel Dayanaklar"},"content":{"rendered":"<p>D\u00fc\u015f\u00fcnce tarihi boyunca sosyal ve siyasal olgu ve bunun temel temalar\u0131 olan siyasal toplum, siyasal iktidar, siyasal iktidar\u0131n kayna\u011f\u0131, me\u015fruiyeti, kullan\u0131lmas\u0131 ve da\u011f\u0131t\u0131lmas\u0131 sorunu, haklar ve \u00f6zg\u00fcrl\u00fckler, uluslararas\u0131 ili\u015fki ve d\u0131\u015f politika gibi konular \u00fczerinde en yo\u011fun tart\u0131\u015fmalar\u0131n meydana geldi\u011fi problem alanlar\u0131 olmu\u015ftur. Bu problem alanlar\u0131 \u0130slam siyasal d\u00fc\u015f\u00fcncesinin de en temel soru\u015fturma alanlar\u0131 olarak belirmi\u015f ve \u00fczerlerinde ciddi tart\u0131\u015fmalar yap\u0131lm\u0131\u015ft\u0131r. S\u00f6z konusu tart\u0131\u015fmalar neticesinde siyasetin bir eylem oldu\u011fu ve bu eylemin \u00e7e\u015fitli temellerinin ve g\u00f6r\u00fcnt\u00fclerinin bulundu\u011fu ger\u00e7e\u011fi ortaya konmu\u015ftur. Buradaki \u201ctemeller\u201dden kas\u0131t, siyaset biliminin \u00fcretti\u011fi \u00f6nermeler ile bunlar\u0131n dayand\u0131\u011f\u0131 \u00f6nc\u00fcller, kan\u0131tlar ve kurallard\u0131r. S\u00f6z konusu sorunlar\u0131 Kur\u2019an merkezli bir bak\u0131\u015fla yeniden ele alan bu eser, \u0130slam siyasal d\u00fc\u015f\u00fcncesinin temel ilkelerini sistematik ve analitik bir y\u00f6ntemle a\u00e7\u0131klamay\u0131 ama\u00e7lamaktad\u0131r. Kur\u2019an\u2019\u0131n farkl\u0131 surelerinde da\u011f\u0131n\u0131k bi\u00e7imde bulunan siyasal ilke par\u00e7alar\u0131n\u0131 b\u00fct\u00fcnc\u00fcl bir \u00e7er\u00e7evede bir araya getirerek, siyasal eylemi \u015fekillendiren kavramsal ve epistemik temelleri dilbilimsel ve metodolojik bir titizlikle \u00e7\u00f6z\u00fcmlemektedir. \u0130ktidar\u0131n kayna\u011f\u0131, itaatin s\u0131n\u0131rlar\u0131, birey-toplum ili\u015fkisi, me\u015fruiyetin \u00f6l\u00e7\u00fctleri ve toplumsal erek gibi siyasal teorinin merkezindeki sorular nesnel bir y\u00f6ntemle tart\u0131\u015f\u0131lmaktad\u0131r. Klasik s\u00f6zl\u00fcklerden modern tefsirlere uzanan geni\u015f literat\u00fcr deste\u011fiyle Kur\u2019an\u2019\u0131n kavram haritas\u0131n\u0131 inceleyen eser, \u0130slam siyasal d\u00fc\u015f\u00fcncesinin teorik derinli\u011fini g\u00f6r\u00fcn\u00fcr k\u0131lmakta ve \u00e7a\u011fda\u015f \u0130slam d\u00fcnyas\u0131n\u0131n siyasal sorunlar\u0131na yeni d\u00fc\u015f\u00fcnme imk\u00e2nlar\u0131 sunmaktad\u0131r. <\/p>\n","protected":false},"excerpt":{"rendered":"<p>D\u00fc\u015f\u00fcnce tarihi boyunca sosyal ve siyasal olgu ve bunun temel temalar\u0131 olan siyasal toplum, siyasal iktidar, siyasal iktidar\u0131n kayna\u011f\u0131, me\u015fruiyeti, kullan\u0131lmas\u0131 ve da\u011f\u0131t\u0131lmas\u0131 sorunu, haklar ve<span class=\"excerpt-hellip\"> [\u2026]<\/span><\/p>\n","protected":false},"featured_media":0,"template":"","meta":{"_monsterinsights_skip_tracking":false,"_monsterinsights_sitenote_active":false,"_monsterinsights_sitenote_note":"","_monsterinsights_sitenote_category":0},"product_brand":[],"product_cat":[13590,12337],"product_tag":[],"class_list":{"0":"post-779646","1":"product","2":"type-product","3":"status-publish","5":"product_cat-arastirma-inceleme-politika-siyaset","6":"product_cat-politika-siyaset","7":"pa_cilt-ciltsiz","8":"pa_tur-kitap","9":"pa_yayinevi-soncag-akademik-kitaplar","10":"pa_yazar-dr-ismail-polat","12":"first","13":"instock","14":"sale","15":"shipping-taxable","16":"purchasable","17":"product-type-simple"},"_links":{"self":[{"href":"https:\/\/roveyayinevi.com.tr\/index.php\/wp-json\/wp\/v2\/product\/779646","targetHints":{"allow":["GET"]}}],"collection":[{"href":"https:\/\/roveyayinevi.com.tr\/index.php\/wp-json\/wp\/v2\/product"}],"about":[{"href":"https:\/\/roveyayinevi.com.tr\/index.php\/wp-json\/wp\/v2\/types\/product"}],"wp:attachment":[{"href":"https:\/\/roveyayinevi.com.tr\/index.php\/wp-json\/wp\/v2\/media?parent=779646"}],"wp:term":[{"taxonomy":"product_brand","embeddable":true,"href":"https:\/\/roveyayinevi.com.tr\/index.php\/wp-json\/wp\/v2\/product_brand?post=779646"},{"taxonomy":"product_cat","embeddable":true,"href":"https:\/\/roveyayinevi.com.tr\/index.php\/wp-json\/wp\/v2\/product_cat?post=779646"},{"taxonomy":"product_tag","embeddable":true,"href":"https:\/\/roveyayinevi.com.tr\/index.php\/wp-json\/wp\/v2\/product_tag?post=779646"}],"curies":[{"name":"wp","href":"https:\/\/api.w.org\/{rel}","templated":true}]}}