{"id":779645,"date":"2025-12-30T12:04:13","date_gmt":"2025-12-30T09:04:13","guid":{"rendered":"https:\/\/roveyayinevi.com.tr\/index.php\/urun\/islam-siyasal-dusuncesi-1-metodolojik-bir-analiz\/"},"modified":"2026-04-15T03:44:16","modified_gmt":"2026-04-15T00:44:16","slug":"islam-siyasal-dusuncesi-1-metodolojik-bir-analiz","status":"publish","type":"product","link":"https:\/\/roveyayinevi.com.tr\/index.php\/urun\/islam-siyasal-dusuncesi-1-metodolojik-bir-analiz\/","title":{"rendered":"\u0130slam Siyasal D\u00fc\u015f\u00fcncesi 1 &#8211; Metodolojik Bir Analiz"},"content":{"rendered":"<p>\u0130ktidar ili\u015fkileri ve y\u00f6netim bi\u00e7imleri \u00fczerine yap\u0131lan tart\u0131\u015fmalar\u0131n \u00f6tesinde, insan\u0131n varolu\u015funu, toplumsal d\u00fczeni ve d\u00fcnya i\u00e7indeki konumunu nas\u0131l anlamland\u0131rd\u0131\u011f\u0131na dair temel bir aray\u0131\u015f\u0131 ifade eden siyasal d\u00fc\u015f\u00fcnce, insanl\u0131k tarihinin en temel u\u011fra\u015f alanlar\u0131ndan biri olmu\u015ftur. Bu bak\u0131mdan hem teorik hem de pratik d\u00fczeyde hayat\u0131n anlam\u0131n\u0131 yeniden kuran siyasal d\u00fc\u015f\u00fcnce, yaln\u0131zca y\u00f6netici s\u0131n\u0131fa de\u011fil, b\u00fct\u00fcn insanl\u0131\u011fa hitap eden vazge\u00e7ilmez bir d\u00fc\u015f\u00fcnme bi\u00e7imi olarak ortaya \u00e7\u0131kar. Sokrates \u00f6ncesi d\u00f6nemden Karl Marx\u2019a kadar uzanan geni\u015f bir d\u00fc\u015f\u00fcnsel hatt\u0131 ele alan bu kitap, tarihin farkl\u0131 d\u00f6nemlerinde siyasal d\u00fc\u015f\u00fcncenin temellendirilmesine ili\u015fkin felsef\u00ee rasyonalitenin sundu\u011fu a\u00e7\u0131klama modellerini \u0130slam\u2019\u0131n tevhid ilkesinin sundu\u011fu b\u00fct\u00fcnc\u00fcl perspektifle kar\u015f\u0131la\u015ft\u0131rarak, siyasetin anlam\u0131n\u0131, s\u0131n\u0131rlar\u0131n\u0131 ve imk\u00e2nlar\u0131n\u0131 berrak ve analitik bir \u00fcslupla tart\u0131\u015fmaktad\u0131r. Modern d\u00fcnyada siyasetin \u00e7\u00f6z\u00fclm\u00fc\u015f anlam haritalar\u0131 kar\u015f\u0131s\u0131nda, hem felsef\u00ee gelene\u011fin hem de \u0130slam\u00ee d\u00fc\u015f\u00fcncenin sundu\u011fu imk\u00e2nlar\u0131 metodolojik bir dikkatle de\u011ferlendiren bu kitap; siyasal ilkelerin kayna\u011f\u0131na, insan\u0131n \u00f6zg\u00fcrl\u00fck ve y\u00fck\u00fcml\u00fcl\u00fck alan\u0131na ve toplumsal d\u00fczenin me\u015fruiyetine ili\u015fkin sorulara derinlikli yan\u0131tlar arayan herkes i\u00e7in vazge\u00e7ilmez bir ba\u015fvuru niteli\u011findedir. <\/p>\n","protected":false},"excerpt":{"rendered":"<p>\u0130ktidar ili\u015fkileri ve y\u00f6netim bi\u00e7imleri \u00fczerine yap\u0131lan tart\u0131\u015fmalar\u0131n \u00f6tesinde, insan\u0131n varolu\u015funu, toplumsal d\u00fczeni ve d\u00fcnya i\u00e7indeki konumunu nas\u0131l anlamland\u0131rd\u0131\u011f\u0131na dair temel bir aray\u0131\u015f\u0131 ifade eden siyasal<span class=\"excerpt-hellip\"> [\u2026]<\/span><\/p>\n","protected":false},"featured_media":0,"template":"","meta":{"_monsterinsights_skip_tracking":false,"_monsterinsights_sitenote_active":false,"_monsterinsights_sitenote_note":"","_monsterinsights_sitenote_category":0},"product_brand":[],"product_cat":[13590,12337],"product_tag":[],"class_list":{"0":"post-779645","1":"product","2":"type-product","3":"status-publish","5":"product_cat-arastirma-inceleme-politika-siyaset","6":"product_cat-politika-siyaset","7":"pa_cilt-ciltsiz","8":"pa_tur-kitap","9":"pa_yayinevi-soncag-akademik-kitaplar","10":"pa_yazar-dr-ismail-polat","12":"first","13":"instock","14":"sale","15":"shipping-taxable","16":"purchasable","17":"product-type-simple"},"_links":{"self":[{"href":"https:\/\/roveyayinevi.com.tr\/index.php\/wp-json\/wp\/v2\/product\/779645","targetHints":{"allow":["GET"]}}],"collection":[{"href":"https:\/\/roveyayinevi.com.tr\/index.php\/wp-json\/wp\/v2\/product"}],"about":[{"href":"https:\/\/roveyayinevi.com.tr\/index.php\/wp-json\/wp\/v2\/types\/product"}],"wp:attachment":[{"href":"https:\/\/roveyayinevi.com.tr\/index.php\/wp-json\/wp\/v2\/media?parent=779645"}],"wp:term":[{"taxonomy":"product_brand","embeddable":true,"href":"https:\/\/roveyayinevi.com.tr\/index.php\/wp-json\/wp\/v2\/product_brand?post=779645"},{"taxonomy":"product_cat","embeddable":true,"href":"https:\/\/roveyayinevi.com.tr\/index.php\/wp-json\/wp\/v2\/product_cat?post=779645"},{"taxonomy":"product_tag","embeddable":true,"href":"https:\/\/roveyayinevi.com.tr\/index.php\/wp-json\/wp\/v2\/product_tag?post=779645"}],"curies":[{"name":"wp","href":"https:\/\/api.w.org\/{rel}","templated":true}]}}