{"id":779640,"date":"2025-12-30T12:03:50","date_gmt":"2025-12-30T09:03:50","guid":{"rendered":"https:\/\/roveyayinevi.com.tr\/index.php\/urun\/cucunnu-ve-ecunnunun-maceralari\/"},"modified":"2026-04-15T03:44:16","modified_gmt":"2026-04-15T00:44:16","slug":"cucunnu-ve-ecunnunun-maceralari","status":"publish","type":"product","link":"https:\/\/roveyayinevi.com.tr\/index.php\/urun\/cucunnu-ve-ecunnunun-maceralari\/","title":{"rendered":"C\u00fcc\u00fcnn\u00fc Ve Ec\u00fcnn\u00fc\u2019n\u00fcn Maceralar\u0131"},"content":{"rendered":"<p>K\u00fc\u00e7\u00fck kahramanlar C\u00fcc\u00fcnn\u00fc ve Ec\u00fcnn\u00fc\u2019n\u00fcn maceralar\u0131, sizi do\u011fan\u0131n b\u00fcy\u00fcleyici derinliklerinden devlerin gizemli k\u00f6y\u00fcne kadar uzanan s\u00fcr\u00fckleyici bir yolculu\u011fa \u00e7\u0131kar\u0131yor.   Cesaret, zeka ve dayan\u0131\u015fma dolu bu hik\u00e2ye, her ya\u015ftan okurun hayal g\u00fcc\u00fcn\u00fc canland\u0131racak. Do\u011fan\u0131n s\u0131rlar\u0131, devlerin d\u00fcnyas\u0131 ve iki karde\u015fin e\u011flenceli ser\u00fcveni, sizi unutulmaz bir masal d\u00fcnyas\u0131na davet ediyor.   Bu kitap, ger\u00e7ek dostlu\u011fun ve k\u00fc\u00e7\u00fck kahramanlar\u0131n b\u00fcy\u00fck cesaretinin en g\u00fczel \u00f6rneklerinden biri. <\/p>\n","protected":false},"excerpt":{"rendered":"<p>K\u00fc\u00e7\u00fck kahramanlar C\u00fcc\u00fcnn\u00fc ve Ec\u00fcnn\u00fc\u2019n\u00fcn maceralar\u0131, sizi do\u011fan\u0131n b\u00fcy\u00fcleyici derinliklerinden devlerin gizemli k\u00f6y\u00fcne kadar uzanan s\u00fcr\u00fckleyici bir yolculu\u011fa \u00e7\u0131kar\u0131yor. Cesaret, zeka ve dayan\u0131\u015fma dolu bu hik\u00e2ye,<span class=\"excerpt-hellip\"> [\u2026]<\/span><\/p>\n","protected":false},"featured_media":0,"template":"","meta":{"_monsterinsights_skip_tracking":false,"_monsterinsights_sitenote_active":false,"_monsterinsights_sitenote_note":"","_monsterinsights_sitenote_category":0},"product_brand":[],"product_cat":[12274,12284],"product_tag":[],"class_list":{"0":"post-779640","1":"product","2":"type-product","3":"status-publish","5":"product_cat-cocuk-ve-genclik-kitaplari","6":"product_cat-hikayeler","7":"pa_cilt-ciltsiz","8":"pa_tur-kitap","9":"pa_yayinevi-perseus","10":"pa_yazar-ulya-nur","12":"first","13":"instock","14":"sale","15":"shipping-taxable","16":"purchasable","17":"product-type-simple"},"_links":{"self":[{"href":"https:\/\/roveyayinevi.com.tr\/index.php\/wp-json\/wp\/v2\/product\/779640","targetHints":{"allow":["GET"]}}],"collection":[{"href":"https:\/\/roveyayinevi.com.tr\/index.php\/wp-json\/wp\/v2\/product"}],"about":[{"href":"https:\/\/roveyayinevi.com.tr\/index.php\/wp-json\/wp\/v2\/types\/product"}],"wp:attachment":[{"href":"https:\/\/roveyayinevi.com.tr\/index.php\/wp-json\/wp\/v2\/media?parent=779640"}],"wp:term":[{"taxonomy":"product_brand","embeddable":true,"href":"https:\/\/roveyayinevi.com.tr\/index.php\/wp-json\/wp\/v2\/product_brand?post=779640"},{"taxonomy":"product_cat","embeddable":true,"href":"https:\/\/roveyayinevi.com.tr\/index.php\/wp-json\/wp\/v2\/product_cat?post=779640"},{"taxonomy":"product_tag","embeddable":true,"href":"https:\/\/roveyayinevi.com.tr\/index.php\/wp-json\/wp\/v2\/product_tag?post=779640"}],"curies":[{"name":"wp","href":"https:\/\/api.w.org\/{rel}","templated":true}]}}