{"id":779634,"date":"2025-12-30T12:03:24","date_gmt":"2025-12-30T09:03:24","guid":{"rendered":"https:\/\/roveyayinevi.com.tr\/index.php\/urun\/muzik-ve-zihin\/"},"modified":"2026-04-15T03:44:16","modified_gmt":"2026-04-15T00:44:16","slug":"muzik-ve-zihin","status":"publish","type":"product","link":"https:\/\/roveyayinevi.com.tr\/index.php\/urun\/muzik-ve-zihin\/","title":{"rendered":"M\u00fczik ve Zihin"},"content":{"rendered":"<p>Tarihsel fig\u00fcrlerin ba\u015far\u0131l\u0131 psikanalitik incelemelerini yapan Anthony Storr, M\u00fczik ve Zihin\u2019de, m\u00fczi\u011fin insan zihni ve bedeni \u00fczerinde neden bu kadar etkili oldu\u011funu psikolojiyle s\u0131n\u0131rl\u0131 kalmay\u0131p, matematik ve felsefeden de yararlanarak b\u00fct\u00fcnsel bir analizle sunuyor. M\u00fczi\u011fin insan duygular\u0131n\u0131 harekete ge\u00e7irme ve ifade etme arac\u0131 olarak nas\u0131l alg\u0131land\u0131\u011f\u0131 Schopenauer\u2019dan Nietzsche\u2019ye, Haydn\u2019dan \u00c7aykovski\u2019ye \u00fcnl\u00fc filozoflar\u0131n ve b\u00fcy\u00fck bestecilerin g\u00f6r\u00fc\u015fleri temelinde, psikoloji teorilerinin \u0131\u015f\u0131\u011f\u0131nda a\u00e7\u0131klan\u0131yor. M\u00fczik ve Zihin Storr\u2019un farkl\u0131 disiplinleri sentezleme konusundaki maharetini g\u00f6zler \u00f6n\u00fcne seriyor.    Storr, tonal sisteminin evriminden Freud\u2019un m\u00fczi\u011fi \u00e7ocuk\u00e7a bir ka\u00e7\u0131\u015f olarak g\u00f6ren teorisine, sa\u011f ve sol beyin yar\u0131mk\u00fcrelerinin m\u00fczi\u011fi alg\u0131lamadaki farkl\u0131 rollerine kadar her konuya de\u011finiyor.\u222b \u2013Wall Street Journal<\/p>\n","protected":false},"excerpt":{"rendered":"<p>Tarihsel fig\u00fcrlerin ba\u015far\u0131l\u0131 psikanalitik incelemelerini yapan Anthony Storr, M\u00fczik ve Zihin\u2019de, m\u00fczi\u011fin insan zihni ve bedeni \u00fczerinde neden bu kadar etkili oldu\u011funu psikolojiyle s\u0131n\u0131rl\u0131 kalmay\u0131p, matematik<span class=\"excerpt-hellip\"> [\u2026]<\/span><\/p>\n","protected":false},"featured_media":0,"template":"","meta":{"_monsterinsights_skip_tracking":false,"_monsterinsights_sitenote_active":false,"_monsterinsights_sitenote_note":"","_monsterinsights_sitenote_category":0},"product_brand":[],"product_cat":[14591,14556],"product_tag":[],"class_list":{"0":"post-779634","1":"product","2":"type-product","3":"status-publish","5":"product_cat-genel-kavramlar-kuram-ve-tarihce","6":"product_cat-muzik","7":"pa_cilt-ciltsiz","8":"pa_tur-kitap","9":"pa_yayinevi-alfa-yayinlari","10":"pa_yazar-anthony-storr","12":"first","13":"instock","14":"sale","15":"shipping-taxable","16":"purchasable","17":"product-type-simple"},"_links":{"self":[{"href":"https:\/\/roveyayinevi.com.tr\/index.php\/wp-json\/wp\/v2\/product\/779634","targetHints":{"allow":["GET"]}}],"collection":[{"href":"https:\/\/roveyayinevi.com.tr\/index.php\/wp-json\/wp\/v2\/product"}],"about":[{"href":"https:\/\/roveyayinevi.com.tr\/index.php\/wp-json\/wp\/v2\/types\/product"}],"wp:attachment":[{"href":"https:\/\/roveyayinevi.com.tr\/index.php\/wp-json\/wp\/v2\/media?parent=779634"}],"wp:term":[{"taxonomy":"product_brand","embeddable":true,"href":"https:\/\/roveyayinevi.com.tr\/index.php\/wp-json\/wp\/v2\/product_brand?post=779634"},{"taxonomy":"product_cat","embeddable":true,"href":"https:\/\/roveyayinevi.com.tr\/index.php\/wp-json\/wp\/v2\/product_cat?post=779634"},{"taxonomy":"product_tag","embeddable":true,"href":"https:\/\/roveyayinevi.com.tr\/index.php\/wp-json\/wp\/v2\/product_tag?post=779634"}],"curies":[{"name":"wp","href":"https:\/\/api.w.org\/{rel}","templated":true}]}}