{"id":779623,"date":"2025-12-30T12:02:49","date_gmt":"2025-12-30T09:02:49","guid":{"rendered":"https:\/\/roveyayinevi.com.tr\/index.php\/urun\/sevimli-safari-hayvanlari-cee-eee-dokun-kesfet\/"},"modified":"2026-04-15T03:44:15","modified_gmt":"2026-04-15T00:44:15","slug":"sevimli-safari-hayvanlari-cee-eee-dokun-kesfet","status":"publish","type":"product","link":"https:\/\/roveyayinevi.com.tr\/index.php\/urun\/sevimli-safari-hayvanlari-cee-eee-dokun-kesfet\/","title":{"rendered":"Sevimli Safari Hayvanlar\u0131\/ CEE-EEE! Dokun &amp; Ke\u015ffet"},"content":{"rendered":"<p>Sevimli Safari Hayvanlar\u0131CEE-EEE! Dokun&amp;Ke\u015ffetMinikler i\u00e7in renkli ve e\u011flenceli bir safari yolculu\u011fu!\u00c7ocuklar bu kitapta, orman\u0131n kalbinde ya\u015fayan sevimli safari hayvanlar\u0131n\u0131 ve onlar\u0131n yavrular\u0131n\u0131 tan\u0131yacak. \u00c7al\u0131lar\u0131n ard\u0131nda, ta\u015flar\u0131n aras\u0131nda saklanan filleri, zebralar\u0131, maymunlar\u0131 ve daha bir\u00e7ok hayvan\u0131 ke\u015ffederken hem e\u011flenecek hem de \u00f6\u011frenecekler.Yumu\u015fak dokun-hisset alanlar\u0131yla duyusal geli\u015fimi destekleyen kitap, miniklerin merak\u0131n\u0131 art\u0131r\u0131yor ve \u00f6\u011frenme yolculu\u011funu daha keyifli hale getiriyor.Kazan\u0131mlar:Merak duygusunu art\u0131r\u0131rEl-g\u00f6z koordinasyonunu desteklerHayvanlar\u0131 tan\u0131t\u0131r ve \u00f6\u011frenmeyi e\u011flenceli hale getirir\u0130nteraktif oyunla ke\u015ffetme becerisini g\u00fc\u00e7lendirir\u00d6\u011frenme Becerileri:Kelime \u00d6\u011frenmeProblem \u00c7\u00f6zmeDuyusal Geli\u015fimD\u00fcnyay\u0131 Ke\u015ffet<\/p>\n","protected":false},"excerpt":{"rendered":"<p>Sevimli Safari Hayvanlar\u0131CEE-EEE! Dokun&amp;Ke\u015ffetMinikler i\u00e7in renkli ve e\u011flenceli bir safari yolculu\u011fu!\u00c7ocuklar bu kitapta, orman\u0131n kalbinde ya\u015fayan sevimli safari hayvanlar\u0131n\u0131 ve onlar\u0131n yavrular\u0131n\u0131 tan\u0131yacak. \u00c7al\u0131lar\u0131n ard\u0131nda, ta\u015flar\u0131n<span class=\"excerpt-hellip\"> [\u2026]<\/span><\/p>\n","protected":false},"featured_media":0,"template":"","meta":{"_monsterinsights_skip_tracking":false,"_monsterinsights_sitenote_active":false,"_monsterinsights_sitenote_note":"","_monsterinsights_sitenote_category":0},"product_brand":[],"product_cat":[12274,12518],"product_tag":[],"class_list":{"0":"post-779623","1":"product","2":"type-product","3":"status-publish","5":"product_cat-cocuk-ve-genclik-kitaplari","6":"product_cat-okul-oncesi-kitaplar","7":"pa_cilt-ciltli","8":"pa_tur-kitap","9":"pa_yayinevi-ucan-fil-yayinlari","10":"pa_yazar-kolektif","12":"first","13":"instock","14":"sale","15":"shipping-taxable","16":"purchasable","17":"product-type-simple"},"_links":{"self":[{"href":"https:\/\/roveyayinevi.com.tr\/index.php\/wp-json\/wp\/v2\/product\/779623","targetHints":{"allow":["GET"]}}],"collection":[{"href":"https:\/\/roveyayinevi.com.tr\/index.php\/wp-json\/wp\/v2\/product"}],"about":[{"href":"https:\/\/roveyayinevi.com.tr\/index.php\/wp-json\/wp\/v2\/types\/product"}],"wp:attachment":[{"href":"https:\/\/roveyayinevi.com.tr\/index.php\/wp-json\/wp\/v2\/media?parent=779623"}],"wp:term":[{"taxonomy":"product_brand","embeddable":true,"href":"https:\/\/roveyayinevi.com.tr\/index.php\/wp-json\/wp\/v2\/product_brand?post=779623"},{"taxonomy":"product_cat","embeddable":true,"href":"https:\/\/roveyayinevi.com.tr\/index.php\/wp-json\/wp\/v2\/product_cat?post=779623"},{"taxonomy":"product_tag","embeddable":true,"href":"https:\/\/roveyayinevi.com.tr\/index.php\/wp-json\/wp\/v2\/product_tag?post=779623"}],"curies":[{"name":"wp","href":"https:\/\/api.w.org\/{rel}","templated":true}]}}