{"id":779601,"date":"2025-12-30T12:01:43","date_gmt":"2025-12-30T09:01:43","guid":{"rendered":"https:\/\/roveyayinevi.com.tr\/index.php\/urun\/anarsist-bir-antropolojiden-parcalar\/"},"modified":"2026-04-15T03:44:15","modified_gmt":"2026-04-15T00:44:15","slug":"anarsist-bir-antropolojiden-parcalar","status":"publish","type":"product","link":"https:\/\/roveyayinevi.com.tr\/index.php\/urun\/anarsist-bir-antropolojiden-parcalar\/","title":{"rendered":"Anar\u015fist Bir Antropolojiden Par\u00e7alar"},"content":{"rendered":"<p>Zaman\u0131m\u0131z\u0131n en \u00f6nemli antropologlar\u0131ndan David Graeber, elinizdeki kitapta s\u0131rad\u0131\u015f\u0131 bir soruyla yola \u00e7\u0131k\u0131yor: Neden anar\u015fistlerle antropologlar daha fazla diyalog i\u00e7inde de\u011filler? Her iki disiplin de hiyerar\u015fi, iktidar ve kolektif \u00f6rg\u00fctlenme bi\u00e7imlerini sorgularken, aralar\u0131ndaki bu mesafe neden bu kadar b\u00fcy\u00fck? Graeber\u2019in burada sundu\u011fu \u201cpar\u00e7alar\u201d, var olmayan ama var olmas\u0131 gereken bir bilimin taslaklar\u0131. Anar\u015fist Bir Antropolojiden Par\u00e7alar\u2019da Graeber \u201cmodern\u201d olmayan toplumlar\u0131n karar alma mekanizmalar\u0131n\u0131 mercek alt\u0131na al\u0131rken, Bat\u0131\u2019n\u0131n demokrasi ve oy anlay\u0131\u015f\u0131n\u0131n evrensel olmaktan ne kadar uzak oldu\u011funu a\u00e7\u0131\u011fa vuruyor. \u00c7o\u011funluk demokrasisinin hangi ko\u015fullarda i\u015fleyebilece\u011fini, hangi durumlarda ba\u015far\u0131s\u0131z oldu\u011funu ve alternatif kolektif karar alma bi\u00e7imlerinin neler sunabilece\u011fini irdeliyor. Bize genellikle demokrasinin \u2013t\u0131pk\u0131 bilim ve felsefe gibi\u2013 antik Atina\u2019da k\u00f6k sald\u0131\u011f\u0131 ve bunun bir Yunan icad\u0131 oldu\u011fu s\u00f6ylenir. Bunun ne anlama geldi\u011fi hi\u00e7bir zaman tamamen net olmam\u0131\u015ft\u0131r. Atinal\u0131lardan \u00f6nce hi\u00e7 kimsenin, hi\u00e7bir yerde, karar almak i\u00e7in topluluk \u00fcyelerini bir araya toplay\u0131p onlara bir \u015fekilde e\u015fit s\u00f6z hakk\u0131 vermedi\u011fine ger\u00e7ekten inanmam\u0131z m\u0131 gerekiyor?<\/p>\n","protected":false},"excerpt":{"rendered":"<p>Zaman\u0131m\u0131z\u0131n en \u00f6nemli antropologlar\u0131ndan David Graeber, elinizdeki kitapta s\u0131rad\u0131\u015f\u0131 bir soruyla yola \u00e7\u0131k\u0131yor: Neden anar\u015fistlerle antropologlar daha fazla diyalog i\u00e7inde de\u011filler? Her iki disiplin de hiyerar\u015fi,<span class=\"excerpt-hellip\"> [\u2026]<\/span><\/p>\n","protected":false},"featured_media":0,"template":"","meta":{"_monsterinsights_skip_tracking":false,"_monsterinsights_sitenote_active":false,"_monsterinsights_sitenote_note":"","_monsterinsights_sitenote_category":0},"product_brand":[],"product_cat":[12388,15536],"product_tag":[],"class_list":{"0":"post-779601","1":"product","2":"type-product","3":"status-publish","5":"product_cat-felsefe","6":"product_cat-siyaset-felsefesi","7":"pa_cilt-ciltsiz","8":"pa_tur-kitap","9":"pa_yayinevi-everest-yayinlari","10":"pa_yazar-david-graeber","12":"first","13":"instock","14":"sale","15":"shipping-taxable","16":"purchasable","17":"product-type-simple"},"_links":{"self":[{"href":"https:\/\/roveyayinevi.com.tr\/index.php\/wp-json\/wp\/v2\/product\/779601","targetHints":{"allow":["GET"]}}],"collection":[{"href":"https:\/\/roveyayinevi.com.tr\/index.php\/wp-json\/wp\/v2\/product"}],"about":[{"href":"https:\/\/roveyayinevi.com.tr\/index.php\/wp-json\/wp\/v2\/types\/product"}],"wp:attachment":[{"href":"https:\/\/roveyayinevi.com.tr\/index.php\/wp-json\/wp\/v2\/media?parent=779601"}],"wp:term":[{"taxonomy":"product_brand","embeddable":true,"href":"https:\/\/roveyayinevi.com.tr\/index.php\/wp-json\/wp\/v2\/product_brand?post=779601"},{"taxonomy":"product_cat","embeddable":true,"href":"https:\/\/roveyayinevi.com.tr\/index.php\/wp-json\/wp\/v2\/product_cat?post=779601"},{"taxonomy":"product_tag","embeddable":true,"href":"https:\/\/roveyayinevi.com.tr\/index.php\/wp-json\/wp\/v2\/product_tag?post=779601"}],"curies":[{"name":"wp","href":"https:\/\/api.w.org\/{rel}","templated":true}]}}