{"id":779600,"date":"2025-12-30T12:01:39","date_gmt":"2025-12-30T09:01:39","guid":{"rendered":"https:\/\/roveyayinevi.com.tr\/index.php\/urun\/teleskobumun-ucundaki-evren\/"},"modified":"2026-04-15T03:44:15","modified_gmt":"2026-04-15T00:44:15","slug":"teleskobumun-ucundaki-evren","status":"publish","type":"product","link":"https:\/\/roveyayinevi.com.tr\/index.php\/urun\/teleskobumun-ucundaki-evren\/","title":{"rendered":"Teleskobumun Ucundaki Evren"},"content":{"rendered":"<p>Uzay\u0131n S\u0131rlar\u0131n\u0131 \u00c7ocuklarla Ke\u015ffetmek \u0130\u00e7in Yepyeni Bir Seri Ba\u015fl\u0131yor!   T\u00fcrkiye\u2019nin \u00f6nde gelen astrofizik\u00e7ilerinden Dr. Umut Y\u0131ld\u0131z, k\u0131z\u0131 Duru ile birlikte &#8220;Teleskobumun Ucundaki Evren&#8221; adl\u0131 kitab\u0131yla \u00e7ocuklar\u0131 evrenin derinliklerine davet ediyor. Gelece\u011fin Bilim \u0130nsanlar\u0131na \u0130lham Veren Kitaplar adl\u0131 (10 Kitap) bu heyecan verici seri, \u00e7ocuklar\u0131n g\u00f6ky\u00fcz\u00fcne olan ilgilerini art\u0131rmay\u0131 ve uzay\u0131n gizemlerini e\u011flenceli bir \u015fekilde ke\u015ffetmelerini hedefliyor. Bilimsel do\u011fruluk ve hayal g\u00fcc\u00fcn\u00fcn birle\u015fti\u011fi bu seri, k\u00fc\u00e7\u00fck okurlar\u0131 evrenin b\u00fcy\u00fcl\u00fc d\u00fcnyas\u0131yla tan\u0131\u015ft\u0131r\u0131rken ayn\u0131 zamanda onlar\u0131 ke\u015ffetmeye, sorular sormaya ve kendi bilimsel yolculuklar\u0131na \u00e7\u0131kmaya te\u015fvik ediyor.   Dr. Umut Y\u0131ld\u0131z, NASA\u2019da y\u0131llarca uzay ara\u015ft\u0131rmalar\u0131 yapm\u0131\u015f bir bilim insan\u0131 olarak, evrenin karma\u015f\u0131k yap\u0131lar\u0131n\u0131 \u00e7ocuklara anla\u015f\u0131l\u0131r ve ilgi \u00e7ekici bir dille sunuyor. Uzay hakk\u0131nda bildiklerini, g\u00f6ky\u00fcz\u00fcne bakmay\u0131 seven her \u00e7ocu\u011fa merak ettikleri sorular\u0131 sorabilme f\u0131rsat\u0131 sunarak aktar\u0131rken; bir bilim insan\u0131n\u0131n bak\u0131\u015f a\u00e7\u0131s\u0131n\u0131 da her ya\u015ftan okura kazand\u0131rmay\u0131 ama\u00e7l\u0131yor.   Serinin ilk kitab\u0131, minik okurlar\u0131 y\u0131ld\u0131zlardan gezegenlere, galaksilerden uzay\u0131n ke\u015ffedilmeyi bekleyen di\u011fer s\u0131rlar\u0131na uzanan b\u00fcy\u00fcleyici bir yolculu\u011fa \u00e7\u0131kar\u0131yor. E\u011flenceli stickerlar ve enteresan bilgilerle, \u00e7ocuklara sadece astronomiyi \u00f6\u011fretmekle kalm\u0131yor; evrenin bilinmeyen k\u00f6\u015felerine dair sorular sormalar\u0131n\u0131 sa\u011flayarak bilimsel meraklar\u0131n\u0131 en y\u00fcksek seviyeye ta\u015f\u0131yor. Bu kitap, okurlar\u0131n\u0131 yaln\u0131zca astronomik bir ara\u015ft\u0131rmaya de\u011fil, ayn\u0131 zamanda ki\u015fisel bir ke\u015fif yolculu\u011funa davet ediyor. <\/p>\n","protected":false},"excerpt":{"rendered":"<p>Uzay\u0131n S\u0131rlar\u0131n\u0131 \u00c7ocuklarla Ke\u015ffetmek \u0130\u00e7in Yepyeni Bir Seri Ba\u015fl\u0131yor! T\u00fcrkiye\u2019nin \u00f6nde gelen astrofizik\u00e7ilerinden Dr. Umut Y\u0131ld\u0131z, k\u0131z\u0131 Duru ile birlikte &#8220;Teleskobumun Ucundaki Evren&#8221; adl\u0131 kitab\u0131yla \u00e7ocuklar\u0131<span class=\"excerpt-hellip\"> [\u2026]<\/span><\/p>\n","protected":false},"featured_media":0,"template":"","meta":{"_monsterinsights_skip_tracking":false,"_monsterinsights_sitenote_active":false,"_monsterinsights_sitenote_note":"","_monsterinsights_sitenote_category":0},"product_brand":[],"product_cat":[13829,12274],"product_tag":[],"class_list":{"0":"post-779600","1":"product","2":"type-product","3":"status-publish","5":"product_cat-bilimsel-kitaplar","6":"product_cat-cocuk-ve-genclik-kitaplari","7":"pa_cilt-ciltsiz","8":"pa_tur-kitap","9":"pa_yayinevi-odtu-gelistirme-vakfi-yayincilik","10":"pa_yazar-umut-yildiz","12":"first","13":"instock","14":"sale","15":"shipping-taxable","16":"purchasable","17":"product-type-simple"},"_links":{"self":[{"href":"https:\/\/roveyayinevi.com.tr\/index.php\/wp-json\/wp\/v2\/product\/779600","targetHints":{"allow":["GET"]}}],"collection":[{"href":"https:\/\/roveyayinevi.com.tr\/index.php\/wp-json\/wp\/v2\/product"}],"about":[{"href":"https:\/\/roveyayinevi.com.tr\/index.php\/wp-json\/wp\/v2\/types\/product"}],"wp:attachment":[{"href":"https:\/\/roveyayinevi.com.tr\/index.php\/wp-json\/wp\/v2\/media?parent=779600"}],"wp:term":[{"taxonomy":"product_brand","embeddable":true,"href":"https:\/\/roveyayinevi.com.tr\/index.php\/wp-json\/wp\/v2\/product_brand?post=779600"},{"taxonomy":"product_cat","embeddable":true,"href":"https:\/\/roveyayinevi.com.tr\/index.php\/wp-json\/wp\/v2\/product_cat?post=779600"},{"taxonomy":"product_tag","embeddable":true,"href":"https:\/\/roveyayinevi.com.tr\/index.php\/wp-json\/wp\/v2\/product_tag?post=779600"}],"curies":[{"name":"wp","href":"https:\/\/api.w.org\/{rel}","templated":true}]}}