{"id":779585,"date":"2025-12-30T12:00:51","date_gmt":"2025-12-30T09:00:51","guid":{"rendered":"https:\/\/roveyayinevi.com.tr\/index.php\/urun\/aci-gercek\/"},"modified":"2026-04-15T03:44:14","modified_gmt":"2026-04-15T00:44:14","slug":"aci-gercek","status":"publish","type":"product","link":"https:\/\/roveyayinevi.com.tr\/index.php\/urun\/aci-gercek\/","title":{"rendered":"Ac\u0131 Ger\u00e7ek"},"content":{"rendered":"<p>Ac\u0131 Ger\u00e7ekFacebook\u2019un  Hakimiyet Sava\u015f\u0131n\u0131n \u0130\u00e7y\u00fcz\u00fcSheera Frenkel, Cecilia KangNew York Times\u2019\u0131n \u00f6d\u00fcll\u00fc muhabirleri Sheera Frenkel ve Cecilia Kang, Facebook\u2019un itibar kaybetmesine yol a\u00e7an s\u00fcrecin perde arkas\u0131n\u0131 anlatan s\u00fcr\u00fckleyici bir ara\u015ft\u0131rmayla \u00e7a\u011f\u0131m\u0131z\u0131n en \u00f6nemli teknoloji olay\u0131n\u0131 g\u00fcn y\u00fcz\u00fcne \u00e7\u0131kar\u0131yorlar.Bir zamanlar Silikon Vadisi\u2019nin en g\u00f6z al\u0131c\u0131 ba\u015far\u0131 \u00f6yk\u00fclerinden birine imza atan Facebook, son y\u0131llarda b\u00fcy\u00fck skandallar ve tart\u0131\u015fmalarla \u00e7alkalan\u0131yor. Teknoloji devinin d\u00fcnyay\u0131 birbirine ba\u011flarken ayn\u0131 zamanda kullan\u0131c\u0131 verilerini usuls\u00fczce kulland\u0131\u011f\u0131, sahte haberler yayd\u0131\u011f\u0131 ve kutupla\u015ft\u0131r\u0131c\u0131 nefret s\u00f6ylemini k\u00f6r\u00fckledi\u011fi ortaya \u00e7\u0131kt\u0131.Y\u00f6netimin ald\u0131\u011f\u0131 kararlar bir\u00e7ok kriz yaratt\u0131. Kullan\u0131c\u0131lar ve kanun yap\u0131c\u0131lar gizlilik ihlalleri ve yanl\u0131\u015f bilgilendirme kar\u015f\u0131s\u0131nda \u00f6fkelenirken Facebook d\u00fcnyan\u0131n en a\u00e7g\u00f6zl\u00fc veri madencili\u011fi makinesi h\u00e2line gelerek muazzam k\u00e2rlar elde etti ve lobi faaliyetleriyle h\u00e2kimiyetini daha da peki\u015ftirdi.E\u015fsiz kaynaklardan yararlanan Frenkel ve Kang, \u015firket i\u00e7indeki ittifaklar\u0131 ve \u00e7at\u0131\u015fmalar\u0131 g\u00f6zler \u00f6n\u00fcne sererek bu \u201chatalar\u201d\u0131n asl\u0131nda plan\u0131n bir par\u00e7as\u0131 oldu\u011funu ortaya koyuyorlar. Ac\u0131 Ger\u00e7ek, Facebook\u2019un nas\u0131l bu h\u00e2le geldi\u011fini anlat\u0131rken sorumlular\u0131n da kim oldu\u011funu g\u00f6steriyor.YILIN KITABIFortune &#8211; Foreign Affairs &#8211; The Times (London) &#8211; Cosmopolitan,TechCrunch &#8211; WIRED<\/p>\n","protected":false},"excerpt":{"rendered":"<p>Ac\u0131 Ger\u00e7ekFacebook\u2019un Hakimiyet Sava\u015f\u0131n\u0131n \u0130\u00e7y\u00fcz\u00fcSheera Frenkel, Cecilia KangNew York Times\u2019\u0131n \u00f6d\u00fcll\u00fc muhabirleri Sheera Frenkel ve Cecilia Kang, Facebook\u2019un itibar kaybetmesine yol a\u00e7an s\u00fcrecin perde arkas\u0131n\u0131 anlatan<span class=\"excerpt-hellip\"> [\u2026]<\/span><\/p>\n","protected":false},"featured_media":0,"template":"","meta":{"_monsterinsights_skip_tracking":false,"_monsterinsights_sitenote_active":false,"_monsterinsights_sitenote_note":"","_monsterinsights_sitenote_category":0},"product_brand":[],"product_cat":[15983,13488],"product_tag":[],"class_list":{"0":"post-779585","1":"product","2":"type-product","3":"status-publish","5":"product_cat-iletisim-ve-medya","6":"product_cat-toplum-ve-insan","7":"pa_cilt-ciltsiz","8":"pa_tur-kitap","9":"pa_yayinevi-barometre","10":"pa_yazar-sheera-frenkel-cecilia-kang","12":"first","13":"instock","14":"sale","15":"shipping-taxable","16":"purchasable","17":"product-type-simple"},"_links":{"self":[{"href":"https:\/\/roveyayinevi.com.tr\/index.php\/wp-json\/wp\/v2\/product\/779585","targetHints":{"allow":["GET"]}}],"collection":[{"href":"https:\/\/roveyayinevi.com.tr\/index.php\/wp-json\/wp\/v2\/product"}],"about":[{"href":"https:\/\/roveyayinevi.com.tr\/index.php\/wp-json\/wp\/v2\/types\/product"}],"wp:attachment":[{"href":"https:\/\/roveyayinevi.com.tr\/index.php\/wp-json\/wp\/v2\/media?parent=779585"}],"wp:term":[{"taxonomy":"product_brand","embeddable":true,"href":"https:\/\/roveyayinevi.com.tr\/index.php\/wp-json\/wp\/v2\/product_brand?post=779585"},{"taxonomy":"product_cat","embeddable":true,"href":"https:\/\/roveyayinevi.com.tr\/index.php\/wp-json\/wp\/v2\/product_cat?post=779585"},{"taxonomy":"product_tag","embeddable":true,"href":"https:\/\/roveyayinevi.com.tr\/index.php\/wp-json\/wp\/v2\/product_tag?post=779585"}],"curies":[{"name":"wp","href":"https:\/\/api.w.org\/{rel}","templated":true}]}}