{"id":779582,"date":"2025-12-30T12:00:42","date_gmt":"2025-12-30T09:00:42","guid":{"rendered":"https:\/\/roveyayinevi.com.tr\/index.php\/urun\/big-block-books-disaridaki-hayat-out-and-about-ciltli\/"},"modified":"2026-04-15T03:44:14","modified_gmt":"2026-04-15T00:44:14","slug":"big-block-books-disaridaki-hayat-out-and-about-ciltli","status":"publish","type":"product","link":"https:\/\/roveyayinevi.com.tr\/index.php\/urun\/big-block-books-disaridaki-hayat-out-and-about-ciltli\/","title":{"rendered":"Big Block Books &#8211; D\u0131\u015far\u0131daki Hayat (Out and About) (Ciltli)"},"content":{"rendered":"<p>Bah\u00e7eden parka, denizden g\u00f6ky\u00fcz\u00fcne 50 do\u011fa kavram\u0131!D\u0131\u015far\u0131daki Hayat, \u00e7ocuklar\u0131 do\u011fan\u0131n b\u00fcy\u00fcl\u00fc d\u00fcnyas\u0131na davet ediyor. Park, bah\u00e7e, g\u00f6ky\u00fcz\u00fc, deniz ve daha pek \u00e7ok do\u011fal \u00f6geyi T\u00fcrk\u00e7e ve \u0130ngilizce olarak \u00f6\u011frenen minikler, \u00e7evrelerini ke\u015ffederken kelime hazinelerini geni\u015fletiyor.Dayan\u0131kl\u0131 karton sayfalar, yuvarlat\u0131lm\u0131\u015f k\u00f6\u015feler ve reng\u00e2renk ill\u00fcstrasyonlarla haz\u0131rlanan bu kitap, hem g\u00fcvenli hem de \u00f6\u011fretici. D\u0131\u015far\u0131daki Hayat, \u00e7ocuklar\u0131n do\u011faya kar\u015f\u0131 merak\u0131n\u0131 ve sevgisini art\u0131r\u0131rken dil \u00f6\u011frenmeyi de e\u011flenceli bir ke\u015ffe d\u00f6n\u00fc\u015ft\u00fcr\u00fcyor.<\/p>\n","protected":false},"excerpt":{"rendered":"<p>Bah\u00e7eden parka, denizden g\u00f6ky\u00fcz\u00fcne 50 do\u011fa kavram\u0131!D\u0131\u015far\u0131daki Hayat, \u00e7ocuklar\u0131 do\u011fan\u0131n b\u00fcy\u00fcl\u00fc d\u00fcnyas\u0131na davet ediyor. Park, bah\u00e7e, g\u00f6ky\u00fcz\u00fc, deniz ve daha pek \u00e7ok do\u011fal \u00f6geyi T\u00fcrk\u00e7e ve<span class=\"excerpt-hellip\"> [\u2026]<\/span><\/p>\n","protected":false},"featured_media":0,"template":"","meta":{"_monsterinsights_skip_tracking":false,"_monsterinsights_sitenote_active":false,"_monsterinsights_sitenote_note":"","_monsterinsights_sitenote_category":0},"product_brand":[],"product_cat":[12274,12518],"product_tag":[],"class_list":{"0":"post-779582","1":"product","2":"type-product","3":"status-publish","5":"product_cat-cocuk-ve-genclik-kitaplari","6":"product_cat-okul-oncesi-kitaplar","7":"pa_cilt-ciltli","8":"pa_tur-kitap","9":"pa_yayinevi-ucan-fil-yayinlari","10":"pa_yazar-kolektif","12":"first","13":"instock","14":"sale","15":"shipping-taxable","16":"purchasable","17":"product-type-simple"},"_links":{"self":[{"href":"https:\/\/roveyayinevi.com.tr\/index.php\/wp-json\/wp\/v2\/product\/779582","targetHints":{"allow":["GET"]}}],"collection":[{"href":"https:\/\/roveyayinevi.com.tr\/index.php\/wp-json\/wp\/v2\/product"}],"about":[{"href":"https:\/\/roveyayinevi.com.tr\/index.php\/wp-json\/wp\/v2\/types\/product"}],"wp:attachment":[{"href":"https:\/\/roveyayinevi.com.tr\/index.php\/wp-json\/wp\/v2\/media?parent=779582"}],"wp:term":[{"taxonomy":"product_brand","embeddable":true,"href":"https:\/\/roveyayinevi.com.tr\/index.php\/wp-json\/wp\/v2\/product_brand?post=779582"},{"taxonomy":"product_cat","embeddable":true,"href":"https:\/\/roveyayinevi.com.tr\/index.php\/wp-json\/wp\/v2\/product_cat?post=779582"},{"taxonomy":"product_tag","embeddable":true,"href":"https:\/\/roveyayinevi.com.tr\/index.php\/wp-json\/wp\/v2\/product_tag?post=779582"}],"curies":[{"name":"wp","href":"https:\/\/api.w.org\/{rel}","templated":true}]}}