{"id":779577,"date":"2025-12-30T12:00:31","date_gmt":"2025-12-30T09:00:31","guid":{"rendered":"https:\/\/roveyayinevi.com.tr\/index.php\/urun\/milenaya-mektuplar-19\/"},"modified":"2026-04-15T03:44:14","modified_gmt":"2026-04-15T00:44:14","slug":"milenaya-mektuplar-19","status":"publish","type":"product","link":"https:\/\/roveyayinevi.com.tr\/index.php\/urun\/milenaya-mektuplar-19\/","title":{"rendered":"Milena\u2019ya Mektuplar"},"content":{"rendered":"<p>Milena\u2019ya Mektuplar, yaln\u0131zca bir a\u015fk\u0131n tan\u0131kl\u0131\u011f\u0131 de\u011fil, ayn\u0131 zamanda bir ruhun i\u00e7 \u00e7eki\u015flerinin, bir insan\u0131n kelimelerle var olma \u00e7abas\u0131n\u0131n b\u00fcy\u00fcleyici kay\u0131tlar\u0131d\u0131r. Franz Kafka\u2019n\u0131n i\u00e7 d\u00fcnyas\u0131n\u0131n en \u00e7\u0131plak, en k\u0131r\u0131lgan ve en insani haliyle a\u00e7\u0131\u011fa \u00e7\u0131kt\u0131\u011f\u0131 bu mektuplar, okuru derinden sars\u0131p \u015fu soruyu sordurur: Sevgi, ger\u00e7ekten de sadece yan yana olmak m\u0131d\u0131r; yoksa iki ruhun, hi\u00e7bir zaman tam olarak bulu\u015famayaca\u011f\u0131n\u0131 bile bile birbirine yazmas\u0131 m\u0131? *** \u0130nsanlar bug\u00fcne dek beni hi\u00e7 yan\u0131ltmad\u0131lar ama mektuplar hep yan\u0131ltt\u0131; i\u015fin ilginci, ba\u015fkalar\u0131n\u0131n yazd\u0131\u011f\u0131 de\u011fil, kendi yazd\u0131klar\u0131m. Bu, benim durumumda \u00fczerinde daha fazla konu\u015fmak istemedi\u011fim, farkl\u0131 ama ayn\u0131 zamanda genel bir talihsizlik. Sadece teorik a\u00e7\u0131dan bak\u0131ld\u0131\u011f\u0131nda mektup yazabilmenin kolayl\u0131\u011f\u0131 d\u00fcnyada ruhlar\u0131n korkun\u00e7 bi\u00e7imde par\u00e7alanmas\u0131na yol a\u00e7m\u0131\u015f olmal\u0131. Bu, hayaletlerle ili\u015fkiye girmektir, hem de sadece al\u0131c\u0131n\u0131n hayaletiyle de\u011fil, mektubu yazan elin alt\u0131nda ya da bir mektubun di\u011ferini do\u011frulad\u0131\u011f\u0131 ve tan\u0131k olarak g\u00f6sterilebildi\u011fi yerde bir dizi mektubun geli\u015ftirdi\u011fi, kendi hayaletimizle de ili\u015fkiye girmektir. \u0130nsanlar birbirleriyle mektupla ileti\u015fim kurabilecekleri d\u00fc\u015f\u00fcncesine nereden kap\u0131ld\u0131lar! Uzaktaki bir insan\u0131 d\u00fc\u015f\u00fcnebilir, yak\u0131ndaki insana dokunabiliriz, bunun d\u0131\u015f\u0131nda her \u015fey insan g\u00fcc\u00fcn\u00fcn \u00f6tesindedir. Ama mektup yazmak a\u00e7g\u00f6zl\u00fcl\u00fckle bekleyen hayaletler taraf\u0131ndan soyulmak demektir. Yaz\u0131l\u0131 \u00f6p\u00fcc\u00fckler yerlerine ula\u015fmaz, aksine hayaletler taraf\u0131ndan yolda i\u00e7ilip bitirilirler.<\/p>\n","protected":false},"excerpt":{"rendered":"<p>Milena\u2019ya Mektuplar, yaln\u0131zca bir a\u015fk\u0131n tan\u0131kl\u0131\u011f\u0131 de\u011fil, ayn\u0131 zamanda bir ruhun i\u00e7 \u00e7eki\u015flerinin, bir insan\u0131n kelimelerle var olma \u00e7abas\u0131n\u0131n b\u00fcy\u00fcleyici kay\u0131tlar\u0131d\u0131r. Franz Kafka\u2019n\u0131n i\u00e7 d\u00fcnyas\u0131n\u0131n en<span class=\"excerpt-hellip\"> [\u2026]<\/span><\/p>\n","protected":false},"featured_media":0,"template":"","meta":{"_monsterinsights_skip_tracking":false,"_monsterinsights_sitenote_active":false,"_monsterinsights_sitenote_note":"","_monsterinsights_sitenote_category":0},"product_brand":[],"product_cat":[12291,12711],"product_tag":[],"class_list":{"0":"post-779577","1":"product","2":"type-product","3":"status-publish","5":"product_cat-edebiyat","6":"product_cat-roman-oyku","7":"pa_cilt-ciltsiz","8":"pa_tur-kitap","9":"pa_yayinevi-everest-yayinlari","10":"pa_yazar-franz-kafka","12":"first","13":"instock","14":"sale","15":"shipping-taxable","16":"purchasable","17":"product-type-simple"},"_links":{"self":[{"href":"https:\/\/roveyayinevi.com.tr\/index.php\/wp-json\/wp\/v2\/product\/779577","targetHints":{"allow":["GET"]}}],"collection":[{"href":"https:\/\/roveyayinevi.com.tr\/index.php\/wp-json\/wp\/v2\/product"}],"about":[{"href":"https:\/\/roveyayinevi.com.tr\/index.php\/wp-json\/wp\/v2\/types\/product"}],"wp:attachment":[{"href":"https:\/\/roveyayinevi.com.tr\/index.php\/wp-json\/wp\/v2\/media?parent=779577"}],"wp:term":[{"taxonomy":"product_brand","embeddable":true,"href":"https:\/\/roveyayinevi.com.tr\/index.php\/wp-json\/wp\/v2\/product_brand?post=779577"},{"taxonomy":"product_cat","embeddable":true,"href":"https:\/\/roveyayinevi.com.tr\/index.php\/wp-json\/wp\/v2\/product_cat?post=779577"},{"taxonomy":"product_tag","embeddable":true,"href":"https:\/\/roveyayinevi.com.tr\/index.php\/wp-json\/wp\/v2\/product_tag?post=779577"}],"curies":[{"name":"wp","href":"https:\/\/api.w.org\/{rel}","templated":true}]}}