{"id":779574,"date":"2025-12-30T12:00:22","date_gmt":"2025-12-30T09:00:22","guid":{"rendered":"https:\/\/roveyayinevi.com.tr\/index.php\/urun\/her-cephede-savastik\/"},"modified":"2026-04-15T03:44:14","modified_gmt":"2026-04-15T00:44:14","slug":"her-cephede-savastik","status":"publish","type":"product","link":"https:\/\/roveyayinevi.com.tr\/index.php\/urun\/her-cephede-savastik\/","title":{"rendered":"Her Cephede Sava\u015ft\u0131k"},"content":{"rendered":"<p>\u201c\u0130kinci D\u00fcnya Sava\u015f\u0131\u2019nda tarafs\u0131z kald\u0131k\u201d s\u0131k\u00e7a yinelenen bir ifadedir. Peki, bu sava\u015fta iki y\u00fcz binden fazla T\u00fcrk\u2019\u00fcn \u00f6ld\u00fc\u011f\u00fcn\u00fc biliyor muydunuz? Ya da T\u00fcrkiye Cumhuriyeti\u2019nin s\u0131cak sava\u015fta a\u00e7\u0131k taraf olmamas\u0131, farkl\u0131 co\u011frafyalara da\u011f\u0131lm\u0131\u015f T\u00fcrklerin sava\u015fa kat\u0131lmad\u0131\u011f\u0131 anlam\u0131na m\u0131 geliyor? Cengiz \u00d6zkarabekir, \u00fclkemizde pek bilinmeyen, T\u00fcrklerin \u0130kinci D\u00fcnya Sava\u015f\u0131\u2019ndaki rol\u00fcne dair \u00f6nc\u00fc bir \u00e7al\u0131\u015fmayla kar\u015f\u0131n\u0131za \u00e7\u0131k\u0131yor. Her Cephede Sava\u015ft\u0131k, unutulmaya y\u00fcz tutmu\u015f tarihi yeniden g\u00fcn \u0131\u015f\u0131\u011f\u0131na \u00e7\u0131kar\u0131yor. \u0130\u015fsizlikle s\u0131nanan K\u0131br\u0131sl\u0131 T\u00fcrklerin \u0130ngiliz ordusuna yaz\u0131lmas\u0131ndan Yunan ordusu saflar\u0131nda sava\u015fan Bat\u0131 Trakya T\u00fcrklerine; K\u0131z\u0131l Ordu saflar\u0131nda Alman i\u015fgaline direnen Ah\u0131ska T\u00fcrklerinden Nazilerin esir etti\u011fi, \u00f6l\u00fcm kamplar\u0131nda s\u00f6m\u00fcrd\u00fc\u011f\u00fc T\u00fcrklere; dahas\u0131 sava\u015f tedbirleri dolay\u0131s\u0131yla T\u00fcrkiye\u2019de cephe gerisinde salg\u0131n hastal\u0131klardan, yetersiz beslenmeden kaybetti\u011fimiz askerlerimize\u2026 \u0130kinci D\u00fcnya Sava\u015f\u0131\u2019nda cephede yer alan, hatta esir d\u00fc\u015fen T\u00fcrklerle yap\u0131lan s\u00f6yle\u015filerle zenginle\u015fen bu kitap, salt bir \u201ctarih\u201d \u00e7al\u0131\u015fmas\u0131 olman\u0131n \u00f6tesinde belgesel derinli\u011fiyle ilgi \u00e7ekici bir bi\u00e7ime b\u00fcr\u00fcn\u00fcyor. <\/p>\n","protected":false},"excerpt":{"rendered":"<p>\u201c\u0130kinci D\u00fcnya Sava\u015f\u0131\u2019nda tarafs\u0131z kald\u0131k\u201d s\u0131k\u00e7a yinelenen bir ifadedir. Peki, bu sava\u015fta iki y\u00fcz binden fazla T\u00fcrk\u2019\u00fcn \u00f6ld\u00fc\u011f\u00fcn\u00fc biliyor muydunuz? Ya da T\u00fcrkiye Cumhuriyeti\u2019nin s\u0131cak sava\u015fta<span class=\"excerpt-hellip\"> [\u2026]<\/span><\/p>\n","protected":false},"featured_media":0,"template":"","meta":{"_monsterinsights_skip_tracking":false,"_monsterinsights_sitenote_active":false,"_monsterinsights_sitenote_note":"","_monsterinsights_sitenote_category":0},"product_brand":[],"product_cat":[12370,12304],"product_tag":[],"class_list":{"0":"post-779574","1":"product","2":"type-product","3":"status-publish","5":"product_cat-arastirma-inceleme","6":"product_cat-tarih","7":"pa_cilt-ciltsiz","8":"pa_tur-kitap","9":"pa_yayinevi-kirmizi-kedi-yayinevi","10":"pa_yazar-cengiz-ozkarabekir","12":"first","13":"instock","14":"sale","15":"shipping-taxable","16":"purchasable","17":"product-type-simple"},"_links":{"self":[{"href":"https:\/\/roveyayinevi.com.tr\/index.php\/wp-json\/wp\/v2\/product\/779574","targetHints":{"allow":["GET"]}}],"collection":[{"href":"https:\/\/roveyayinevi.com.tr\/index.php\/wp-json\/wp\/v2\/product"}],"about":[{"href":"https:\/\/roveyayinevi.com.tr\/index.php\/wp-json\/wp\/v2\/types\/product"}],"wp:attachment":[{"href":"https:\/\/roveyayinevi.com.tr\/index.php\/wp-json\/wp\/v2\/media?parent=779574"}],"wp:term":[{"taxonomy":"product_brand","embeddable":true,"href":"https:\/\/roveyayinevi.com.tr\/index.php\/wp-json\/wp\/v2\/product_brand?post=779574"},{"taxonomy":"product_cat","embeddable":true,"href":"https:\/\/roveyayinevi.com.tr\/index.php\/wp-json\/wp\/v2\/product_cat?post=779574"},{"taxonomy":"product_tag","embeddable":true,"href":"https:\/\/roveyayinevi.com.tr\/index.php\/wp-json\/wp\/v2\/product_tag?post=779574"}],"curies":[{"name":"wp","href":"https:\/\/api.w.org\/{rel}","templated":true}]}}