{"id":779570,"date":"2025-12-30T12:00:14","date_gmt":"2025-12-30T09:00:14","guid":{"rendered":"https:\/\/roveyayinevi.com.tr\/index.php\/urun\/siyasal-guvenlik\/"},"modified":"2026-04-15T03:44:14","modified_gmt":"2026-04-15T00:44:14","slug":"siyasal-guvenlik","status":"publish","type":"product","link":"https:\/\/roveyayinevi.com.tr\/index.php\/urun\/siyasal-guvenlik\/","title":{"rendered":"Siyasal G\u00fcvenlik"},"content":{"rendered":"<p>Modern devletin ve iktidar ili\u015fkilerinin ortaya \u00e7\u0131kmas\u0131yla beraber egemenin g\u00fcvenli\u011fi \u00fczerinden \u015fekillenen g\u00fcvenlik kavram\u0131 tarih boyunca devletlerin merkezde oldu\u011fu siyasi-askeri bak\u0131\u015f a\u00e7\u0131s\u0131 taraf\u0131ndan \u015fekillendi. Tahtlar\u0131n, ulus-devletlerin ve uluslararas\u0131 sistemin g\u00fcvenli\u011fi siyasi tarihi \u015fekillendirirken uluslararas\u0131 politikada ya\u015fanan g\u00fcncel geli\u015fmelerin tespit ve tahlil edilmesinde geleneksel g\u00fcvenlik anlay\u0131\u015f\u0131n\u0131n yeterli olmad\u0131\u011f\u0131 g\u00f6r\u00fcld\u00fc. G\u00fcn\u00fcm\u00fczde g\u00fcvenlik kavram\u0131 devlet d\u0131\u015f\u0131 akt\u00f6rleri ve siyasi, askeri, ekonomik, toplumsal ve \u00e7evresel sekt\u00f6rleri kapsayacak \u015fekilde derinle\u015fip geni\u015fledi. Bu ba\u011flamda g\u00fcvenli\u011fin daha kapsaml\u0131 ve karma\u015f\u0131k hale gelen yap\u0131s\u0131n\u0131 b\u00fct\u00fcnc\u00fcl bir g\u00fcvenlik yakla\u015f\u0131m\u0131yla anlamland\u0131rmak ve a\u00e7\u0131klamak ad\u0131na Siyasal G\u00fcvenlik yakla\u015f\u0131m\u0131 \u00f6nemli bir yere sahiptir. Siyasal G\u00fcvenlik devletleri g\u00fcvenli\u011fin ba\u015fat egemen akt\u00f6rleri olarak kabul ederken dini, etnik ve k\u00fclt\u00fcrel topluluklar gibi devlet alt\u0131 siyasi akt\u00f6rlerin haricinde uluslararas\u0131 siyasi \u00f6rg\u00fctler, uluslararas\u0131 siyasi sistemler ve hatta sisteme ait unsurlar devlet \u00fcst\u00fc d\u00fczeyde g\u00fcvenli\u011fin nesnesi haline getirilebilmektedir. Tehditlerin g\u00fcvenlikle\u015ftirildi\u011fi ya da g\u00fcvenlik-d\u0131\u015f\u0131la\u015ft\u0131r\u0131ld\u0131\u011f\u0131 s\u00fcre\u00e7leri kapsaml\u0131 ve teknik bi\u00e7imde de\u011ferlendirerek ilgili akt\u00f6rler ve siyasi s\u00fcre\u00e7ler \u00fczerinden \u00f6nemli tespitler yapmay\u0131 m\u00fcmk\u00fcn k\u0131lar. Teorik olarak farkl\u0131 akt\u00f6r ve sekt\u00f6rleri de g\u00fcvenlik \u015femsiyesine dahil ederken mevcut geli\u015fmeleri anlamland\u0131rmak ve a\u00e7\u0131klamak ad\u0131na \u00e7\u00f6z\u00fcmleyici, kapsaml\u0131 ve sistematik bir bak\u0131\u015f a\u00e7\u0131s\u0131 sunar. Pratik a\u00e7\u0131dan ise siyasi akt\u00f6rler \u00fczerinde detayl\u0131 analizleri m\u00fcmk\u00fcn k\u0131larken \u00e7e\u015fitli akt\u00f6r ve sekt\u00f6rlere dayal\u0131 politikalar\u0131n \u00fcretilmesini detayl\u0131 ve sistematik analizler ile kolayla\u015ft\u0131r\u0131r. <\/p>\n","protected":false},"excerpt":{"rendered":"<p>Modern devletin ve iktidar ili\u015fkilerinin ortaya \u00e7\u0131kmas\u0131yla beraber egemenin g\u00fcvenli\u011fi \u00fczerinden \u015fekillenen g\u00fcvenlik kavram\u0131 tarih boyunca devletlerin merkezde oldu\u011fu siyasi-askeri bak\u0131\u015f a\u00e7\u0131s\u0131 taraf\u0131ndan \u015fekillendi. Tahtlar\u0131n, ulus-devletlerin<span class=\"excerpt-hellip\"> [\u2026]<\/span><\/p>\n","protected":false},"featured_media":0,"template":"","meta":{"_monsterinsights_skip_tracking":false,"_monsterinsights_sitenote_active":false,"_monsterinsights_sitenote_note":"","_monsterinsights_sitenote_category":0},"product_brand":[],"product_cat":[12337,17225],"product_tag":[],"class_list":{"0":"post-779570","1":"product","2":"type-product","3":"status-publish","5":"product_cat-politika-siyaset","6":"product_cat-uluslararasi-iliskiler","7":"pa_cilt-ciltsiz","8":"pa_tur-kitap","9":"pa_yayinevi-astana-yayinlari","10":"pa_yazar-ruhi-pehlivancik","12":"first","13":"instock","14":"sale","15":"shipping-taxable","16":"purchasable","17":"product-type-simple"},"_links":{"self":[{"href":"https:\/\/roveyayinevi.com.tr\/index.php\/wp-json\/wp\/v2\/product\/779570","targetHints":{"allow":["GET"]}}],"collection":[{"href":"https:\/\/roveyayinevi.com.tr\/index.php\/wp-json\/wp\/v2\/product"}],"about":[{"href":"https:\/\/roveyayinevi.com.tr\/index.php\/wp-json\/wp\/v2\/types\/product"}],"wp:attachment":[{"href":"https:\/\/roveyayinevi.com.tr\/index.php\/wp-json\/wp\/v2\/media?parent=779570"}],"wp:term":[{"taxonomy":"product_brand","embeddable":true,"href":"https:\/\/roveyayinevi.com.tr\/index.php\/wp-json\/wp\/v2\/product_brand?post=779570"},{"taxonomy":"product_cat","embeddable":true,"href":"https:\/\/roveyayinevi.com.tr\/index.php\/wp-json\/wp\/v2\/product_cat?post=779570"},{"taxonomy":"product_tag","embeddable":true,"href":"https:\/\/roveyayinevi.com.tr\/index.php\/wp-json\/wp\/v2\/product_tag?post=779570"}],"curies":[{"name":"wp","href":"https:\/\/api.w.org\/{rel}","templated":true}]}}