{"id":779559,"date":"2025-12-30T11:59:49","date_gmt":"2025-12-30T08:59:49","guid":{"rendered":"https:\/\/roveyayinevi.com.tr\/index.php\/urun\/iyi-dusun-iyi-hisset-iyi-ol\/"},"modified":"2026-04-15T03:44:14","modified_gmt":"2026-04-15T00:44:14","slug":"iyi-dusun-iyi-hisset-iyi-ol","status":"publish","type":"product","link":"https:\/\/roveyayinevi.com.tr\/index.php\/urun\/iyi-dusun-iyi-hisset-iyi-ol\/","title":{"rendered":"\u0130yi D\u00fc\u015f\u00fcn, \u0130yi Hisset, \u0130yi Ol"},"content":{"rendered":"<p>Bu kitap d\u00fc\u015f\u00fcnmeyi de\u011fil, \u201cdo\u011fru d\u00fc\u015f\u00fcnmeyi\u201d \u00f6\u011fretiyor! \u201cBen zaten yapamam ki!\u201d \u201cNe yapsam i\u015fe yaram\u0131yor.\u201d \u201cHer \u015fey hep beni buluyor!\u201d Bu c\u00fcmleler basit birer d\u00fc\u015f\u00fcnce gibi g\u00f6r\u00fcnebilir, oysa beynimiz d\u00fc\u015f\u00fcnceleri ger\u00e7ekmi\u015f gibi kaydeder ve onu ya\u015famaya ba\u015flar. \u201cBa\u015far\u0131s\u0131z olaca\u011f\u0131m\u201d diye d\u00fc\u015f\u00fcnenler, ba\u015faramaz. Her \u015feyin hep kendini buldu\u011funa inananlar, s\u00fcrekli olumsuz durumlar ya\u015far. Ne yapsa i\u015fe yaramad\u0131\u011f\u0131 d\u00fc\u015f\u00fcncesine sar\u0131lanlar, azim ve gayretle \u00e7al\u0131\u015famaz. \u0130\u015fte bu kitap bizi, olumsuz d\u00fc\u015f\u00fcnceden olumlu d\u00fc\u015f\u00fcnceye ta\u015f\u0131yor! D\u00fc\u015f\u00fcncelerimiz de\u011fi\u015ftik\u00e7e hayat\u0131m\u0131z da de\u011fi\u015fiyor! T\u00fcrkiye\u2019yi &#8220;pozitif psikoloji&#8221;yle tan\u0131\u015ft\u0131ran Prof. Dr. Nevzat Tarhan, \u201c\u0130yi D\u00fc\u015f\u00fcn, \u0130yi Hisset, \u0130yi Ol\u201d kitab\u0131nda bu k\u00f6t\u00fcc\u00fcl i\u00e7 sesi d\u00f6n\u00fc\u015ft\u00fcrmenin bilimsel yollar\u0131n\u0131 anlat\u0131yor. Bir d\u00fc\u015f\u00fcnceyi de\u011fi\u015ftirmek, bir hayat\u0131 de\u011fi\u015ftirebilir. De\u011fi\u015fen o hayat, neden sizinki olmas\u0131n? <\/p>\n","protected":false},"excerpt":{"rendered":"<p>Bu kitap d\u00fc\u015f\u00fcnmeyi de\u011fil, \u201cdo\u011fru d\u00fc\u015f\u00fcnmeyi\u201d \u00f6\u011fretiyor! \u201cBen zaten yapamam ki!\u201d \u201cNe yapsam i\u015fe yaram\u0131yor.\u201d \u201cHer \u015fey hep beni buluyor!\u201d Bu c\u00fcmleler basit birer d\u00fc\u015f\u00fcnce gibi<span class=\"excerpt-hellip\"> [\u2026]<\/span><\/p>\n","protected":false},"featured_media":0,"template":"","meta":{"_monsterinsights_skip_tracking":false,"_monsterinsights_sitenote_active":false,"_monsterinsights_sitenote_note":"","_monsterinsights_sitenote_category":0},"product_brand":[],"product_cat":[12357],"product_tag":[],"class_list":{"0":"post-779559","1":"product","2":"type-product","3":"status-publish","5":"product_cat-psikoloji","6":"pa_cilt-ciltsiz","7":"pa_tur-kitap","8":"pa_yayinevi-aile-yayinlari","9":"pa_yazar-nevzat-tarhan","11":"first","12":"instock","13":"sale","14":"shipping-taxable","15":"purchasable","16":"product-type-simple"},"_links":{"self":[{"href":"https:\/\/roveyayinevi.com.tr\/index.php\/wp-json\/wp\/v2\/product\/779559","targetHints":{"allow":["GET"]}}],"collection":[{"href":"https:\/\/roveyayinevi.com.tr\/index.php\/wp-json\/wp\/v2\/product"}],"about":[{"href":"https:\/\/roveyayinevi.com.tr\/index.php\/wp-json\/wp\/v2\/types\/product"}],"wp:attachment":[{"href":"https:\/\/roveyayinevi.com.tr\/index.php\/wp-json\/wp\/v2\/media?parent=779559"}],"wp:term":[{"taxonomy":"product_brand","embeddable":true,"href":"https:\/\/roveyayinevi.com.tr\/index.php\/wp-json\/wp\/v2\/product_brand?post=779559"},{"taxonomy":"product_cat","embeddable":true,"href":"https:\/\/roveyayinevi.com.tr\/index.php\/wp-json\/wp\/v2\/product_cat?post=779559"},{"taxonomy":"product_tag","embeddable":true,"href":"https:\/\/roveyayinevi.com.tr\/index.php\/wp-json\/wp\/v2\/product_tag?post=779559"}],"curies":[{"name":"wp","href":"https:\/\/api.w.org\/{rel}","templated":true}]}}