{"id":779528,"date":"2025-12-30T11:58:30","date_gmt":"2025-12-30T08:58:30","guid":{"rendered":"https:\/\/roveyayinevi.com.tr\/index.php\/urun\/olum-agaci-oluler-diyarinin-meyvesi-1\/"},"modified":"2026-04-15T03:44:13","modified_gmt":"2026-04-15T00:44:13","slug":"olum-agaci-oluler-diyarinin-meyvesi-1","status":"publish","type":"product","link":"https:\/\/roveyayinevi.com.tr\/index.php\/urun\/olum-agaci-oluler-diyarinin-meyvesi-1\/","title":{"rendered":"\u00d6l\u00fcm A\u011fac\u0131: \u00d6l\u00fcler Diyar\u0131n\u0131n Meyvesi 1"},"content":{"rendered":"<p>EBED\u0130 YA\u015eAMLA LANETLENM\u0130\u015e B\u0130R \u0130NSAN \u0130LE \u00d6L\u00dcM TANRISI&#8217;NIN DESTANSI M\u00dcCADELES\u0130!..   ESK\u0130 POL\u0130S MEMURU NAWA, A\u0130LES\u0130N\u0130 KAYBETM\u0130\u015e OLMANIN ACISIYLA HERKESTEN UZAK YA\u015eAMAKTADIR. B\u0130R G\u00dcN, YOMOTSUHEGU\u0130 A\u011eACININ \u00d6L\u00dcMS\u00dcZL\u00dcK MEYVES\u0130N\u0130 G\u0130ZL\u0130CE KULLANAN &#8220;\u00d6L\u00dcMS\u00dcZLER&#8221; \u0130LE TANI\u015eIR. BU KAR\u015eILA\u015eMA, NAWA&#8217;YI \u00d6L\u00dcM TANRISI REN \u0130LE B\u0130RL\u0130KTE APANSIZ B\u0130R MACERAYA S\u00dcR\u00dcKLER&#8230; <\/p>\n","protected":false},"excerpt":{"rendered":"<p>EBED\u0130 YA\u015eAMLA LANETLENM\u0130\u015e B\u0130R \u0130NSAN \u0130LE \u00d6L\u00dcM TANRISI&#8217;NIN DESTANSI M\u00dcCADELES\u0130!.. ESK\u0130 POL\u0130S MEMURU NAWA, A\u0130LES\u0130N\u0130 KAYBETM\u0130\u015e OLMANIN ACISIYLA HERKESTEN UZAK YA\u015eAMAKTADIR. B\u0130R G\u00dcN, YOMOTSUHEGU\u0130 A\u011eACININ \u00d6L\u00dcMS\u00dcZL\u00dcK<span class=\"excerpt-hellip\"> [\u2026]<\/span><\/p>\n","protected":false},"featured_media":0,"template":"","meta":{"_monsterinsights_skip_tracking":false,"_monsterinsights_sitenote_active":false,"_monsterinsights_sitenote_note":"","_monsterinsights_sitenote_category":0},"product_brand":[],"product_cat":[12416,12291],"product_tag":[],"class_list":{"0":"post-779528","1":"product","2":"type-product","3":"status-publish","5":"product_cat-cizgi-roman","6":"product_cat-edebiyat","7":"pa_cilt-ciltsiz","8":"pa_tur-kitap","9":"pa_yayinevi-athica-yayinlari","10":"pa_yazar-masasumi-kakizaki","12":"first","13":"instock","14":"sale","15":"shipping-taxable","16":"purchasable","17":"product-type-simple"},"_links":{"self":[{"href":"https:\/\/roveyayinevi.com.tr\/index.php\/wp-json\/wp\/v2\/product\/779528","targetHints":{"allow":["GET"]}}],"collection":[{"href":"https:\/\/roveyayinevi.com.tr\/index.php\/wp-json\/wp\/v2\/product"}],"about":[{"href":"https:\/\/roveyayinevi.com.tr\/index.php\/wp-json\/wp\/v2\/types\/product"}],"wp:attachment":[{"href":"https:\/\/roveyayinevi.com.tr\/index.php\/wp-json\/wp\/v2\/media?parent=779528"}],"wp:term":[{"taxonomy":"product_brand","embeddable":true,"href":"https:\/\/roveyayinevi.com.tr\/index.php\/wp-json\/wp\/v2\/product_brand?post=779528"},{"taxonomy":"product_cat","embeddable":true,"href":"https:\/\/roveyayinevi.com.tr\/index.php\/wp-json\/wp\/v2\/product_cat?post=779528"},{"taxonomy":"product_tag","embeddable":true,"href":"https:\/\/roveyayinevi.com.tr\/index.php\/wp-json\/wp\/v2\/product_tag?post=779528"}],"curies":[{"name":"wp","href":"https:\/\/api.w.org\/{rel}","templated":true}]}}