{"id":779524,"date":"2025-12-30T11:58:20","date_gmt":"2025-12-30T08:58:20","guid":{"rendered":"https:\/\/roveyayinevi.com.tr\/index.php\/urun\/odysseyi-yasarken\/"},"modified":"2026-04-15T03:44:13","modified_gmt":"2026-04-15T00:44:13","slug":"odysseyi-yasarken","status":"publish","type":"product","link":"https:\/\/roveyayinevi.com.tr\/index.php\/urun\/odysseyi-yasarken\/","title":{"rendered":"Odyssey\u2019i Ya\u015farken"},"content":{"rendered":"<p>Evrendeki her s\u0327ey z\u0131dd\u0131yla birlikte gelir: Is\u0327\u0131k karanl\u0131kta \u0131s\u0327\u0131ldar, sog\u0306uk ates\u0327 gibi yakar, gu\u0308zellik bir lanet gibi hissedilir. Bu ikilikten kurtuldug\u0306umuz tek an, gerc\u0327eklig\u0306imizi ic\u0327 benlig\u0306imizin bir uzant\u0131s\u0131 olan kos\u0327ulsuz sevgiyle yaratt\u0131g\u0306\u0131m\u0131z zamand\u0131r. Fakat bu her zaman kolay deg\u0306ildir. 26 yas\u0327\u0131ndaki Lara, hayat\u0131n\u0131, ku\u0308c\u0327u\u0308kken terk eden babas\u0131yla ilis\u0327kisini sorgulayarak ve annesini kanserden kaybetmenin yas\u0131n\u0131 tutmakla gec\u0327irmis\u0327, yas\u0327ad\u0131g\u0306\u0131 zorluklar insanl\u0131g\u0306a olan inanc\u0131n\u0131 kaybetmesine sebep olmus\u0327tur. Fakat, San Francisco\u2019da olag\u0306anu\u0308stu\u0308 bir sokak performans\u0131 s\u0131ras\u0131nda Ahzur\u2019la kars\u0327\u0131las\u0327\u0131nca, Lara\u2019n\u0131n hayat\u0131 beklenmedik bir s\u0327ekilde deg\u0306is\u0327ir. Orijinali ABD\u2019de I\u0307ngilizce olarak yay\u0131nlanan \u201cOdyssey\u2019i Yas\u0327arken\u201d, bu\u0308yu\u0308leyici bir as\u0327k hika\u0302yesiyle is\u0327lenmis\u0327 spiritu\u0308el bir kis\u0327isel gelis\u0327im kitab\u0131d\u0131r. Bir insanla daha yu\u0308ksek boyuttan gelen bir varl\u0131k aras\u0131nda gec\u0327en bu romanla kos\u0327ulsuz sevginin anlam\u0131n\u0131, evrenin s\u0131rlar\u0131n\u0131 ve Tanr\u0131\u2019n\u0131n dog\u0306as\u0131n\u0131 anlay\u0131p, bu du\u0308nyadaki gerc\u0327ek kimlig\u0306inizi sorgulamaya bas\u0327layacaks\u0131n\u0131z. \u201cKolektif o\u0308zgu\u0308r iradenize mu\u0308dahale etmemiz imka\u0302ns\u0131z. I\u0307nsanlar Du\u0308nya\u2019da yas\u0327amay\u0131 nas\u0131l olsa kurtar\u0131lacaklar diye sec\u0327mediler, kendi gu\u0308c\u0327lerini kes\u0327fetmek ic\u0327in sec\u0327tiler. Kendi bas\u0327lar\u0131na o\u0308g\u0306renme haklar\u0131n\u0131 ve isteklerini onurland\u0131rmal\u0131y\u0131z. I\u0307nsanl\u0131g\u0306\u0131 gu\u0308zelles\u0327tiren s\u0327ey budur. Hepinize kars\u0327\u0131 kos\u0327ulsuz sevgi ve sayg\u0131m\u0131z var.\u201d <\/p>\n","protected":false},"excerpt":{"rendered":"<p>Evrendeki her s\u0327ey z\u0131dd\u0131yla birlikte gelir: Is\u0327\u0131k karanl\u0131kta \u0131s\u0327\u0131ldar, sog\u0306uk ates\u0327 gibi yakar, gu\u0308zellik bir lanet gibi hissedilir. Bu ikilikten kurtuldug\u0306umuz tek an, gerc\u0327eklig\u0306imizi ic\u0327 benlig\u0306imizin<span class=\"excerpt-hellip\"> [\u2026]<\/span><\/p>\n","protected":false},"featured_media":0,"template":"","meta":{"_monsterinsights_skip_tracking":false,"_monsterinsights_sitenote_active":false,"_monsterinsights_sitenote_note":"","_monsterinsights_sitenote_category":0},"product_brand":[],"product_cat":[12364,12376],"product_tag":[],"class_list":{"0":"post-779524","1":"product","2":"type-product","3":"status-publish","5":"product_cat-genel-konular","6":"product_cat-kisisel-gelisim","7":"pa_cilt-ciltsiz","8":"pa_tur-kitap","9":"pa_yayinevi-totem-yayinlari","10":"pa_yazar-esra-beyatli","12":"first","13":"instock","14":"sale","15":"shipping-taxable","16":"purchasable","17":"product-type-simple"},"_links":{"self":[{"href":"https:\/\/roveyayinevi.com.tr\/index.php\/wp-json\/wp\/v2\/product\/779524","targetHints":{"allow":["GET"]}}],"collection":[{"href":"https:\/\/roveyayinevi.com.tr\/index.php\/wp-json\/wp\/v2\/product"}],"about":[{"href":"https:\/\/roveyayinevi.com.tr\/index.php\/wp-json\/wp\/v2\/types\/product"}],"wp:attachment":[{"href":"https:\/\/roveyayinevi.com.tr\/index.php\/wp-json\/wp\/v2\/media?parent=779524"}],"wp:term":[{"taxonomy":"product_brand","embeddable":true,"href":"https:\/\/roveyayinevi.com.tr\/index.php\/wp-json\/wp\/v2\/product_brand?post=779524"},{"taxonomy":"product_cat","embeddable":true,"href":"https:\/\/roveyayinevi.com.tr\/index.php\/wp-json\/wp\/v2\/product_cat?post=779524"},{"taxonomy":"product_tag","embeddable":true,"href":"https:\/\/roveyayinevi.com.tr\/index.php\/wp-json\/wp\/v2\/product_tag?post=779524"}],"curies":[{"name":"wp","href":"https:\/\/api.w.org\/{rel}","templated":true}]}}