{"id":779516,"date":"2025-12-30T11:57:59","date_gmt":"2025-12-30T08:57:59","guid":{"rendered":"https:\/\/roveyayinevi.com.tr\/index.php\/urun\/ustalasmanin-12-kurali\/"},"modified":"2026-04-15T03:44:12","modified_gmt":"2026-04-15T00:44:12","slug":"ustalasmanin-12-kurali","status":"publish","type":"product","link":"https:\/\/roveyayinevi.com.tr\/index.php\/urun\/ustalasmanin-12-kurali\/","title":{"rendered":"Ustala\u015fman\u0131n 12 Kural\u0131"},"content":{"rendered":"<p>Hayat \u00f6\u011frenmeye ba\u011fl\u0131. Hepimiz onlarca y\u0131l\u0131m\u0131z\u0131 okullarda ge\u00e7irerek e\u011fitim al\u0131yoruz. \u0130\u015fimizde ba\u015far\u0131l\u0131 olmak istiyoruz. Bunu sadece i\u015fini en iyi yapanlardan biri olman\u0131n sa\u011flad\u0131\u011f\u0131 avantajlar i\u00e7in de\u011fil, bir zanaat\u0131 ustal\u0131kla yapman\u0131n verdi\u011fi gurur i\u00e7in de arzuluyoruz. E\u011flence amac\u0131yla yapt\u0131\u011f\u0131m\u0131z \u015feylerde bile, daha iyi olabilece\u011fimizi hissetti\u011fimizde bundan b\u00fcy\u00fck keyif al\u0131yoruz. T\u00fcm bunlara ra\u011fmen \u00f6\u011frenme, gizemini korumay\u0131 s\u00fcrd\u00fcr\u00fcyor. Bazen, bilmedi\u011fimiz bir semtte yolumuzu rahat\u00e7a buldu\u011fumuzda veya yeni girdi\u011fimiz i\u015fletmede \u00e7al\u0131\u015fma rutinini kavrad\u0131\u011f\u0131m\u0131zda ya\u015fand\u0131\u011f\u0131 gibi \u00f6\u011frenme zahmetsizce ger\u00e7ekle\u015fiyor. Kimi zamansa \u00e7ok zor oluyor. Saatlerce masada dirsek \u00e7\u00fcr\u00fct\u00fcyoruz ama girdi\u011fimiz s\u0131navda yine de ba\u015far\u0131l\u0131 olam\u0131yoruz. \u015eirket, sekt\u00f6r, hatta belki meslek de\u011fi\u015ftirmek istiyoruz ama i\u00e7imizden bir ses bize bu ad\u0131m\u0131 atacak yeterlilikte olmad\u0131\u011f\u0131m\u0131z\u0131 s\u00f6yl\u00fcyor. Y\u0131llarca araba s\u00fcrmek, yemek yapmak, tenis oynamak her zaman bu i\u015fleri ustal\u0131kla yapma sonucunu vermeyebiliyor. \u0130yile\u015fme, elde etsek dahi, kal\u0131c\u0131 olmuyor. Yazar Scott H. Young insanlar\u0131n yeni beceriler edinmesinin neden bu kadar zor oldu\u011funu ara\u015ft\u0131r\u0131yor. \u0130lerlemeyi m\u00fcmk\u00fcn k\u0131lmak i\u00e7in ba\u015fkalar\u0131ndan, uygulamadan, deneyimden \u00f6\u011frenmek gerekti\u011fini savunuyor ve \u00f6\u011frenme y\u00f6ntemimizi iyile\u015ftirmek i\u00e7in yap\u0131lmas\u0131 gerekenleri 12 temel \u00f6\u011frenme kural\u0131nda toplayarak \u00f6zetliyor. \u0130ster s\u0131nava haz\u0131rlan\u0131yor, ister i\u015fyerinde yeni bir beceri \u00f6\u011freniyor, ister ilgilendi\u011finiz herhangi bir alanda daha ba\u015far\u0131l\u0131 olmak istiyor olun, bu kurallar i\u015finizi daha iyi yapman\u0131za yard\u0131mc\u0131 olacak.<\/p>\n","protected":false},"excerpt":{"rendered":"<p>Hayat \u00f6\u011frenmeye ba\u011fl\u0131. Hepimiz onlarca y\u0131l\u0131m\u0131z\u0131 okullarda ge\u00e7irerek e\u011fitim al\u0131yoruz. \u0130\u015fimizde ba\u015far\u0131l\u0131 olmak istiyoruz. Bunu sadece i\u015fini en iyi yapanlardan biri olman\u0131n sa\u011flad\u0131\u011f\u0131 avantajlar i\u00e7in de\u011fil,<span class=\"excerpt-hellip\"> [\u2026]<\/span><\/p>\n","protected":false},"featured_media":0,"template":"","meta":{"_monsterinsights_skip_tracking":false,"_monsterinsights_sitenote_active":false,"_monsterinsights_sitenote_note":"","_monsterinsights_sitenote_category":0},"product_brand":[],"product_cat":[12364,12376],"product_tag":[],"class_list":{"0":"post-779516","1":"product","2":"type-product","3":"status-publish","5":"product_cat-genel-konular","6":"product_cat-kisisel-gelisim","7":"pa_cilt-ciltsiz","8":"pa_tur-kitap","9":"pa_yayinevi-is-bankasi-kultur-yayinlari","10":"pa_yazar-scott-h-young","12":"first","13":"instock","14":"sale","15":"shipping-taxable","16":"purchasable","17":"product-type-simple"},"_links":{"self":[{"href":"https:\/\/roveyayinevi.com.tr\/index.php\/wp-json\/wp\/v2\/product\/779516","targetHints":{"allow":["GET"]}}],"collection":[{"href":"https:\/\/roveyayinevi.com.tr\/index.php\/wp-json\/wp\/v2\/product"}],"about":[{"href":"https:\/\/roveyayinevi.com.tr\/index.php\/wp-json\/wp\/v2\/types\/product"}],"wp:attachment":[{"href":"https:\/\/roveyayinevi.com.tr\/index.php\/wp-json\/wp\/v2\/media?parent=779516"}],"wp:term":[{"taxonomy":"product_brand","embeddable":true,"href":"https:\/\/roveyayinevi.com.tr\/index.php\/wp-json\/wp\/v2\/product_brand?post=779516"},{"taxonomy":"product_cat","embeddable":true,"href":"https:\/\/roveyayinevi.com.tr\/index.php\/wp-json\/wp\/v2\/product_cat?post=779516"},{"taxonomy":"product_tag","embeddable":true,"href":"https:\/\/roveyayinevi.com.tr\/index.php\/wp-json\/wp\/v2\/product_tag?post=779516"}],"curies":[{"name":"wp","href":"https:\/\/api.w.org\/{rel}","templated":true}]}}