{"id":779481,"date":"2025-12-30T11:56:22","date_gmt":"2025-12-30T08:56:22","guid":{"rendered":"https:\/\/roveyayinevi.com.tr\/index.php\/urun\/mevlana-4\/"},"modified":"2026-04-15T03:44:11","modified_gmt":"2026-04-15T00:44:11","slug":"mevlana-4","status":"publish","type":"product","link":"https:\/\/roveyayinevi.com.tr\/index.php\/urun\/mevlana-4\/","title":{"rendered":"Mevlana"},"content":{"rendered":"<p>En b\u00fcy\u00fck \u015fair bile bir zamanlar \u00e7ocuktu. Mevl\u00e2na da \u00f6yleydi. \u00c7ocukken ku\u015flara ve kitaplara hayrand\u0131. Y\u0131llar ge\u00e7tik\u00e7e b\u00fcy\u00fck bir \u00e2lim oldu. Fakat hakikate ula\u015fmas\u0131na sebep olan as\u0131l \u015fey, can dostu \u015eems&#8217;i kaybetmesiydi.   Fars edebiyat\u0131n\u0131n en b\u00fcy\u00fck \u015fairlerinden Mevl\u00e2na, bug\u00fcn d\u00fcnyan\u0131n en \u00e7ok tan\u0131nan ve en \u00e7ok okunan \u015fairlerinden biridir. Kendisi de \u0130ran k\u00f6kenli olan ill\u00fcstrat\u00f6r Rashin Kheiriyeh, e\u015fsiz resimleriyle s\u00fcsledi\u011fi kitab\u0131nda Mevl\u00e2na&#8217;n\u0131n hik\u00e2yesine \u0131\u015f\u0131k tutuyor ve  bizi 13&#8217;\u00fcnc\u00fc y\u00fczy\u0131l\u0131n g\u00f6rkemli Fars co\u011frafyas\u0131na g\u00f6t\u00fcr\u00fcyor.   &#8220;Daima cennette olmak istersen, herkesle dost ol, kimsenin kinini y\u00fcre\u011finde tutma!&#8221;  -Mevl\u00e2na       Mevl\u00e2na\u2019n\u0131n bilgelik dolu d\u00fcnyas\u0131n\u0131, \u00e7ocuklar\u0131n anlayabilece\u011fi yumu\u015fac\u0131k bir dille anlatan bu kitap; ne\u015feyi, dostlu\u011fu ve sevgiyi minik okurlar\u0131n kalbine ta\u015f\u0131yor. \u00d6d\u00fcll\u00fc \u0130ranl\u0131 \u00e7izer Rashin Kheiriyeh\u2019in b\u00fcy\u00fcleyici resimleri ise her sayfay\u0131 bir masal  bah\u00e7esine d\u00f6n\u00fc\u015ft\u00fcr\u00fcyor. <\/p>\n","protected":false},"excerpt":{"rendered":"<p>En b\u00fcy\u00fck \u015fair bile bir zamanlar \u00e7ocuktu. Mevl\u00e2na da \u00f6yleydi. \u00c7ocukken ku\u015flara ve kitaplara hayrand\u0131. Y\u0131llar ge\u00e7tik\u00e7e b\u00fcy\u00fck bir \u00e2lim oldu. Fakat hakikate ula\u015fmas\u0131na sebep olan<span class=\"excerpt-hellip\"> [\u2026]<\/span><\/p>\n","protected":false},"featured_media":0,"template":"","meta":{"_monsterinsights_skip_tracking":false,"_monsterinsights_sitenote_active":false,"_monsterinsights_sitenote_note":"","_monsterinsights_sitenote_category":0},"product_brand":[],"product_cat":[12291,50487],"product_tag":[],"class_list":{"0":"post-779481","1":"product","2":"type-product","3":"status-publish","5":"product_cat-edebiyat","6":"product_cat-kurgu","7":"pa_cilt-ciltsiz","8":"pa_tur-kitap","9":"pa_yayinevi-ucan-fil-yayinlari","10":"pa_yazar-rashin-kheiriyeh","12":"first","13":"instock","14":"sale","15":"shipping-taxable","16":"purchasable","17":"product-type-simple"},"_links":{"self":[{"href":"https:\/\/roveyayinevi.com.tr\/index.php\/wp-json\/wp\/v2\/product\/779481","targetHints":{"allow":["GET"]}}],"collection":[{"href":"https:\/\/roveyayinevi.com.tr\/index.php\/wp-json\/wp\/v2\/product"}],"about":[{"href":"https:\/\/roveyayinevi.com.tr\/index.php\/wp-json\/wp\/v2\/types\/product"}],"wp:attachment":[{"href":"https:\/\/roveyayinevi.com.tr\/index.php\/wp-json\/wp\/v2\/media?parent=779481"}],"wp:term":[{"taxonomy":"product_brand","embeddable":true,"href":"https:\/\/roveyayinevi.com.tr\/index.php\/wp-json\/wp\/v2\/product_brand?post=779481"},{"taxonomy":"product_cat","embeddable":true,"href":"https:\/\/roveyayinevi.com.tr\/index.php\/wp-json\/wp\/v2\/product_cat?post=779481"},{"taxonomy":"product_tag","embeddable":true,"href":"https:\/\/roveyayinevi.com.tr\/index.php\/wp-json\/wp\/v2\/product_tag?post=779481"}],"curies":[{"name":"wp","href":"https:\/\/api.w.org\/{rel}","templated":true}]}}