{"id":779454,"date":"2025-12-30T11:55:04","date_gmt":"2025-12-30T08:55:04","guid":{"rendered":"https:\/\/roveyayinevi.com.tr\/index.php\/urun\/kendime-dusunceler-5\/"},"modified":"2026-04-15T03:44:10","modified_gmt":"2026-04-15T00:44:10","slug":"kendime-dusunceler-5","status":"publish","type":"product","link":"https:\/\/roveyayinevi.com.tr\/index.php\/urun\/kendime-dusunceler-5\/","title":{"rendered":"Kendime D\u00fc\u015f\u00fcnceler"},"content":{"rendered":"<p>\u201cKEND\u0130NE H\u00dcKMEDEMEYEN, H\u0130\u00c7B\u0130R \u015eEYE H\u00dcKMEDEMEZ!\u201d \u2013 Marcus Aurelius   Roma \u0130mparatoru Marcus Aurelius, Kendime D\u00fc\u015f\u00fcnceler\u2019i kendi i\u00e7 d\u00fcnyas\u0131n\u0131 fethetme \u00e7abas\u0131 olarak yazd\u0131. Sava\u015f alan\u0131nda kurulan \u00e7ad\u0131rlar\u0131n sessizli\u011finde, gecelerin yaln\u0131zl\u0131\u011f\u0131nda tuttu\u011fu bu notlar; netlik arayan, sabr\u0131 s\u0131nanan, d\u00fcr\u00fcstl\u00fc\u011fe ve erdeme tutunan bir insan\u0131n i\u00e7sesi.   Bu kitap, felsefenin en sade hali: G\u00fcr\u00fclt\u00fcn\u00fcn ortas\u0131nda s\u00fck\u00fbneti korumak, De\u011fi\u015ftirilemeyeni kabul etmek, Adalet, tevazu ve cesaretle ya\u015famak&#8230;   Ve belki de en \u00e7arp\u0131c\u0131 olan, aradan iki bin y\u0131l ge\u00e7mesine ra\u011fmen bu s\u00f6zlerin h\u00e2l\u00e2 ruhumuza dokunabiliyor olmas\u0131. Marcus Aurelius\u2019un sesi h\u00e2l\u00e2 yak\u0131n, h\u00e2l\u00e2 insani, h\u00e2l\u00e2 bizi \u00e7a\u011f\u0131r\u0131yor.   Kendime D\u00fc\u015f\u00fcnceler, antik\u00e7a\u011f\u0131n bir kal\u0131nt\u0131s\u0131 de\u011fil, denge arayan, bilgelik isteyen, i\u00e7 g\u00fcc\u00fcn\u00fc hat\u0131rlamak isteyen herkes i\u00e7in zamans\u0131z bir yolda\u015f. Bu kitap sana \u015funu f\u0131s\u0131ld\u0131yor: Kendi i\u00e7ine bak. \u00c7\u00fcnk\u00fc b\u00fct\u00fcn sava\u015flar ve b\u00fct\u00fcn zaferler ilk\u00f6nce orada ba\u015flar.   <\/p>\n","protected":false},"excerpt":{"rendered":"<p>\u201cKEND\u0130NE H\u00dcKMEDEMEYEN, H\u0130\u00c7B\u0130R \u015eEYE H\u00dcKMEDEMEZ!\u201d \u2013 Marcus Aurelius Roma \u0130mparatoru Marcus Aurelius, Kendime D\u00fc\u015f\u00fcnceler\u2019i kendi i\u00e7 d\u00fcnyas\u0131n\u0131 fethetme \u00e7abas\u0131 olarak yazd\u0131. Sava\u015f alan\u0131nda kurulan \u00e7ad\u0131rlar\u0131n sessizli\u011finde,<span class=\"excerpt-hellip\"> [\u2026]<\/span><\/p>\n","protected":false},"featured_media":0,"template":"","meta":{"_monsterinsights_skip_tracking":false,"_monsterinsights_sitenote_active":false,"_monsterinsights_sitenote_note":"","_monsterinsights_sitenote_category":0},"product_brand":[],"product_cat":[12388],"product_tag":[],"class_list":{"0":"post-779454","1":"product","2":"type-product","3":"status-publish","5":"product_cat-felsefe","6":"pa_cilt-ciltsiz","7":"pa_tur-kitap","8":"pa_yayinevi-beyaz-baykus-yayinlari","9":"pa_yazar-marcus-aurelius","11":"first","12":"instock","13":"sale","14":"shipping-taxable","15":"purchasable","16":"product-type-simple"},"_links":{"self":[{"href":"https:\/\/roveyayinevi.com.tr\/index.php\/wp-json\/wp\/v2\/product\/779454","targetHints":{"allow":["GET"]}}],"collection":[{"href":"https:\/\/roveyayinevi.com.tr\/index.php\/wp-json\/wp\/v2\/product"}],"about":[{"href":"https:\/\/roveyayinevi.com.tr\/index.php\/wp-json\/wp\/v2\/types\/product"}],"wp:attachment":[{"href":"https:\/\/roveyayinevi.com.tr\/index.php\/wp-json\/wp\/v2\/media?parent=779454"}],"wp:term":[{"taxonomy":"product_brand","embeddable":true,"href":"https:\/\/roveyayinevi.com.tr\/index.php\/wp-json\/wp\/v2\/product_brand?post=779454"},{"taxonomy":"product_cat","embeddable":true,"href":"https:\/\/roveyayinevi.com.tr\/index.php\/wp-json\/wp\/v2\/product_cat?post=779454"},{"taxonomy":"product_tag","embeddable":true,"href":"https:\/\/roveyayinevi.com.tr\/index.php\/wp-json\/wp\/v2\/product_tag?post=779454"}],"curies":[{"name":"wp","href":"https:\/\/api.w.org\/{rel}","templated":true}]}}