{"id":779440,"date":"2025-12-30T11:54:31","date_gmt":"2025-12-30T08:54:31","guid":{"rendered":"https:\/\/roveyayinevi.com.tr\/index.php\/urun\/acayip-muzenin-oyunlari\/"},"modified":"2026-04-15T03:44:10","modified_gmt":"2026-04-15T00:44:10","slug":"acayip-muzenin-oyunlari","status":"publish","type":"product","link":"https:\/\/roveyayinevi.com.tr\/index.php\/urun\/acayip-muzenin-oyunlari\/","title":{"rendered":"Acayip M\u00fczenin Oyunlar\u0131"},"content":{"rendered":"<p>\u201cResim yapmak; e\u011flenmek ve hayal kurmak i\u00e7in harika bir yolculuktu. \u00c7izdikleri sadece resim de\u011fil, kalplerinin derinliklerinden gelen seslerdi ayn\u0131 zamanda.\u201d Ege ve arkada\u015f\u0131 Nehir s\u0131radan bir m\u00fczeye gitmiyor, buras\u0131 Acayip M\u00fcze! Burada renkler konu\u015fur, \u00e7izgiler ko\u015far, hayaller oyun oynar! Her s\u0131n\u0131f bir sergiye, her ders bir d\u00fc\u015fe d\u00f6n\u00fc\u015f\u00fcr. Yazar Arzu Haksun, bizleri renklerin ve d\u00fc\u015flerin d\u00fcnyas\u0131nda s\u0131n\u0131rs\u0131z bir yolculu\u011fa \u00e7\u0131kart\u0131yor. <\/p>\n","protected":false},"excerpt":{"rendered":"<p>\u201cResim yapmak; e\u011flenmek ve hayal kurmak i\u00e7in harika bir yolculuktu. \u00c7izdikleri sadece resim de\u011fil, kalplerinin derinliklerinden gelen seslerdi ayn\u0131 zamanda.\u201d Ege ve arkada\u015f\u0131 Nehir s\u0131radan bir<span class=\"excerpt-hellip\"> [\u2026]<\/span><\/p>\n","protected":false},"featured_media":0,"template":"","meta":{"_monsterinsights_skip_tracking":false,"_monsterinsights_sitenote_active":false,"_monsterinsights_sitenote_note":"","_monsterinsights_sitenote_category":0},"product_brand":[],"product_cat":[12274,12284],"product_tag":[],"class_list":{"0":"post-779440","1":"product","2":"type-product","3":"status-publish","5":"product_cat-cocuk-ve-genclik-kitaplari","6":"product_cat-hikayeler","7":"pa_cilt-ciltsiz","8":"pa_tur-kitap","9":"pa_yayinevi-cinar-yayinlari","10":"pa_yazar-arzu-haksun","12":"first","13":"instock","14":"sale","15":"shipping-taxable","16":"purchasable","17":"product-type-simple"},"_links":{"self":[{"href":"https:\/\/roveyayinevi.com.tr\/index.php\/wp-json\/wp\/v2\/product\/779440","targetHints":{"allow":["GET"]}}],"collection":[{"href":"https:\/\/roveyayinevi.com.tr\/index.php\/wp-json\/wp\/v2\/product"}],"about":[{"href":"https:\/\/roveyayinevi.com.tr\/index.php\/wp-json\/wp\/v2\/types\/product"}],"wp:attachment":[{"href":"https:\/\/roveyayinevi.com.tr\/index.php\/wp-json\/wp\/v2\/media?parent=779440"}],"wp:term":[{"taxonomy":"product_brand","embeddable":true,"href":"https:\/\/roveyayinevi.com.tr\/index.php\/wp-json\/wp\/v2\/product_brand?post=779440"},{"taxonomy":"product_cat","embeddable":true,"href":"https:\/\/roveyayinevi.com.tr\/index.php\/wp-json\/wp\/v2\/product_cat?post=779440"},{"taxonomy":"product_tag","embeddable":true,"href":"https:\/\/roveyayinevi.com.tr\/index.php\/wp-json\/wp\/v2\/product_tag?post=779440"}],"curies":[{"name":"wp","href":"https:\/\/api.w.org\/{rel}","templated":true}]}}