{"id":779429,"date":"2025-12-30T11:53:27","date_gmt":"2025-12-30T08:53:27","guid":{"rendered":"https:\/\/roveyayinevi.com.tr\/index.php\/urun\/modern-toplumda-serbest-zaman-ve-rekreasyon\/"},"modified":"2026-04-15T03:44:09","modified_gmt":"2026-04-15T00:44:09","slug":"modern-toplumda-serbest-zaman-ve-rekreasyon","status":"publish","type":"product","link":"https:\/\/roveyayinevi.com.tr\/index.php\/urun\/modern-toplumda-serbest-zaman-ve-rekreasyon\/","title":{"rendered":"Modern Toplumda Serbest Zaman ve Rekreasyon"},"content":{"rendered":"<p>\u0130\u00e7indekiler :   \u00b7         Serbest Zaman Felsefesi \u00b7         Serbest Zaman ve Zaman Perspektifi: Rekreasyonun Temel Dinamikleri \u00b7         Rekreasyon ve Sa\u011fl\u0131kl\u0131 Ya\u015fam \u00b7         Serbest Zaman ve Ya\u015fam Kalitesi \u00b7         Serbest Zaman\u0131n Pozitif Uyum Dinamikleri: Mutluluk, Psikolojik Sa\u011flaml\u0131k ve Ya\u015fam Doyumu \u00b7         Serbest Zamanda Fiziksel Aktivite: Fayda, Motivasyon ve Ertelemenin Kuramsal Yakla\u015f\u0131mlar\u0131 \u00b7         Engellilik, Serbest Zaman ve Rekreasyon \u00b7         E\u011fitsel Bir Ara\u00e7 Olarak Rekreasyon: \u00c7ocuk ve Gen\u00e7ler \u0130\u00e7in Rekreasyon E\u011fitimi \u00b7         A\u00e7\u0131k Alan Rekreasyonu \u00b7         Serbest Zaman ve G\u00f6n\u00fcll\u00fcl\u00fck \u00b7         Rekreasyon Hizmetlerinde Pazarlama ve Bile\u015fenleri \u00b7         Sanal D\u00fcnyada Serbest Zaman ve Rekreasyon: Sanal Ger\u00e7eklik, Art\u0131r\u0131lm\u0131\u015f Ger\u00e7eklik ve Metaverse \u00b7         Serbest Zaman\u0131n D\u00f6n\u00fc\u015f\u00fcm\u00fc ve Dijitalle\u015fme <\/p>\n","protected":false},"excerpt":{"rendered":"<p>\u0130\u00e7indekiler : \u00b7 Serbest Zaman Felsefesi \u00b7 Serbest Zaman ve Zaman Perspektifi: Rekreasyonun Temel Dinamikleri \u00b7 Rekreasyon ve Sa\u011fl\u0131kl\u0131 Ya\u015fam \u00b7 Serbest Zaman ve Ya\u015fam Kalitesi<span class=\"excerpt-hellip\"> [\u2026]<\/span><\/p>\n","protected":false},"featured_media":0,"template":"","meta":{"_monsterinsights_skip_tracking":false,"_monsterinsights_sitenote_active":false,"_monsterinsights_sitenote_note":"","_monsterinsights_sitenote_category":0},"product_brand":[],"product_cat":[15563,15564],"product_tag":[],"class_list":{"0":"post-779429","1":"product","2":"type-product","3":"status-publish","5":"product_cat-hobi","6":"product_cat-spor","7":"pa_cilt-ciltsiz","8":"pa_tur-kitap","9":"pa_yayinevi-gazi-kitabevi","10":"pa_yazar-kolektif","12":"first","13":"instock","14":"sale","15":"shipping-taxable","16":"purchasable","17":"product-type-simple"},"_links":{"self":[{"href":"https:\/\/roveyayinevi.com.tr\/index.php\/wp-json\/wp\/v2\/product\/779429","targetHints":{"allow":["GET"]}}],"collection":[{"href":"https:\/\/roveyayinevi.com.tr\/index.php\/wp-json\/wp\/v2\/product"}],"about":[{"href":"https:\/\/roveyayinevi.com.tr\/index.php\/wp-json\/wp\/v2\/types\/product"}],"wp:attachment":[{"href":"https:\/\/roveyayinevi.com.tr\/index.php\/wp-json\/wp\/v2\/media?parent=779429"}],"wp:term":[{"taxonomy":"product_brand","embeddable":true,"href":"https:\/\/roveyayinevi.com.tr\/index.php\/wp-json\/wp\/v2\/product_brand?post=779429"},{"taxonomy":"product_cat","embeddable":true,"href":"https:\/\/roveyayinevi.com.tr\/index.php\/wp-json\/wp\/v2\/product_cat?post=779429"},{"taxonomy":"product_tag","embeddable":true,"href":"https:\/\/roveyayinevi.com.tr\/index.php\/wp-json\/wp\/v2\/product_tag?post=779429"}],"curies":[{"name":"wp","href":"https:\/\/api.w.org\/{rel}","templated":true}]}}