{"id":779427,"date":"2025-12-30T11:53:21","date_gmt":"2025-12-30T08:53:21","guid":{"rendered":"https:\/\/roveyayinevi.com.tr\/index.php\/urun\/muallimlerin-ve-komutanlarin-kaleminden-jandarma-1904-1923\/"},"modified":"2025-12-30T11:53:21","modified_gmt":"2025-12-30T08:53:21","slug":"muallimlerin-ve-komutanlarin-kaleminden-jandarma-1904-1923","status":"publish","type":"product","link":"https:\/\/roveyayinevi.com.tr\/index.php\/urun\/muallimlerin-ve-komutanlarin-kaleminden-jandarma-1904-1923\/","title":{"rendered":"Muallimlerin Ve Komutanlar\u0131n Kaleminden Jandarma (1904-1923)"},"content":{"rendered":"<p>\u0130\u00e7indekiler :   \u00b7         Giri\u015f \u00b7         \u00c7eviri Eserler \u00b7         Jandarma Efrad\u0131na Mahsus Muht\u0131ra \u00b7         Jandarma Karakol Kumandanlar\u0131na Mahsus Malumat-\u0131 Adliye ve M\u00fclkiye \u00b7         Osmanl\u0131 Efrad\u0131na Maneviyat- Askerin Rehberi \u00b7         Jandarma Karakol Kumandanlar\u0131na Rehber \u00b7         Sonu\u00e7 ve De\u011ferlendirme <\/p>\n","protected":false},"excerpt":{"rendered":"<p>\u0130\u00e7indekiler : \u00b7 Giri\u015f \u00b7 \u00c7eviri Eserler \u00b7 Jandarma Efrad\u0131na Mahsus Muht\u0131ra \u00b7 Jandarma Karakol Kumandanlar\u0131na Mahsus Malumat-\u0131 Adliye ve M\u00fclkiye \u00b7 Osmanl\u0131 Efrad\u0131na Maneviyat- Askerin<span class=\"excerpt-hellip\"> [\u2026]<\/span><\/p>\n","protected":false},"featured_media":0,"template":"","meta":{"_monsterinsights_skip_tracking":false,"_monsterinsights_sitenote_active":false,"_monsterinsights_sitenote_note":"","_monsterinsights_sitenote_category":0},"product_brand":[],"product_cat":[13005,40995],"product_tag":[],"class_list":{"0":"post-779427","1":"product","2":"type-product","3":"status-publish","5":"product_cat-bilim-muhendislik","6":"product_cat-sosyal-bilimler","7":"pa_cilt-ciltsiz","8":"pa_tur-kitap","9":"pa_yayinevi-gazi-kitabevi","10":"pa_yazar-onur-guven-sadik-fatih-torun","12":"first","13":"instock","14":"sale","15":"shipping-taxable","16":"purchasable","17":"product-type-simple"},"_links":{"self":[{"href":"https:\/\/roveyayinevi.com.tr\/index.php\/wp-json\/wp\/v2\/product\/779427","targetHints":{"allow":["GET"]}}],"collection":[{"href":"https:\/\/roveyayinevi.com.tr\/index.php\/wp-json\/wp\/v2\/product"}],"about":[{"href":"https:\/\/roveyayinevi.com.tr\/index.php\/wp-json\/wp\/v2\/types\/product"}],"wp:attachment":[{"href":"https:\/\/roveyayinevi.com.tr\/index.php\/wp-json\/wp\/v2\/media?parent=779427"}],"wp:term":[{"taxonomy":"product_brand","embeddable":true,"href":"https:\/\/roveyayinevi.com.tr\/index.php\/wp-json\/wp\/v2\/product_brand?post=779427"},{"taxonomy":"product_cat","embeddable":true,"href":"https:\/\/roveyayinevi.com.tr\/index.php\/wp-json\/wp\/v2\/product_cat?post=779427"},{"taxonomy":"product_tag","embeddable":true,"href":"https:\/\/roveyayinevi.com.tr\/index.php\/wp-json\/wp\/v2\/product_tag?post=779427"}],"curies":[{"name":"wp","href":"https:\/\/api.w.org\/{rel}","templated":true}]}}