{"id":779422,"date":"2025-12-30T11:53:04","date_gmt":"2025-12-30T08:53:04","guid":{"rendered":"https:\/\/roveyayinevi.com.tr\/index.php\/urun\/bay-gece\/"},"modified":"2026-04-15T03:44:09","modified_gmt":"2026-04-15T00:44:09","slug":"bay-gece","status":"publish","type":"product","link":"https:\/\/roveyayinevi.com.tr\/index.php\/urun\/bay-gece\/","title":{"rendered":"Bay Gece"},"content":{"rendered":"<p>Uzun s\u00fcredir g\u00f6ky\u00fcz\u00fcnden, annelerin ninnilerini ve ninelerin masallar\u0131n\u0131 dinleyen Gece, yery\u00fcz\u00fcne inmek istiyor. Merak ediyor dondurman\u0131n tad\u0131n\u0131, reng\u00e2renk kelebe\u011fi, g\u00f6kku\u015fa\u011f\u0131n\u0131\u2026 \u00c7ok \u015fansl\u0131 Gece \u00e7\u00fcnk\u00fc onu seven arkada\u015flar\u0131 var karanl\u0131k g\u00f6ky\u00fcz\u00fcnde. Onlardan biri kahraman Kutup Y\u0131ld\u0131z\u0131, bir s\u00fcper g\u00fcc\u00fc var; dinlemek. Duyuyor gecenin \u00f6zlemini ve \u2018\u2018 \u015e\u0131p\u0131d\u0131 hipidi puf!\u2019\u2019 \u0130\u015fte kar\u015f\u0131m\u0131zda Bay Gece .   \u015een ad\u0131mlar at\u0131yor yery\u00fcz\u00fcnde; harika vakit ge\u00e7iriyor. E tabii saatler gelip ge\u00e7erken Bay Gece\u2019yi merak eden ve arayanlar da oluyor h\u00e2liyle. Sahi neler oluyor o yokken g\u00f6ky\u00fcz\u00fcnde? Merak ettiyseniz buyurunuz hik\u00e2yemize. <\/p>\n","protected":false},"excerpt":{"rendered":"<p>Uzun s\u00fcredir g\u00f6ky\u00fcz\u00fcnden, annelerin ninnilerini ve ninelerin masallar\u0131n\u0131 dinleyen Gece, yery\u00fcz\u00fcne inmek istiyor. Merak ediyor dondurman\u0131n tad\u0131n\u0131, reng\u00e2renk kelebe\u011fi, g\u00f6kku\u015fa\u011f\u0131n\u0131\u2026 \u00c7ok \u015fansl\u0131 Gece \u00e7\u00fcnk\u00fc onu seven<span class=\"excerpt-hellip\"> [\u2026]<\/span><\/p>\n","protected":false},"featured_media":0,"template":"","meta":{"_monsterinsights_skip_tracking":false,"_monsterinsights_sitenote_active":false,"_monsterinsights_sitenote_note":"","_monsterinsights_sitenote_category":0},"product_brand":[],"product_cat":[12274,12284],"product_tag":[],"class_list":{"0":"post-779422","1":"product","2":"type-product","3":"status-publish","5":"product_cat-cocuk-ve-genclik-kitaplari","6":"product_cat-hikayeler","7":"pa_cilt-ciltsiz","8":"pa_tur-kitap","9":"pa_yayinevi-profil-kitap","10":"pa_yazar-ilgin-yaroglu","12":"first","13":"instock","14":"sale","15":"shipping-taxable","16":"purchasable","17":"product-type-simple"},"_links":{"self":[{"href":"https:\/\/roveyayinevi.com.tr\/index.php\/wp-json\/wp\/v2\/product\/779422","targetHints":{"allow":["GET"]}}],"collection":[{"href":"https:\/\/roveyayinevi.com.tr\/index.php\/wp-json\/wp\/v2\/product"}],"about":[{"href":"https:\/\/roveyayinevi.com.tr\/index.php\/wp-json\/wp\/v2\/types\/product"}],"wp:attachment":[{"href":"https:\/\/roveyayinevi.com.tr\/index.php\/wp-json\/wp\/v2\/media?parent=779422"}],"wp:term":[{"taxonomy":"product_brand","embeddable":true,"href":"https:\/\/roveyayinevi.com.tr\/index.php\/wp-json\/wp\/v2\/product_brand?post=779422"},{"taxonomy":"product_cat","embeddable":true,"href":"https:\/\/roveyayinevi.com.tr\/index.php\/wp-json\/wp\/v2\/product_cat?post=779422"},{"taxonomy":"product_tag","embeddable":true,"href":"https:\/\/roveyayinevi.com.tr\/index.php\/wp-json\/wp\/v2\/product_tag?post=779422"}],"curies":[{"name":"wp","href":"https:\/\/api.w.org\/{rel}","templated":true}]}}