{"id":779413,"date":"2025-12-30T11:52:45","date_gmt":"2025-12-30T08:52:45","guid":{"rendered":"https:\/\/roveyayinevi.com.tr\/index.php\/urun\/haz-icin-yasamak\/"},"modified":"2026-04-15T03:44:08","modified_gmt":"2026-04-15T00:44:08","slug":"haz-icin-yasamak","status":"publish","type":"product","link":"https:\/\/roveyayinevi.com.tr\/index.php\/urun\/haz-icin-yasamak\/","title":{"rendered":"Haz \u0130\u00e7in Ya\u015famak"},"content":{"rendered":"<p>\u201cGer\u00e7ek haz, \u00f6l\u00e7\u00fcs\u00fcz keyifte de\u011fil; bilin\u00e7li, sade ve huzurlu bir ya\u015famda gizlidir.\u201d Bug\u00fcn\u00fcn d\u00fcnyas\u0131nda mutluluk, s\u00fcrekli daha fazlas\u0131n\u0131 istemek, t\u00fcketmek ve h\u0131zla bir sonraki hedefe ko\u015fmakla e\u015f tutuluyor. Peki ya as\u0131l mutluluk, bu ko\u015fu\u015fturmadan \u00e7ekilip sakin bir k\u00f6\u015fede, basit bir dost sohbetinde ya da k\u00fc\u00e7\u00fck bir sevin\u00e7te sakl\u0131ysa? \u0130\u015fte Haz \u0130\u00e7in Ya\u015famak bu soruyu soruyor ve okuru, antik \u00e7a\u011f\u0131n en yanl\u0131\u015f anla\u015f\u0131lan filozoflar\u0131ndan biri olan Epik\u00fcr\u2019\u00fcn \u0131\u015f\u0131\u011f\u0131nda bamba\u015fka bir ya\u015fam anlay\u0131\u015f\u0131na davet ediyor.  Amerikal\u0131 filozof Emily A. Austin, Epik\u00fcr\u2019\u00fcn felsefesini g\u00fcn\u00fcm\u00fcz insan\u0131n\u0131n kayg\u0131lar\u0131yla bulu\u015fturuyor. Ona g\u00f6re Epik\u00fcr, asla \u201cs\u0131n\u0131rs\u0131z haz\u201d pe\u015finde ko\u015fmay\u0131 \u00f6\u011f\u00fctlemedi; tam tersine, \u00f6l\u00e7\u00fcl\u00fcl\u00fc\u011f\u00fc, dostlu\u011fu, korkulardan \u00f6zg\u00fcrle\u015fmeyi ve dinginli\u011fi en y\u00fcce mutluluk bi\u00e7imi olarak g\u00f6rd\u00fc. Bu kitap, modern hayat\u0131n g\u00fcr\u00fclt\u00fcs\u00fcnden s\u0131yr\u0131lmak isteyenler i\u00e7in bir t\u00fcr \u201cya\u015fam rehberi\u201d niteli\u011finde.  Austin, hem akademik titizlikle hem de anla\u015f\u0131l\u0131r bir dille yaz\u0131yor. Epik\u00fcr\u2019\u00fcn \u00f6l\u00fcm korkusuna kar\u015f\u0131 geli\u015ftirdi\u011fi g\u00fc\u00e7l\u00fc arg\u00fcmanlar\u0131, dostlu\u011fu en b\u00fcy\u00fck haz kayna\u011f\u0131 olarak g\u00f6rmesini, basit ya\u015fam\u0131 bir erdem haline getiri\u015fini okura hat\u0131rlat\u0131yor. Ayn\u0131 zamanda g\u00fcn\u00fcm\u00fcz\u00fcn stres, t\u00fcketim ve tatminsizlik k\u00fclt\u00fcr\u00fcyle bire bir ili\u015fkilendiriyor.  Bu kitab\u0131 okurken \u015funu fark edeceksiniz:  Ger\u00e7ek haz, t\u00fcketimle de\u011fil, fark\u0131ndal\u0131kla gelir.  \u00d6l\u00fcm korkusu, d\u00fc\u015f\u00fcncelerimizi y\u00f6netme bi\u00e7imimizle a\u015f\u0131labilir.  Dostluk, en b\u00fcy\u00fck mutluluk kayna\u011f\u0131d\u0131r.  Basit ya\u015famak, modern d\u00fcnyan\u0131n dayatt\u0131\u011f\u0131 \u201cdaha fazlas\u0131\u201d zincirinden kurtulman\u0131n tek yoludur.    Neden \u015fimdi?  Ya\u015fad\u0131\u011f\u0131m\u0131z \u00e7a\u011fda mutluluk neredeyse tamamen \u201cd\u0131\u015fsal ba\u015far\u0131larla\u201d \u00f6l\u00e7\u00fcl\u00fcyor. Haz \u0130\u00e7in Ya\u015famak bize, ger\u00e7ek mutlulu\u011fun asl\u0131nda kendi ya\u015fam bi\u00e7imimizi yeniden kurgulamakta sakl\u0131 oldu\u011funu hat\u0131rlat\u0131yor. Epik\u00fcr\u2019\u00fcn binlerce y\u0131l \u00f6ncesinden gelen bu mesaj\u0131, bug\u00fcn belki de hi\u00e7 olmad\u0131\u011f\u0131 kadar g\u00fcncel.  Emily A. Austin\u2019in Haz \u0130\u00e7in Ya\u015famak kitab\u0131, entelekt\u00fcel bir ke\u015fif yolculu\u011fu ve ayn\u0131 zamanda pratik bir rehber. Hem d\u00fc\u015f\u00fcnen hem de ya\u015fayan herkes i\u00e7in.  Unutmay\u0131n: \u201cHaz, \u00f6l\u00e7\u00fcs\u00fcz bir arzu de\u011fil; huzurla ya\u015faman\u0131n ta kendisidir.\u201d    Hazza A\u00e7\u0131lan Bir Seri: Ya\u015fam Rehberi  Haz \u0130\u00e7in Ya\u015famak, \u00e7a\u011fda\u015f ya\u015fam\u0131n i\u00e7inden gelen temel varolu\u015fsal sorulara yan\u0131t arayan Ya\u015fam Rehberi dizisinin ilk kitaplar\u0131ndan biri. Bu \u00f6zel seri, d\u00fc\u015f\u00fcnsel derinli\u011fi eri\u015filebilir bir dille bulu\u015ftururken bireyin kendini tan\u0131ma, \u00f6zg\u00fcrle\u015fme, hazla ili\u015fki kurma, ahlaki geli\u015fim ve ya\u015fam\u0131 berrak g\u00f6rme s\u00fcre\u00e7lerine \u0131\u015f\u0131k tutuyor. Her bir kitap, modern insan\u0131n zihinsel ve duygusal ihtiya\u00e7lar\u0131na felsefi bir perspektifle yakla\u015farak okura kendini yeniden kurabilece\u011fi bir alan a\u00e7\u0131yor.    \u201cAustin, Epik\u00fcrc\u00fcl\u00fc\u011f\u00fcn eri\u015filebilir ama entelekt\u00fcel a\u00e7\u0131dan titiz bir \u00f6zetini sunarken, Epik\u00fcr\u2019\u00fcn \u00f6\u011f\u00fctlerinin s\u0131n\u0131rlar\u0131n\u0131 d\u00fcr\u00fcst\u00e7e kabul ediyor ve kitab\u0131 hafif bir tonla kaleme al\u0131yor\u2026 Ortaya \u00e7\u0131kan eser, Epik\u00fcrc\u00fcl\u00fc\u011fe m\u00fckemmel bir giri\u015f.\u201d \u2014Publishers Weekly    \u201cEpik\u00fcrc\u00fc bir ya\u015fam s\u00fcrmek isteyenler i\u00e7in \u015fimdiye dek yaz\u0131lm\u0131\u015f en iyi rehber. Austin\u2019in tart\u0131\u015fmas\u0131, Epik\u00fcr felsefesini derinlemesine kavray\u0131\u015f\u0131na dayan\u0131yor ama bunu esprili, anla\u015f\u0131l\u0131r bir dille aktar\u0131yor. Bug\u00fcn\u00fcn sorunlar\u0131na uygulanabilirli\u011fiyle de \u00f6ne \u00e7\u0131k\u0131yor.\u201d \u2014Timothy S. O\u2019Keefe, Epicureanism\u2019in yazar\u0131    \u201cHaz \u0130\u00e7in Ya\u015famak, \u00f6zellikle Epik\u00fcrc\u00fcl\u00fc\u011f\u00fcn pratik taraf\u0131na m\u00fckemmel bir giri\u015f. Zor fikirleri a\u00e7\u0131k, anla\u015f\u0131l\u0131r ve ki\u015fisel bir dokunu\u015fla aktar\u0131yor; ayr\u0131ca bu felsefenin g\u00fcn\u00fcm\u00fczde ne kadar de\u011ferli oldu\u011funu ikna edici bir \u015fekilde ortaya koyuyor. Kim bilebilirdi ki Epik\u00fcr, sosyal medya d\u00fcnyas\u0131nda yolumuzu bulmam\u0131za yard\u0131m edebilir?\u201d \u2014Richard Bett, How to Keep an Open Mind\u2019\u0131n yazar\u0131    <\/p>\n","protected":false},"excerpt":{"rendered":"<p>\u201cGer\u00e7ek haz, \u00f6l\u00e7\u00fcs\u00fcz keyifte de\u011fil; bilin\u00e7li, sade ve huzurlu bir ya\u015famda gizlidir.\u201d Bug\u00fcn\u00fcn d\u00fcnyas\u0131nda mutluluk, s\u00fcrekli daha fazlas\u0131n\u0131 istemek, t\u00fcketmek ve h\u0131zla bir sonraki hedefe ko\u015fmakla<span class=\"excerpt-hellip\"> [\u2026]<\/span><\/p>\n","protected":false},"featured_media":0,"template":"","meta":{"_monsterinsights_skip_tracking":false,"_monsterinsights_sitenote_active":false,"_monsterinsights_sitenote_note":"","_monsterinsights_sitenote_category":0},"product_brand":[],"product_cat":[12388],"product_tag":[],"class_list":{"0":"post-779413","1":"product","2":"type-product","3":"status-publish","5":"product_cat-felsefe","6":"pa_cilt-ciltsiz","7":"pa_tur-kitap","8":"pa_yayinevi-okuyan-us-yayin","9":"pa_yazar-emily-austin","11":"first","12":"instock","13":"sale","14":"shipping-taxable","15":"purchasable","16":"product-type-simple"},"_links":{"self":[{"href":"https:\/\/roveyayinevi.com.tr\/index.php\/wp-json\/wp\/v2\/product\/779413","targetHints":{"allow":["GET"]}}],"collection":[{"href":"https:\/\/roveyayinevi.com.tr\/index.php\/wp-json\/wp\/v2\/product"}],"about":[{"href":"https:\/\/roveyayinevi.com.tr\/index.php\/wp-json\/wp\/v2\/types\/product"}],"wp:attachment":[{"href":"https:\/\/roveyayinevi.com.tr\/index.php\/wp-json\/wp\/v2\/media?parent=779413"}],"wp:term":[{"taxonomy":"product_brand","embeddable":true,"href":"https:\/\/roveyayinevi.com.tr\/index.php\/wp-json\/wp\/v2\/product_brand?post=779413"},{"taxonomy":"product_cat","embeddable":true,"href":"https:\/\/roveyayinevi.com.tr\/index.php\/wp-json\/wp\/v2\/product_cat?post=779413"},{"taxonomy":"product_tag","embeddable":true,"href":"https:\/\/roveyayinevi.com.tr\/index.php\/wp-json\/wp\/v2\/product_tag?post=779413"}],"curies":[{"name":"wp","href":"https:\/\/api.w.org\/{rel}","templated":true}]}}