{"id":779405,"date":"2025-12-30T11:52:21","date_gmt":"2025-12-30T08:52:21","guid":{"rendered":"https:\/\/roveyayinevi.com.tr\/index.php\/urun\/bebegimin-dunyasi\/"},"modified":"2026-04-15T03:44:07","modified_gmt":"2026-04-15T00:44:07","slug":"bebegimin-dunyasi","status":"publish","type":"product","link":"https:\/\/roveyayinevi.com.tr\/index.php\/urun\/bebegimin-dunyasi\/","title":{"rendered":"Bebe\u011fimin D\u00fcnyas\u0131"},"content":{"rendered":"<p>*4 K\u0130TAP *40 KONTRAST RENKL\u0130 G\u00d6RSEL Y\u00fcksek kontrastl\u0131 g\u00f6rseller bebe\u011fin beyin geli\u015fimini destekler. Bu kitap seti kontrast renklerle haz\u0131rlanm\u0131\u015f bebe\u011finiz i\u00e7in harika bir seri. <\/p>\n","protected":false},"excerpt":{"rendered":"<p>*4 K\u0130TAP *40 KONTRAST RENKL\u0130 G\u00d6RSEL Y\u00fcksek kontrastl\u0131 g\u00f6rseller bebe\u011fin beyin geli\u015fimini destekler. Bu kitap seti kontrast renklerle haz\u0131rlanm\u0131\u015f bebe\u011finiz i\u00e7in harika bir seri.<\/p>\n","protected":false},"featured_media":0,"template":"","meta":{"_monsterinsights_skip_tracking":false,"_monsterinsights_sitenote_active":false,"_monsterinsights_sitenote_note":"","_monsterinsights_sitenote_category":0},"product_brand":[],"product_cat":[12274,12284],"product_tag":[],"class_list":{"0":"post-779405","1":"product","2":"type-product","3":"status-publish","5":"product_cat-cocuk-ve-genclik-kitaplari","6":"product_cat-hikayeler","7":"pa_cilt-set","8":"pa_tur-kitap","9":"pa_yayinevi-net-cocuk-yayinlari","10":"pa_yazar-bahar-duzen-omer-canbir","12":"first","13":"instock","14":"sale","15":"shipping-taxable","16":"purchasable","17":"product-type-simple"},"_links":{"self":[{"href":"https:\/\/roveyayinevi.com.tr\/index.php\/wp-json\/wp\/v2\/product\/779405","targetHints":{"allow":["GET"]}}],"collection":[{"href":"https:\/\/roveyayinevi.com.tr\/index.php\/wp-json\/wp\/v2\/product"}],"about":[{"href":"https:\/\/roveyayinevi.com.tr\/index.php\/wp-json\/wp\/v2\/types\/product"}],"wp:attachment":[{"href":"https:\/\/roveyayinevi.com.tr\/index.php\/wp-json\/wp\/v2\/media?parent=779405"}],"wp:term":[{"taxonomy":"product_brand","embeddable":true,"href":"https:\/\/roveyayinevi.com.tr\/index.php\/wp-json\/wp\/v2\/product_brand?post=779405"},{"taxonomy":"product_cat","embeddable":true,"href":"https:\/\/roveyayinevi.com.tr\/index.php\/wp-json\/wp\/v2\/product_cat?post=779405"},{"taxonomy":"product_tag","embeddable":true,"href":"https:\/\/roveyayinevi.com.tr\/index.php\/wp-json\/wp\/v2\/product_tag?post=779405"}],"curies":[{"name":"wp","href":"https:\/\/api.w.org\/{rel}","templated":true}]}}