{"id":779393,"date":"2025-12-30T11:51:36","date_gmt":"2025-12-30T08:51:36","guid":{"rendered":"https:\/\/roveyayinevi.com.tr\/index.php\/urun\/disi-fare\/"},"modified":"2026-04-11T03:42:58","modified_gmt":"2026-04-11T00:42:58","slug":"disi-fare","status":"publish","type":"product","link":"https:\/\/roveyayinevi.com.tr\/index.php\/urun\/disi-fare\/","title":{"rendered":"Di\u015fi Fare"},"content":{"rendered":"<p>Nobel \u00f6d\u00fcll\u00fc G\u00fcnter Grass\u2019\u0131n 1986\u2019da yay\u0131mlanan Di\u015fi Fare\u2019si, insanl\u0131\u011f\u0131n sonunu ve ard\u0131nda y\u00fckselen yeni bir uygarl\u0131\u011f\u0131 anlatan apokaliptik bir romand\u0131r. Mizah ve ciddiyetin i\u00e7 i\u00e7e ge\u00e7ti\u011fi, zaman zaman fantastik \u00f6\u011felerin kullan\u0131ld\u0131\u011f\u0131 zengin bir dille \u00f6r\u00fclm\u00fc\u015f roman, anlat\u0131c\u0131n\u0131n Noel\u2019de ald\u0131\u011f\u0131 bir di\u015fi fareyle ba\u015flayan s\u0131rad\u0131\u015f\u0131 ili\u015fkisini ve onunla ger\u00e7ekle\u015ftirdi\u011fi derin sohbetleri oda\u011f\u0131na al\u0131yor. Di\u015fi fare, insanl\u0131k tarihini, \u00e7evre felaketlerini ve n\u00fckleer tehditleri tart\u0131\u015farak farelerin insanlardan daha \u00fcst\u00fcn bir t\u00fcr olarak d\u00fcnyay\u0131 devralaca\u011f\u0131n\u0131 savunur. Bu diyaloglar, insan\u0131n do\u011faya kar\u015f\u0131 sorumsuzlu\u011funu ve kendi sonunu haz\u0131rlad\u0131\u011f\u0131n\u0131 vurgular. Roman\u0131, Gotthold Ephraim Lessing\u2019in \u201cinsanl\u0131\u011f\u0131n e\u011fitimi\u201d anlay\u0131\u015f\u0131na bir tezat olarak kurgulayan Grass\u2019a g\u00f6re insanl\u0131k, Ayd\u0131nlanma \u00c7a\u011f\u0131\u2019nda edindi\u011fi erdemlere ra\u011fmen \u015fiddet ve tahribat e\u011filimlerinden kurtulamam\u0131\u015ft\u0131r. \u0130nsanl\u0131k ve do\u011fa aras\u0131ndaki karma\u015f\u0131k ili\u015fkiyi sorgularken bilinmeyenle dolu bir d\u00fcnyaya kap\u0131 aralayan Grass; masal, seyahatname ve s\u00fcrrealist roman unsurlar\u0131n\u0131 harmanlayarak \u00e7ok katmanl\u0131 bir anlat\u0131 sunuyor.<\/p>\n","protected":false},"excerpt":{"rendered":"<p>Nobel \u00f6d\u00fcll\u00fc G\u00fcnter Grass\u2019\u0131n 1986\u2019da yay\u0131mlanan Di\u015fi Fare\u2019si, insanl\u0131\u011f\u0131n sonunu ve ard\u0131nda y\u00fckselen yeni bir uygarl\u0131\u011f\u0131 anlatan apokaliptik bir romand\u0131r. Mizah ve ciddiyetin i\u00e7 i\u00e7e ge\u00e7ti\u011fi,<span class=\"excerpt-hellip\"> [\u2026]<\/span><\/p>\n","protected":false},"featured_media":0,"template":"","meta":{"_monsterinsights_skip_tracking":false,"_monsterinsights_sitenote_active":false,"_monsterinsights_sitenote_note":"","_monsterinsights_sitenote_category":0},"product_brand":[],"product_cat":[12291,12711],"product_tag":[],"class_list":{"0":"post-779393","1":"product","2":"type-product","3":"status-publish","5":"product_cat-edebiyat","6":"product_cat-roman-oyku","7":"pa_cilt-ciltsiz","8":"pa_tur-kitap","9":"pa_yayinevi-everest-yayinlari","10":"pa_yazar-gunter-grass","12":"first","13":"instock","14":"sale","15":"shipping-taxable","16":"purchasable","17":"product-type-simple"},"_links":{"self":[{"href":"https:\/\/roveyayinevi.com.tr\/index.php\/wp-json\/wp\/v2\/product\/779393","targetHints":{"allow":["GET"]}}],"collection":[{"href":"https:\/\/roveyayinevi.com.tr\/index.php\/wp-json\/wp\/v2\/product"}],"about":[{"href":"https:\/\/roveyayinevi.com.tr\/index.php\/wp-json\/wp\/v2\/types\/product"}],"wp:attachment":[{"href":"https:\/\/roveyayinevi.com.tr\/index.php\/wp-json\/wp\/v2\/media?parent=779393"}],"wp:term":[{"taxonomy":"product_brand","embeddable":true,"href":"https:\/\/roveyayinevi.com.tr\/index.php\/wp-json\/wp\/v2\/product_brand?post=779393"},{"taxonomy":"product_cat","embeddable":true,"href":"https:\/\/roveyayinevi.com.tr\/index.php\/wp-json\/wp\/v2\/product_cat?post=779393"},{"taxonomy":"product_tag","embeddable":true,"href":"https:\/\/roveyayinevi.com.tr\/index.php\/wp-json\/wp\/v2\/product_tag?post=779393"}],"curies":[{"name":"wp","href":"https:\/\/api.w.org\/{rel}","templated":true}]}}