{"id":779385,"date":"2025-12-30T11:51:12","date_gmt":"2025-12-30T08:51:12","guid":{"rendered":"https:\/\/roveyayinevi.com.tr\/index.php\/urun\/yurekten-dokulen-satirlar\/"},"modified":"2026-04-15T03:43:42","modified_gmt":"2026-04-15T00:43:42","slug":"yurekten-dokulen-satirlar","status":"publish","type":"product","link":"https:\/\/roveyayinevi.com.tr\/index.php\/urun\/yurekten-dokulen-satirlar\/","title":{"rendered":"Y\u00fcrekten D\u00f6k\u00fclen Sat\u0131rlar"},"content":{"rendered":"<p>H\u0130\u00c7 B\u0130LMEM NEREDE NEREYE   Sessiz gecelerde&#8230; Iss\u0131z gecelerde &#8230; Sensiz gecelerde&#8230; Kalbim ellerimde Kulaklar\u0131m sessiz seslerde G\u00f6zlerim karanl\u0131k g\u00f6zlerde Dilim kar\u0131\u015f\u0131k s\u00f6zlerde Burnumun dire\u011fi s\u0131zlar sensiz hecelerde Ayaklar\u0131m g\u00f6t\u00fcr\u00fcr garip ummanlara Ellerim kalemimde Histerik \u015fiirlere, G\u00f6t\u00fcr\u00fcr bu yol, Hi\u00e7 bilmem nerede Nereye? <\/p>\n","protected":false},"excerpt":{"rendered":"<p>H\u0130\u00c7 B\u0130LMEM NEREDE NEREYE Sessiz gecelerde&#8230; Iss\u0131z gecelerde &#8230; Sensiz gecelerde&#8230; Kalbim ellerimde Kulaklar\u0131m sessiz seslerde G\u00f6zlerim karanl\u0131k g\u00f6zlerde Dilim kar\u0131\u015f\u0131k s\u00f6zlerde Burnumun dire\u011fi s\u0131zlar sensiz<span class=\"excerpt-hellip\"> [\u2026]<\/span><\/p>\n","protected":false},"featured_media":0,"template":"","meta":{"_monsterinsights_skip_tracking":false,"_monsterinsights_sitenote_active":false,"_monsterinsights_sitenote_note":"","_monsterinsights_sitenote_category":0},"product_brand":[],"product_cat":[12291,12509],"product_tag":[],"class_list":{"0":"post-779385","1":"product","2":"type-product","3":"status-publish","5":"product_cat-edebiyat","6":"product_cat-siir","7":"pa_cilt-ciltsiz","8":"pa_tur-kitap","9":"pa_yayinevi-gulnar-yayinlari","10":"pa_yazar-busra-baddal","12":"first","13":"instock","14":"sale","15":"shipping-taxable","16":"purchasable","17":"product-type-simple"},"_links":{"self":[{"href":"https:\/\/roveyayinevi.com.tr\/index.php\/wp-json\/wp\/v2\/product\/779385","targetHints":{"allow":["GET"]}}],"collection":[{"href":"https:\/\/roveyayinevi.com.tr\/index.php\/wp-json\/wp\/v2\/product"}],"about":[{"href":"https:\/\/roveyayinevi.com.tr\/index.php\/wp-json\/wp\/v2\/types\/product"}],"wp:attachment":[{"href":"https:\/\/roveyayinevi.com.tr\/index.php\/wp-json\/wp\/v2\/media?parent=779385"}],"wp:term":[{"taxonomy":"product_brand","embeddable":true,"href":"https:\/\/roveyayinevi.com.tr\/index.php\/wp-json\/wp\/v2\/product_brand?post=779385"},{"taxonomy":"product_cat","embeddable":true,"href":"https:\/\/roveyayinevi.com.tr\/index.php\/wp-json\/wp\/v2\/product_cat?post=779385"},{"taxonomy":"product_tag","embeddable":true,"href":"https:\/\/roveyayinevi.com.tr\/index.php\/wp-json\/wp\/v2\/product_tag?post=779385"}],"curies":[{"name":"wp","href":"https:\/\/api.w.org\/{rel}","templated":true}]}}