{"id":779379,"date":"2025-12-30T11:50:56","date_gmt":"2025-12-30T08:50:56","guid":{"rendered":"https:\/\/roveyayinevi.com.tr\/index.php\/urun\/10-sinif-kimya\/"},"modified":"2026-01-30T04:15:50","modified_gmt":"2026-01-30T01:15:50","slug":"10-sinif-kimya","status":"publish","type":"product","link":"https:\/\/roveyayinevi.com.tr\/index.php\/urun\/10-sinif-kimya\/","title":{"rendered":"10. S\u0131n\u0131f Kimya"},"content":{"rendered":"<p>Kimyan\u0131n b\u00fcy\u00fcleyici d\u00fcnyas\u0131n\u0131 ke\u015ffederken art\u0131k daha anla\u015f\u0131l\u0131r, daha e\u011flenceli ve daha verimli bir \u00f6\u011frenme deneyimi seni bekliyor! Bu kitap, Maarif Modeli\u2019ne tam uyumlu olarak haz\u0131rlanm\u0131\u015f; konu anlat\u0131mlar\u0131, etkinlikleri ve sorular\u0131 ile hem \u00f6\u011fretici hem de yol g\u00f6sterici bir kaynak sunuyor. \u00d6ne \u00c7\u0131kan \u00d6zellikler: Maarif Modele Uygun: Program kazan\u0131mlar\u0131na birebir uygun, g\u00fcncel ve g\u00fcvenilir i\u00e7erik. Zengin G\u00f6rsel \u0130\u00e7erik: Konular\u0131n kolay anla\u015f\u0131lmas\u0131n\u0131 sa\u011flayan grafikler, tablolar ve g\u00f6rseller. Karekodlu Etkinlik ve Animasyonlar: An\u0131nda ula\u015fabilece\u011fin etkile\u015fimli i\u00e7erikler ile \u00f6\u011frenmeyi peki\u015ftir. Zengin Konu ve Soru \u0130\u00e7eri\u011fi: Her seviyeye hitap eden konu \u00f6zetleri ve s\u0131nav tarz\u0131 sorular. Video \u00c7\u00f6z\u00fcml\u00fc Sorular: Zorland\u0131\u011f\u0131n her sorunun \u00e7\u00f6z\u00fcm\u00fcne QR kodlarla h\u0131zl\u0131 eri\u015fim.  Bu kitap, hem okul derslerinde ba\u015far\u0131y\u0131 art\u0131rmak hem de s\u0131navlara eksiksiz haz\u0131rlanmak isteyen \u00f6\u011frenciler i\u00e7in g\u00fcvenilir bir rehber. <\/p>\n","protected":false},"excerpt":{"rendered":"<p>Kimyan\u0131n b\u00fcy\u00fcleyici d\u00fcnyas\u0131n\u0131 ke\u015ffederken art\u0131k daha anla\u015f\u0131l\u0131r, daha e\u011flenceli ve daha verimli bir \u00f6\u011frenme deneyimi seni bekliyor! Bu kitap, Maarif Modeli\u2019ne tam uyumlu olarak haz\u0131rlanm\u0131\u015f; konu<span class=\"excerpt-hellip\"> [\u2026]<\/span><\/p>\n","protected":false},"featured_media":0,"template":"","meta":{"_monsterinsights_skip_tracking":false,"_monsterinsights_sitenote_active":false,"_monsterinsights_sitenote_note":"","_monsterinsights_sitenote_category":0},"product_brand":[],"product_cat":[12566],"product_tag":[],"class_list":{"0":"post-779379","1":"product","2":"type-product","3":"status-publish","5":"product_cat-egitim","6":"pa_cilt-ciltsiz","7":"pa_tur-kitap","8":"pa_yayinevi-vova-yayinlari","9":"pa_yazar-emrah-savrik","11":"first","12":"instock","13":"sale","14":"shipping-taxable","15":"purchasable","16":"product-type-simple"},"_links":{"self":[{"href":"https:\/\/roveyayinevi.com.tr\/index.php\/wp-json\/wp\/v2\/product\/779379","targetHints":{"allow":["GET"]}}],"collection":[{"href":"https:\/\/roveyayinevi.com.tr\/index.php\/wp-json\/wp\/v2\/product"}],"about":[{"href":"https:\/\/roveyayinevi.com.tr\/index.php\/wp-json\/wp\/v2\/types\/product"}],"wp:attachment":[{"href":"https:\/\/roveyayinevi.com.tr\/index.php\/wp-json\/wp\/v2\/media?parent=779379"}],"wp:term":[{"taxonomy":"product_brand","embeddable":true,"href":"https:\/\/roveyayinevi.com.tr\/index.php\/wp-json\/wp\/v2\/product_brand?post=779379"},{"taxonomy":"product_cat","embeddable":true,"href":"https:\/\/roveyayinevi.com.tr\/index.php\/wp-json\/wp\/v2\/product_cat?post=779379"},{"taxonomy":"product_tag","embeddable":true,"href":"https:\/\/roveyayinevi.com.tr\/index.php\/wp-json\/wp\/v2\/product_tag?post=779379"}],"curies":[{"name":"wp","href":"https:\/\/api.w.org\/{rel}","templated":true}]}}