{"id":779374,"date":"2025-12-30T11:50:42","date_gmt":"2025-12-30T08:50:42","guid":{"rendered":"https:\/\/roveyayinevi.com.tr\/index.php\/urun\/kare-kitap\/"},"modified":"2026-04-15T03:43:38","modified_gmt":"2026-04-15T00:43:38","slug":"kare-kitap","status":"publish","type":"product","link":"https:\/\/roveyayinevi.com.tr\/index.php\/urun\/kare-kitap\/","title":{"rendered":"Kare Kitap"},"content":{"rendered":"<p>\u201cHer \u015fey ne acayip oldu, ya\u015fama sevincimi kaybettim ben! Yava\u015f yava\u015f ger\u00e7ekle\u015fti bu ve nas\u0131l oldu\u011funu asla anlayamad\u0131m! Atom gibiydim eskiden! Pandemiden etkilenmedi\u011fimi d\u00fc\u015f\u00fcn\u00fcyordum fakat iki senede g\u00fcnden g\u00fcne bittim bence ben! B\u00fcy\u00fck bittim! Yine de her \u015feye ra\u011fmen hayata bir yerlerden tutunmaya \u00e7al\u0131\u015f\u0131yorum! Fakat uzatmalar\u0131 oynad\u0131\u011f\u0131m hissiyat\u0131ndan da bir t\u00fcrl\u00fc kurtulam\u0131yorum! Oyuna devam ama e\u011flendi\u011fimden de\u011fil! Al\u0131\u015fkanl\u0131km\u0131\u015f hep me\u011fersem! Geri say\u0131m ba\u015flam\u0131\u015f, anlamam\u0131\u015f\u0131m! \u00c7ok e\u011flendi\u011fim zamanlar \u015fimdi \u00e7ok uzak g\u00f6r\u00fcn\u00fcyor bana! Sanki hep \u00f6yle s\u00fcrecek gibiydi hayat! S\u00fcrmedi ama!\u201d <\/p>\n","protected":false},"excerpt":{"rendered":"<p>\u201cHer \u015fey ne acayip oldu, ya\u015fama sevincimi kaybettim ben! Yava\u015f yava\u015f ger\u00e7ekle\u015fti bu ve nas\u0131l oldu\u011funu asla anlayamad\u0131m! Atom gibiydim eskiden! Pandemiden etkilenmedi\u011fimi d\u00fc\u015f\u00fcn\u00fcyordum fakat iki<span class=\"excerpt-hellip\"> [\u2026]<\/span><\/p>\n","protected":false},"featured_media":0,"template":"","meta":{"_monsterinsights_skip_tracking":false,"_monsterinsights_sitenote_active":false,"_monsterinsights_sitenote_note":"","_monsterinsights_sitenote_category":0},"product_brand":[],"product_cat":[12291,14825],"product_tag":[],"class_list":{"0":"post-779374","1":"product","2":"type-product","3":"status-publish","5":"product_cat-edebiyat","6":"product_cat-mizah","7":"pa_cilt-ciltsiz","8":"pa_tur-kitap","9":"pa_yayinevi-epsilon-yayinlari","10":"pa_yazar-alpay-erdem","12":"first","13":"instock","14":"sale","15":"shipping-taxable","16":"purchasable","17":"product-type-simple"},"_links":{"self":[{"href":"https:\/\/roveyayinevi.com.tr\/index.php\/wp-json\/wp\/v2\/product\/779374","targetHints":{"allow":["GET"]}}],"collection":[{"href":"https:\/\/roveyayinevi.com.tr\/index.php\/wp-json\/wp\/v2\/product"}],"about":[{"href":"https:\/\/roveyayinevi.com.tr\/index.php\/wp-json\/wp\/v2\/types\/product"}],"wp:attachment":[{"href":"https:\/\/roveyayinevi.com.tr\/index.php\/wp-json\/wp\/v2\/media?parent=779374"}],"wp:term":[{"taxonomy":"product_brand","embeddable":true,"href":"https:\/\/roveyayinevi.com.tr\/index.php\/wp-json\/wp\/v2\/product_brand?post=779374"},{"taxonomy":"product_cat","embeddable":true,"href":"https:\/\/roveyayinevi.com.tr\/index.php\/wp-json\/wp\/v2\/product_cat?post=779374"},{"taxonomy":"product_tag","embeddable":true,"href":"https:\/\/roveyayinevi.com.tr\/index.php\/wp-json\/wp\/v2\/product_tag?post=779374"}],"curies":[{"name":"wp","href":"https:\/\/api.w.org\/{rel}","templated":true}]}}