{"id":779351,"date":"2025-12-30T11:49:00","date_gmt":"2025-12-30T08:49:00","guid":{"rendered":"https:\/\/roveyayinevi.com.tr\/index.php\/urun\/big-block-books-hayvanlar-animal\/"},"modified":"2026-04-15T03:43:06","modified_gmt":"2026-04-15T00:43:06","slug":"big-block-books-hayvanlar-animal","status":"publish","type":"product","link":"https:\/\/roveyayinevi.com.tr\/index.php\/urun\/big-block-books-hayvanlar-animal\/","title":{"rendered":"Big Block Books Hayvanlar (Animal)"},"content":{"rendered":"<p>Hayvanlar D\u00fcnyas\u0131n\u0131 \u0130ki Dilde Ke\u015ffet!   50 hayvan kavram\u0131, \u00e7ift dilde ilk kelimeler.   Hayvanlar kitab\u0131, \u00e7ocuklar\u0131 sevimli ve merak uyand\u0131r\u0131c\u0131 bir yolculu\u011fa \u00e7\u0131kar\u0131yor. Evcil hayvanlardan \u00e7iftlik hayvanlar\u0131na, vah\u015fi do\u011fadan su alt\u0131 canl\u0131lar\u0131na kadar 50 farkl\u0131 hayvan\u0131 T\u00fcrk\u00e7e ve \u0130ngilizce olarak \u00f6\u011frenen minikler, kitap sayesinde \u00e7evrelerindeki canl\u0131lar\u0131 daha yak\u0131ndan tan\u0131yor.   Canl\u0131 renkler ve net \u00e7izimlerle haz\u0131rlanan sayfalar, \u00f6\u011frenmeyi keyifli hale getirirken dokunarak ke\u015ffetmeyi de te\u015fvik ediyor. Dil geli\u015fimini destekleyen bu kitap, miniklerin hayal g\u00fcc\u00fcn\u00fc zenginle\u015ftiriyor ve kitap sevgisini peki\u015ftiriyor.       Kazan\u0131mlar:   Hayvan \u00e7e\u015fitlerini tan\u0131ma ve s\u0131n\u0131fland\u0131rma becerisi kazanma   T\u00fcrk\u00e7e\u2013\u0130ngilizce kelime bilgisini geni\u015fletme   Do\u011faya ve hayvanlara kar\u015f\u0131 ilgi ve sevgi geli\u015ftirme   G\u00f6rsel haf\u0131za ve dikkat becerisini peki\u015ftirme <\/p>\n","protected":false},"excerpt":{"rendered":"<p>Hayvanlar D\u00fcnyas\u0131n\u0131 \u0130ki Dilde Ke\u015ffet! 50 hayvan kavram\u0131, \u00e7ift dilde ilk kelimeler. Hayvanlar kitab\u0131, \u00e7ocuklar\u0131 sevimli ve merak uyand\u0131r\u0131c\u0131 bir yolculu\u011fa \u00e7\u0131kar\u0131yor. Evcil hayvanlardan \u00e7iftlik hayvanlar\u0131na,<span class=\"excerpt-hellip\"> [\u2026]<\/span><\/p>\n","protected":false},"featured_media":0,"template":"","meta":{"_monsterinsights_skip_tracking":false,"_monsterinsights_sitenote_active":false,"_monsterinsights_sitenote_note":"","_monsterinsights_sitenote_category":0},"product_brand":[],"product_cat":[12274,12284],"product_tag":[],"class_list":{"0":"post-779351","1":"product","2":"type-product","3":"status-publish","5":"product_cat-cocuk-ve-genclik-kitaplari","6":"product_cat-hikayeler","7":"pa_cilt-ciltli","8":"pa_tur-kitap","9":"pa_yayinevi-ucan-fil-yayinlari","10":"pa_yazar-kolektif","12":"first","13":"instock","14":"sale","15":"shipping-taxable","16":"purchasable","17":"product-type-simple"},"_links":{"self":[{"href":"https:\/\/roveyayinevi.com.tr\/index.php\/wp-json\/wp\/v2\/product\/779351","targetHints":{"allow":["GET"]}}],"collection":[{"href":"https:\/\/roveyayinevi.com.tr\/index.php\/wp-json\/wp\/v2\/product"}],"about":[{"href":"https:\/\/roveyayinevi.com.tr\/index.php\/wp-json\/wp\/v2\/types\/product"}],"wp:attachment":[{"href":"https:\/\/roveyayinevi.com.tr\/index.php\/wp-json\/wp\/v2\/media?parent=779351"}],"wp:term":[{"taxonomy":"product_brand","embeddable":true,"href":"https:\/\/roveyayinevi.com.tr\/index.php\/wp-json\/wp\/v2\/product_brand?post=779351"},{"taxonomy":"product_cat","embeddable":true,"href":"https:\/\/roveyayinevi.com.tr\/index.php\/wp-json\/wp\/v2\/product_cat?post=779351"},{"taxonomy":"product_tag","embeddable":true,"href":"https:\/\/roveyayinevi.com.tr\/index.php\/wp-json\/wp\/v2\/product_tag?post=779351"}],"curies":[{"name":"wp","href":"https:\/\/api.w.org\/{rel}","templated":true}]}}