{"id":779346,"date":"2025-12-30T11:47:56","date_gmt":"2025-12-30T08:47:56","guid":{"rendered":"https:\/\/roveyayinevi.com.tr\/index.php\/urun\/bir-hackerin-gizli-defteri\/"},"modified":"2026-04-15T03:43:03","modified_gmt":"2026-04-15T00:43:03","slug":"bir-hackerin-gizli-defteri","status":"publish","type":"product","link":"https:\/\/roveyayinevi.com.tr\/index.php\/urun\/bir-hackerin-gizli-defteri\/","title":{"rendered":"Bir Hacker&#8217;\u0131n Gizli Defteri"},"content":{"rendered":"<p>\u201cBeyaz, siyah ve gri&#8230;\u201d Siber d\u00fcnyan\u0131n derinliklerine do\u011fru \u00e7\u0131kt\u0131\u011f\u0131m\u0131z bu yolculukta yaln\u0131zca hacker\u2019lar\u0131n ya\u015famlar\u0131na \u015fahitlik etmekle kalmay\u0131p onlar\u0131n kendileri i\u00e7in benimsemi\u015f olduklar\u0131 renkleri de tan\u0131m\u0131\u015f olacaks\u0131n\u0131z. Bu renkler sadece birer tan\u0131mlama de\u011fil, ayn\u0131 zamanda etik pusulas\u0131n\u0131 elinde tutanlar\u0131n ya da g\u00f6rmezden gelenlerin hik\u00e2yesidir. Bu kitap, teknolojiye olan tutkular\u0131 ve bilgiye duyduklar\u0131 a\u00e7l\u0131kla yola \u00e7\u0131kan gen\u00e7lerin hayatlar\u0131n\u0131 nas\u0131l bir d\u00f6n\u00fcm noktas\u0131na getirdiklerini anlat\u0131yor. Beyaz \u015fapka giyenler; bilgiyi iyilik i\u00e7in kullanan, karanl\u0131k g\u00fc\u00e7lere kar\u015f\u0131 sava\u015f a\u00e7an modern \u00e7a\u011f\u0131n \u015f\u00f6valyeleridir. Onlar sistemleri korur, a\u00e7\u0131klar\u0131 kapat\u0131r ve adalet i\u00e7in \u00e7al\u0131\u015f\u0131rlar. Ba\u015flar\u0131na gelenler \u00e7o\u011fu zaman yasal ve etik s\u0131n\u0131rlar i\u00e7inde kalmalar\u0131n\u0131 sa\u011flayan birer tecr\u00fcbedir. Bu hik\u00e2yelerde, do\u011fru kararlar\u0131n nas\u0131l huzurlu bir ya\u015fam\u0131n kap\u0131s\u0131n\u0131 aralad\u0131\u011f\u0131n\u0131 g\u00f6receksiniz. Siyah \u015fapka giyenler ise yeteneklerini ki\u015fisel kazan\u00e7, intikam ya da sadece y\u0131k\u0131m i\u00e7in kullananlard\u0131r. Onlar i\u00e7in siber d\u00fcnya, kurallar\u0131n olmad\u0131\u011f\u0131 bir av sahas\u0131d\u0131r. Bu hik\u00e2yeler, k\u0131sa vadeli ba\u015far\u0131lar\u0131n uzun vadede nas\u0131l bir yaln\u0131zl\u0131k, pi\u015fmanl\u0131k ve hapis hayat\u0131na yol a\u00e7t\u0131\u011f\u0131n\u0131 g\u00f6zler \u00f6n\u00fcne seriyor. Onlar\u0131n hik\u00e2yesi, teknolojinin k\u00f6t\u00fcye kullan\u0131m\u0131n\u0131n bireysel ve toplumsal sonu\u00e7lar\u0131n\u0131 ac\u0131 bir \u015fekilde g\u00f6steriyor. Ve son olarak gri \u015fapka giyenler&#8230; Onlar, iyiyle k\u00f6t\u00fc aras\u0131ndaki ince \u00e7izgide y\u00fcr\u00fcyenlerdir. Bazen bir sistemi sahibinin izni olmadan test eder, bulduklar\u0131 a\u00e7\u0131\u011f\u0131 bildirmeden \u00f6nce bir bedel talep ederler. Bu hik\u00e2yeler, ahlak\u00ce gri alanda kalman\u0131n getirdi\u011fi belirsizlikleri, yasal sorunlar\u0131 ve kendileriyle verdikleri i\u00e7 m\u00fccadeleleri anlat\u0131yor.<\/p>\n","protected":false},"excerpt":{"rendered":"<p>\u201cBeyaz, siyah ve gri&#8230;\u201d Siber d\u00fcnyan\u0131n derinliklerine do\u011fru \u00e7\u0131kt\u0131\u011f\u0131m\u0131z bu yolculukta yaln\u0131zca hacker\u2019lar\u0131n ya\u015famlar\u0131na \u015fahitlik etmekle kalmay\u0131p onlar\u0131n kendileri i\u00e7in benimsemi\u015f olduklar\u0131 renkleri de tan\u0131m\u0131\u015f olacaks\u0131n\u0131z.<span class=\"excerpt-hellip\"> [\u2026]<\/span><\/p>\n","protected":false},"featured_media":0,"template":"","meta":{"_monsterinsights_skip_tracking":false,"_monsterinsights_sitenote_active":false,"_monsterinsights_sitenote_note":"","_monsterinsights_sitenote_category":0},"product_brand":[],"product_cat":[12291,18202],"product_tag":[],"class_list":{"0":"post-779346","1":"product","2":"type-product","3":"status-publish","5":"product_cat-edebiyat","6":"product_cat-hikaye","7":"pa_cilt-ciltsiz","8":"pa_tur-kitap","9":"pa_yayinevi-dikkat-atolyesi-yayinlari","10":"pa_yazar-murat-culha","12":"first","13":"instock","14":"sale","15":"shipping-taxable","16":"purchasable","17":"product-type-simple"},"_links":{"self":[{"href":"https:\/\/roveyayinevi.com.tr\/index.php\/wp-json\/wp\/v2\/product\/779346","targetHints":{"allow":["GET"]}}],"collection":[{"href":"https:\/\/roveyayinevi.com.tr\/index.php\/wp-json\/wp\/v2\/product"}],"about":[{"href":"https:\/\/roveyayinevi.com.tr\/index.php\/wp-json\/wp\/v2\/types\/product"}],"wp:attachment":[{"href":"https:\/\/roveyayinevi.com.tr\/index.php\/wp-json\/wp\/v2\/media?parent=779346"}],"wp:term":[{"taxonomy":"product_brand","embeddable":true,"href":"https:\/\/roveyayinevi.com.tr\/index.php\/wp-json\/wp\/v2\/product_brand?post=779346"},{"taxonomy":"product_cat","embeddable":true,"href":"https:\/\/roveyayinevi.com.tr\/index.php\/wp-json\/wp\/v2\/product_cat?post=779346"},{"taxonomy":"product_tag","embeddable":true,"href":"https:\/\/roveyayinevi.com.tr\/index.php\/wp-json\/wp\/v2\/product_tag?post=779346"}],"curies":[{"name":"wp","href":"https:\/\/api.w.org\/{rel}","templated":true}]}}