{"id":779324,"date":"2025-12-30T11:43:42","date_gmt":"2025-12-30T08:43:42","guid":{"rendered":"https:\/\/roveyayinevi.com.tr\/index.php\/urun\/google-tabanli-kisisellestirilmis-haritalama-uygulamalari\/"},"modified":"2026-04-15T03:39:20","modified_gmt":"2026-04-15T00:39:20","slug":"google-tabanli-kisisellestirilmis-haritalama-uygulamalari","status":"publish","type":"product","link":"https:\/\/roveyayinevi.com.tr\/index.php\/urun\/google-tabanli-kisisellestirilmis-haritalama-uygulamalari\/","title":{"rendered":"Google Tabanl\u0131 Ki\u015fiselle\u015ftirilmi\u015f Haritalama Uygulamalar\u0131"},"content":{"rendered":"<p>\u0130\u00e7indekiler :            1.G\u0130R\u0130\u015e               2.WEB HAR\u0130TALARI          3.GOOGLE HARITALARI          4.GOOGLE HAR\u0130TALARI UYGULAMALARI \u00d6RNEKLER\u0130          5.UYGULAMA          6. SONU\u00c7 <\/p>\n","protected":false},"excerpt":{"rendered":"<p>\u0130\u00e7indekiler : 1.G\u0130R\u0130\u015e 2.WEB HAR\u0130TALARI 3.GOOGLE HARITALARI 4.GOOGLE HAR\u0130TALARI UYGULAMALARI \u00d6RNEKLER\u0130 5.UYGULAMA 6. SONU\u00c7<\/p>\n","protected":false},"featured_media":0,"template":"","meta":{"_monsterinsights_skip_tracking":false,"_monsterinsights_sitenote_active":false,"_monsterinsights_sitenote_note":"","_monsterinsights_sitenote_category":0},"product_brand":[],"product_cat":[13005,37328],"product_tag":[],"class_list":{"0":"post-779324","1":"product","2":"type-product","3":"status-publish","5":"product_cat-bilim-muhendislik","6":"product_cat-diger-bilim-muhendislik","7":"pa_cilt-ciltsiz","8":"pa_tur-kitap","9":"pa_yayinevi-gazi-kitabevi","10":"pa_yazar-mehmet-tevfik-agdas","12":"first","13":"instock","14":"sale","15":"shipping-taxable","16":"purchasable","17":"product-type-simple"},"_links":{"self":[{"href":"https:\/\/roveyayinevi.com.tr\/index.php\/wp-json\/wp\/v2\/product\/779324","targetHints":{"allow":["GET"]}}],"collection":[{"href":"https:\/\/roveyayinevi.com.tr\/index.php\/wp-json\/wp\/v2\/product"}],"about":[{"href":"https:\/\/roveyayinevi.com.tr\/index.php\/wp-json\/wp\/v2\/types\/product"}],"wp:attachment":[{"href":"https:\/\/roveyayinevi.com.tr\/index.php\/wp-json\/wp\/v2\/media?parent=779324"}],"wp:term":[{"taxonomy":"product_brand","embeddable":true,"href":"https:\/\/roveyayinevi.com.tr\/index.php\/wp-json\/wp\/v2\/product_brand?post=779324"},{"taxonomy":"product_cat","embeddable":true,"href":"https:\/\/roveyayinevi.com.tr\/index.php\/wp-json\/wp\/v2\/product_cat?post=779324"},{"taxonomy":"product_tag","embeddable":true,"href":"https:\/\/roveyayinevi.com.tr\/index.php\/wp-json\/wp\/v2\/product_tag?post=779324"}],"curies":[{"name":"wp","href":"https:\/\/api.w.org\/{rel}","templated":true}]}}