{"id":779321,"date":"2025-12-30T11:43:33","date_gmt":"2025-12-30T08:43:33","guid":{"rendered":"https:\/\/roveyayinevi.com.tr\/index.php\/urun\/baba-sana-ihtiyacim-var-baba-ve-cocuk-psikolojisi\/"},"modified":"2026-04-15T03:39:19","modified_gmt":"2026-04-15T00:39:19","slug":"baba-sana-ihtiyacim-var-baba-ve-cocuk-psikolojisi","status":"publish","type":"product","link":"https:\/\/roveyayinevi.com.tr\/index.php\/urun\/baba-sana-ihtiyacim-var-baba-ve-cocuk-psikolojisi\/","title":{"rendered":"Baba Sana \u0130htiyac\u0131m Var &#8211; Baba ve \u00c7ocuk Psikolojisi"},"content":{"rendered":"<p>\u00c7\u00fcnk\u00fc bir \u00e7ocu\u011fun i\u00e7 sesi bazen yaln\u0131zca babas\u0131na f\u0131s\u0131ldar&#8230; Bir \u00e7ocuk, kendini de\u011ferli hissetmeyi ilk kez babas\u0131n\u0131n g\u00f6zlerinde \u00f6\u011frenir. Cesaretini onun omzunda fark eder, s\u0131n\u0131rlar\u0131n\u0131 onun sesiyle tan\u0131r. Ama bazen babalar, bu g\u00f6r\u00fcnmez etkilerinin fark\u0131nda bile de\u011fildir. Bu kitap; Yaln\u0131zca babal\u0131\u011f\u0131n ne oldu\u011funu de\u011fil ne olabilece\u011fini de g\u00f6steriyor. \u00c7ocu\u011fun ki\u015fili\u011finde, kararlar\u0131nda, duygular\u0131nda ve hatta gelecekteki ba\u011flar\u0131nda babal\u0131\u011f\u0131n nas\u0131l k\u00f6k sald\u0131\u011f\u0131n\u0131 bilimsel veriler, ger\u00e7ek hayat hik\u00e2yeleri ve pratik \u00f6neriler e\u015fli\u011finde anlat\u0131yor. &#8220;Kurallar\u0131 ben koyuyorum, o bozuyor.&#8221; diyen anneler, &#8220;Babam beni ger\u00e7ekten duyuyor mu?&#8221; diye d\u00fc\u015f\u00fcnen \u00e7ocuklar, \u201c\u0130yi bir baba olmak istiyorum ama nereden ba\u015flayaca\u011f\u0131m\u0131 bilmiyorum.&#8221; diyen babalar d\u00e2hil \u00e7ocu\u011fun d\u00fcnyas\u0131n\u0131 anlamak isteyen herkese hitap ediyor. Babal\u0131k sadece bir sorumluluk de\u011fil, bir \u00e7ocu\u011fun hayat yolunda, yan\u0131nda y\u00fcr\u00fcme f\u0131rsat\u0131d\u0131r. Bu kitap; ilk ad\u0131mlardan ergenli\u011fe, k\u00fc\u00e7\u00fck anlardan kal\u0131c\u0131 izlere uzanan bir yolculukta, do\u011fru ad\u0131mlar atmak isteyen herkes i\u00e7in samimi, kapsaml\u0131 ve ilham verici bir rehberdir. Unutmay\u0131n ki g\u00fc\u00e7l\u00fc bir ailenin temeli baban\u0131n sevgisiyle at\u0131l\u0131r, deste\u011fiyle b\u00fcy\u00fcr! \u015eimdi bu yolculu\u011fa \u00e7\u0131k\u0131n ve birlikte &#8220;\u0130yi ki vars\u0131n, baba!&#8221; dedirten an\u0131lar biriktirin!<\/p>\n","protected":false},"excerpt":{"rendered":"<p>\u00c7\u00fcnk\u00fc bir \u00e7ocu\u011fun i\u00e7 sesi bazen yaln\u0131zca babas\u0131na f\u0131s\u0131ldar&#8230; Bir \u00e7ocuk, kendini de\u011ferli hissetmeyi ilk kez babas\u0131n\u0131n g\u00f6zlerinde \u00f6\u011frenir. Cesaretini onun omzunda fark eder, s\u0131n\u0131rlar\u0131n\u0131 onun<span class=\"excerpt-hellip\"> [\u2026]<\/span><\/p>\n","protected":false},"featured_media":0,"template":"","meta":{"_monsterinsights_skip_tracking":false,"_monsterinsights_sitenote_active":false,"_monsterinsights_sitenote_note":"","_monsterinsights_sitenote_category":0},"product_brand":[],"product_cat":[12679,12357],"product_tag":[],"class_list":{"0":"post-779321","1":"product","2":"type-product","3":"status-publish","5":"product_cat-cocuk-psikolojisi","6":"product_cat-psikoloji","7":"pa_cilt-ciltsiz","8":"pa_tur-kitap","9":"pa_yayinevi-nobel-akademik-yayincilik","10":"pa_yazar-enes-celik","12":"first","13":"instock","14":"sale","15":"shipping-taxable","16":"purchasable","17":"product-type-simple"},"_links":{"self":[{"href":"https:\/\/roveyayinevi.com.tr\/index.php\/wp-json\/wp\/v2\/product\/779321","targetHints":{"allow":["GET"]}}],"collection":[{"href":"https:\/\/roveyayinevi.com.tr\/index.php\/wp-json\/wp\/v2\/product"}],"about":[{"href":"https:\/\/roveyayinevi.com.tr\/index.php\/wp-json\/wp\/v2\/types\/product"}],"wp:attachment":[{"href":"https:\/\/roveyayinevi.com.tr\/index.php\/wp-json\/wp\/v2\/media?parent=779321"}],"wp:term":[{"taxonomy":"product_brand","embeddable":true,"href":"https:\/\/roveyayinevi.com.tr\/index.php\/wp-json\/wp\/v2\/product_brand?post=779321"},{"taxonomy":"product_cat","embeddable":true,"href":"https:\/\/roveyayinevi.com.tr\/index.php\/wp-json\/wp\/v2\/product_cat?post=779321"},{"taxonomy":"product_tag","embeddable":true,"href":"https:\/\/roveyayinevi.com.tr\/index.php\/wp-json\/wp\/v2\/product_tag?post=779321"}],"curies":[{"name":"wp","href":"https:\/\/api.w.org\/{rel}","templated":true}]}}