{"id":779301,"date":"2025-12-30T11:39:34","date_gmt":"2025-12-30T08:39:34","guid":{"rendered":"https:\/\/roveyayinevi.com.tr\/index.php\/urun\/bahce-kardesligi\/"},"modified":"2026-04-15T03:37:15","modified_gmt":"2026-04-15T00:37:15","slug":"bahce-kardesligi","status":"publish","type":"product","link":"https:\/\/roveyayinevi.com.tr\/index.php\/urun\/bahce-kardesligi\/","title":{"rendered":"Bah\u00e7e Karde\u015fli\u011fi"},"content":{"rendered":"<p>\u015eimdi do\u011fayla el ele verin ve kendi harikalar bah\u00e7enizi kurun!   Do\u011fayla uyum i\u00e7inde ya\u015faman\u0131n en g\u00fczel yollar\u0131ndan biri, onu evinizin bir par\u00e7as\u0131 haline getirmektir. Bah\u00e7ecilik sadece toprakla u\u011fra\u015fmak de\u011fil, ayn\u0131 zamanda canl\u0131larla kurulan bir dostluk, ekosistemle \u00f6r\u00fclen bir i\u015fbirli\u011fidir. \u0130\u015fte Bah\u00e7e Karde\u015fli\u011fi, bu do\u011fa dostu yakla\u015f\u0131m\u0131 temel alan, b\u00fct\u00fcnsel bir bah\u00e7ecilik sistemi sunuyor.    Sebzelerin aras\u0131nda a\u00e7an papatyalardan m\u0131s\u0131r\u0131n g\u00f6vdesine sar\u0131lan s\u0131r\u0131k fasulyeye, u\u011furb\u00f6ceklerinden yabanar\u0131lar\u0131na kadar her canl\u0131n\u0131n bir g\u00f6revi, her bitkinin bir yeri var bu sistemde.   Bah\u00e7e Karde\u015fli\u011fi\u2019nde, s\u00fcrd\u00fcr\u00fclebilir bir yakla\u015f\u0131mla topra\u011f\u0131 zenginle\u015ftirmenin, faydal\u0131 b\u00f6cekleri bah\u00e7enize \u00e7ekmenin ve do\u011fan\u0131n ritmiyle hareket ederek sebzeler, aromatik otlar ve \u00e7i\u00e7ekler yeti\u015ftirmenin inceliklerini ke\u015ffedeceksiniz.   Sally Jean Cunningham, k\u00f6\u015fe yazar\u0131, konu\u015fmac\u0131 ve New York\u2019taki  Ulusal Bah\u00e7e Festivali\u2019nin direkt\u00f6r\u00fcd\u00fcr. Organik bah\u00e7ecilik ve do\u011fal tar\u0131m y\u00f6ntemleri konusunda uzman olan Cunningham, bah\u00e7\u0131vanlara do\u011fa dostu \u00e7\u00f6z\u00fcmler ve s\u00fcrd\u00fcr\u00fclebilir bah\u00e7ecilik y\u00f6ntemleri sunmaktad\u0131r. <\/p>\n","protected":false},"excerpt":{"rendered":"<p>\u015eimdi do\u011fayla el ele verin ve kendi harikalar bah\u00e7enizi kurun! Do\u011fayla uyum i\u00e7inde ya\u015faman\u0131n en g\u00fczel yollar\u0131ndan biri, onu evinizin bir par\u00e7as\u0131 haline getirmektir. Bah\u00e7ecilik sadece<span class=\"excerpt-hellip\"> [\u2026]<\/span><\/p>\n","protected":false},"featured_media":0,"template":"","meta":{"_monsterinsights_skip_tracking":false,"_monsterinsights_sitenote_active":false,"_monsterinsights_sitenote_note":"","_monsterinsights_sitenote_category":0},"product_brand":[],"product_cat":[45260,15563],"product_tag":[],"class_list":{"0":"post-779301","1":"product","2":"type-product","3":"status-publish","5":"product_cat-bahce-duzenlemesi","6":"product_cat-hobi","7":"pa_cilt-ciltsiz","8":"pa_tur-kitap","9":"pa_yayinevi-dogan-kitap","10":"pa_yazar-sally-jean-cunningham","12":"first","13":"instock","14":"sale","15":"shipping-taxable","16":"purchasable","17":"product-type-simple"},"_links":{"self":[{"href":"https:\/\/roveyayinevi.com.tr\/index.php\/wp-json\/wp\/v2\/product\/779301","targetHints":{"allow":["GET"]}}],"collection":[{"href":"https:\/\/roveyayinevi.com.tr\/index.php\/wp-json\/wp\/v2\/product"}],"about":[{"href":"https:\/\/roveyayinevi.com.tr\/index.php\/wp-json\/wp\/v2\/types\/product"}],"wp:attachment":[{"href":"https:\/\/roveyayinevi.com.tr\/index.php\/wp-json\/wp\/v2\/media?parent=779301"}],"wp:term":[{"taxonomy":"product_brand","embeddable":true,"href":"https:\/\/roveyayinevi.com.tr\/index.php\/wp-json\/wp\/v2\/product_brand?post=779301"},{"taxonomy":"product_cat","embeddable":true,"href":"https:\/\/roveyayinevi.com.tr\/index.php\/wp-json\/wp\/v2\/product_cat?post=779301"},{"taxonomy":"product_tag","embeddable":true,"href":"https:\/\/roveyayinevi.com.tr\/index.php\/wp-json\/wp\/v2\/product_tag?post=779301"}],"curies":[{"name":"wp","href":"https:\/\/api.w.org\/{rel}","templated":true}]}}