{"id":779273,"date":"2025-12-30T11:32:09","date_gmt":"2025-12-30T08:32:09","guid":{"rendered":"https:\/\/roveyayinevi.com.tr\/index.php\/urun\/insan-ne-ile-yasar-28\/"},"modified":"2026-04-15T03:31:39","modified_gmt":"2026-04-15T00:31:39","slug":"insan-ne-ile-yasar-28","status":"publish","type":"product","link":"https:\/\/roveyayinevi.com.tr\/index.php\/urun\/insan-ne-ile-yasar-28\/","title":{"rendered":"\u0130nsan Ne ile Ya\u015far?"},"content":{"rendered":"<p>\u201cAdama yakla\u015f\u0131p dikkatlice bakt\u0131: V\u00fccudunda yara bere olmayan bir delikanl\u0131yd\u0131 bu. Sadece \u00fc\u015f\u00fcm\u00fc\u015f ve korkmu\u015f g\u00f6r\u00fcn\u00fcyordu. Yorgunluktan g\u00f6zlerini bile kald\u0131ram\u0131yormu\u015f gibi Simon\u2019a bile bakmadan arkas\u0131na yaslanm\u0131\u015f \u00f6ylece oturuyordu. Simon iyice yakla\u015f\u0131nca adam birdenbire uyan\u0131r gibi oldu. Kafas\u0131n\u0131 \u00e7evirdi, g\u00f6zlerini a\u00e7t\u0131 ve Simon\u2019a bakt\u0131. Adam\u0131n daha ilk bak\u0131\u015f\u0131 Simon\u2019un onu sevmesine yetmi\u015fti bile. Kundurac\u0131 ke\u00e7e \u00e7izmeleri yere att\u0131, kemerini \u00e7\u0131kar\u0131p \u00e7izmelerin \u00fcst\u00fcne koydu, ard\u0131ndan kaftan\u0131n\u0131 \u00e7\u0131kard\u0131. \u2013 Sonra konu\u015furuz, dedi, hadi \u00f6nce \u015funu giy bakal\u0131m!\u201d   Tolstoy; \u0130nsana \u00c7ok Toprak Laz\u0131m m\u0131?, Efendi \u0130le U\u015fak, \u00dc\u00e7 Soru adl\u0131 birbirinden g\u00fczel \u00fc\u00e7 \u00f6yk\u00fc ile kitaba da ad\u0131n\u0131 veren \u0130nsan Ne \u0130le Ya\u015far? adl\u0131 e\u015fsiz hik\u00e2yesinde ya\u015fam\u0131n anlam\u0131n\u0131, ya\u015fama amac\u0131m\u0131z\u0131, insano\u011flunun ni\u00e7in yarat\u0131ld\u0131\u011f\u0131 ile ilgili b\u00fct\u00fcn neden ve sonu\u00e7lar\u0131, insanlara nelerin yetti\u011fini\/yetmedi\u011fini, insan\u0131n nas\u0131l bir doyumsuzluk i\u00e7inde oldu\u011funu ve s\u00f6zc\u00fcklerle anlatamad\u0131\u011f\u0131m\u0131z hislerimizi kaleme alarak e\u015fine az rastlan\u0131r bir okuma keyfi sunuyor.<\/p>\n","protected":false},"excerpt":{"rendered":"<p>\u201cAdama yakla\u015f\u0131p dikkatlice bakt\u0131: V\u00fccudunda yara bere olmayan bir delikanl\u0131yd\u0131 bu. Sadece \u00fc\u015f\u00fcm\u00fc\u015f ve korkmu\u015f g\u00f6r\u00fcn\u00fcyordu. Yorgunluktan g\u00f6zlerini bile kald\u0131ram\u0131yormu\u015f gibi Simon\u2019a bile bakmadan arkas\u0131na yaslanm\u0131\u015f<span class=\"excerpt-hellip\"> [\u2026]<\/span><\/p>\n","protected":false},"featured_media":0,"template":"","meta":{"_monsterinsights_skip_tracking":false,"_monsterinsights_sitenote_active":false,"_monsterinsights_sitenote_note":"","_monsterinsights_sitenote_category":0},"product_brand":[],"product_cat":[12274,12467],"product_tag":[],"class_list":{"0":"post-779273","1":"product","2":"type-product","3":"status-publish","5":"product_cat-cocuk-ve-genclik-kitaplari","6":"product_cat-dunya-klasikleri","7":"pa_cilt-ciltsiz","8":"pa_tur-kitap","9":"pa_yayinevi-gercek-kitap","10":"pa_yazar-lev-nikolayevic-tolstoy","12":"first","13":"instock","14":"sale","15":"shipping-taxable","16":"purchasable","17":"product-type-simple"},"_links":{"self":[{"href":"https:\/\/roveyayinevi.com.tr\/index.php\/wp-json\/wp\/v2\/product\/779273","targetHints":{"allow":["GET"]}}],"collection":[{"href":"https:\/\/roveyayinevi.com.tr\/index.php\/wp-json\/wp\/v2\/product"}],"about":[{"href":"https:\/\/roveyayinevi.com.tr\/index.php\/wp-json\/wp\/v2\/types\/product"}],"wp:attachment":[{"href":"https:\/\/roveyayinevi.com.tr\/index.php\/wp-json\/wp\/v2\/media?parent=779273"}],"wp:term":[{"taxonomy":"product_brand","embeddable":true,"href":"https:\/\/roveyayinevi.com.tr\/index.php\/wp-json\/wp\/v2\/product_brand?post=779273"},{"taxonomy":"product_cat","embeddable":true,"href":"https:\/\/roveyayinevi.com.tr\/index.php\/wp-json\/wp\/v2\/product_cat?post=779273"},{"taxonomy":"product_tag","embeddable":true,"href":"https:\/\/roveyayinevi.com.tr\/index.php\/wp-json\/wp\/v2\/product_tag?post=779273"}],"curies":[{"name":"wp","href":"https:\/\/api.w.org\/{rel}","templated":true}]}}