{"id":779266,"date":"2025-12-30T11:29:57","date_gmt":"2025-12-30T08:29:57","guid":{"rendered":"https:\/\/roveyayinevi.com.tr\/index.php\/urun\/dimdik-bakma-rehberi\/"},"modified":"2026-04-15T03:30:17","modified_gmt":"2026-04-15T00:30:17","slug":"dimdik-bakma-rehberi","status":"publish","type":"product","link":"https:\/\/roveyayinevi.com.tr\/index.php\/urun\/dimdik-bakma-rehberi\/","title":{"rendered":"Dimdik Bakma Rehberi"},"content":{"rendered":"<p>dik binalar ve sat\u0131c\u0131s\u0131 dimdik binalar ve y\u0131k\u0131l\u0131\u015f\u0131 hepsinin, yokum ben \u00f6nce tutulan sonra kurtulan kentler bitti bizimkiler ya\u015fland\u0131 ben biraz boyland\u0131m sana bir i\u015faret olarak aln\u0131m\u0131 g\u00f6sterdim allah\u2019\u0131n elli y\u0131ld\u0131r izledi\u011fi sokakta ilk defa \u00e7eker gibi bir at arabas\u0131n\u0131 seni i\u00e7imden \u00e7\u0131kard\u0131m   hepsi ge\u00e7ti bir kediyle bitirdi\u011fin hayat, ak\u015fam i\u00e7ti\u011fin hap elinden kayan kitap ve durmadan durmadan d\u00fczenimize saplanan bir b\u0131\u00e7ak   biz k\u00fc\u00e7\u00fck adamlar\u0131z hayvan\u0131 olduk ba\u015fka bir hayvan\u0131n az daha kemikli, biraz daha \u00e7\u0131plak<\/p>\n","protected":false},"excerpt":{"rendered":"<p>dik binalar ve sat\u0131c\u0131s\u0131 dimdik binalar ve y\u0131k\u0131l\u0131\u015f\u0131 hepsinin, yokum ben \u00f6nce tutulan sonra kurtulan kentler bitti bizimkiler ya\u015fland\u0131 ben biraz boyland\u0131m sana bir i\u015faret olarak<span class=\"excerpt-hellip\"> [\u2026]<\/span><\/p>\n","protected":false},"featured_media":0,"template":"","meta":{"_monsterinsights_skip_tracking":false,"_monsterinsights_sitenote_active":false,"_monsterinsights_sitenote_note":"","_monsterinsights_sitenote_category":0},"product_brand":[],"product_cat":[12291,12509],"product_tag":[],"class_list":{"0":"post-779266","1":"product","2":"type-product","3":"status-publish","5":"product_cat-edebiyat","6":"product_cat-siir","7":"pa_cilt-ciltsiz","8":"pa_tur-kitap","9":"pa_yayinevi-everest-yayinlari","10":"pa_yazar-ogulcan-kutuk","12":"first","13":"instock","14":"sale","15":"shipping-taxable","16":"purchasable","17":"product-type-simple"},"_links":{"self":[{"href":"https:\/\/roveyayinevi.com.tr\/index.php\/wp-json\/wp\/v2\/product\/779266","targetHints":{"allow":["GET"]}}],"collection":[{"href":"https:\/\/roveyayinevi.com.tr\/index.php\/wp-json\/wp\/v2\/product"}],"about":[{"href":"https:\/\/roveyayinevi.com.tr\/index.php\/wp-json\/wp\/v2\/types\/product"}],"wp:attachment":[{"href":"https:\/\/roveyayinevi.com.tr\/index.php\/wp-json\/wp\/v2\/media?parent=779266"}],"wp:term":[{"taxonomy":"product_brand","embeddable":true,"href":"https:\/\/roveyayinevi.com.tr\/index.php\/wp-json\/wp\/v2\/product_brand?post=779266"},{"taxonomy":"product_cat","embeddable":true,"href":"https:\/\/roveyayinevi.com.tr\/index.php\/wp-json\/wp\/v2\/product_cat?post=779266"},{"taxonomy":"product_tag","embeddable":true,"href":"https:\/\/roveyayinevi.com.tr\/index.php\/wp-json\/wp\/v2\/product_tag?post=779266"}],"curies":[{"name":"wp","href":"https:\/\/api.w.org\/{rel}","templated":true}]}}