{"id":779257,"date":"2025-12-30T11:26:37","date_gmt":"2025-12-30T08:26:37","guid":{"rendered":"https:\/\/roveyayinevi.com.tr\/index.php\/urun\/sigortacilik-risk-yonetiminin-temelleri\/"},"modified":"2026-04-15T03:27:14","modified_gmt":"2026-04-15T00:27:14","slug":"sigortacilik-risk-yonetiminin-temelleri","status":"publish","type":"product","link":"https:\/\/roveyayinevi.com.tr\/index.php\/urun\/sigortacilik-risk-yonetiminin-temelleri\/","title":{"rendered":"Sigortac\u0131l\u0131k &amp; Risk Y\u00f6netiminin Temelleri"},"content":{"rendered":"<p>SEGEM, TSEV gibi kurulu\u015flarda sigortac\u0131l\u0131k e\u011fitimleri verip s\u0131nav sorular\u0131 haz\u0131rlam\u0131\u015f; \u00fcniversitelerde ise lisans ve y\u00fcksek lisans dersleri vermi\u015f yazar\u0131n bu kitab\u0131, alan\u0131ndaki temel kaynaklardand\u0131r.Kitab\u0131n yazar\u0131, sekt\u00f6r\u00fcn kamu otoritesi olan SEDDK\u2019da Kurucu Ba\u015fkan Yard\u0131mc\u0131s\u0131 olarak g\u00f6rev yapm\u0131\u015f; ayr\u0131ca uluslararas\u0131 sigorta ve reas\u00fcrans \u015firketlerinde \u00fcst d\u00fczey y\u00f6neticiliklerde de bulunmu\u015ftur.BU K\u0130TABI K\u0130MLER OKUMALI?Kitap, sigortac\u0131l\u0131\u011f\u0131n pratik uygulamas\u0131 ile teknik bilgisini kolay okunur ve anla\u015f\u0131l\u0131r bir \u015fekilde bir araya getirmi\u015f olup a\u015fa\u011f\u0131daki okur gruplar\u0131na hitap etmektedir:\u201cSigortac\u0131l\u0131\u011fa Giri\u015f\u201d, \u201cSigortac\u0131l\u0131k Bilgisi\u201d, \u201cSigorta \u0130\u015flemleri\u201d, \u201cSigorta \u0130\u015fletmecili\u011fi\u201d gibi temel sigortac\u0131l\u0131k dersleri alan \u00f6\u011frencilerSEGEM yeterlilik s\u0131navlar\u0131na haz\u0131rlananlar (acente ve broker \u00e7al\u0131\u015fanlar\u0131 ile eksper ve akt\u00fcer adaylar\u0131)Teknik personel belgesi almak isteyen ya da sigorta \u00fcr\u00fcnleri hakk\u0131nda bilgilerini art\u0131rmak isteyen bankac\u0131larSekt\u00f6r \u00e7al\u0131\u015fanlar\u0131K\u0130TAP \u00d6ZG\u00dcN \u0130\u00c7ER\u0130\u011e\u0130NDE NELER VAR?Kitab\u0131n 4. bas\u0131m\u0131 tamamen g\u00f6zden ge\u00e7irilip g\u00fcncel sigortac\u0131l\u0131k konular\u0131 ve mevzuat\u0131 ile zenginle\u015ftirildi:Risk Y\u00f6netimiSigortac\u0131l\u0131\u011f\u0131n TemelleriSigorta T\u00fcrleriSigorta Sekt\u00f6r\u00fcn\u00fcn DinamikleriReas\u00fcransInsurtechBlockchainAlternatif Risk TransferiMikro SigortaKat\u0131l\u0131m Sigortac\u0131l\u0131\u011f\u0131<\/p>\n","protected":false},"excerpt":{"rendered":"<p>SEGEM, TSEV gibi kurulu\u015flarda sigortac\u0131l\u0131k e\u011fitimleri verip s\u0131nav sorular\u0131 haz\u0131rlam\u0131\u015f; \u00fcniversitelerde ise lisans ve y\u00fcksek lisans dersleri vermi\u015f yazar\u0131n bu kitab\u0131, alan\u0131ndaki temel kaynaklardand\u0131r.Kitab\u0131n yazar\u0131, sekt\u00f6r\u00fcn<span class=\"excerpt-hellip\"> [\u2026]<\/span><\/p>\n","protected":false},"featured_media":0,"template":"","meta":{"_monsterinsights_skip_tracking":false,"_monsterinsights_sitenote_active":false,"_monsterinsights_sitenote_note":"","_monsterinsights_sitenote_category":0},"product_brand":[],"product_cat":[13043,17647],"product_tag":[],"class_list":{"0":"post-779257","1":"product","2":"type-product","3":"status-publish","5":"product_cat-ekonomi","6":"product_cat-is-dunyasi","7":"pa_cilt-ciltsiz","8":"pa_tur-kitap","9":"pa_yayinevi-nobel-akademik-yayincilik","10":"pa_yazar-mahir-cipil","12":"first","13":"instock","14":"sale","15":"shipping-taxable","16":"purchasable","17":"product-type-simple"},"_links":{"self":[{"href":"https:\/\/roveyayinevi.com.tr\/index.php\/wp-json\/wp\/v2\/product\/779257","targetHints":{"allow":["GET"]}}],"collection":[{"href":"https:\/\/roveyayinevi.com.tr\/index.php\/wp-json\/wp\/v2\/product"}],"about":[{"href":"https:\/\/roveyayinevi.com.tr\/index.php\/wp-json\/wp\/v2\/types\/product"}],"wp:attachment":[{"href":"https:\/\/roveyayinevi.com.tr\/index.php\/wp-json\/wp\/v2\/media?parent=779257"}],"wp:term":[{"taxonomy":"product_brand","embeddable":true,"href":"https:\/\/roveyayinevi.com.tr\/index.php\/wp-json\/wp\/v2\/product_brand?post=779257"},{"taxonomy":"product_cat","embeddable":true,"href":"https:\/\/roveyayinevi.com.tr\/index.php\/wp-json\/wp\/v2\/product_cat?post=779257"},{"taxonomy":"product_tag","embeddable":true,"href":"https:\/\/roveyayinevi.com.tr\/index.php\/wp-json\/wp\/v2\/product_tag?post=779257"}],"curies":[{"name":"wp","href":"https:\/\/api.w.org\/{rel}","templated":true}]}}