{"id":779234,"date":"2025-12-30T11:19:47","date_gmt":"2025-12-30T08:19:47","guid":{"rendered":"https:\/\/roveyayinevi.com.tr\/index.php\/urun\/dort-halifenin-son-gunleri\/"},"modified":"2026-04-16T03:11:26","modified_gmt":"2026-04-16T00:11:26","slug":"dort-halifenin-son-gunleri","status":"publish","type":"product","link":"https:\/\/roveyayinevi.com.tr\/index.php\/urun\/dort-halifenin-son-gunleri\/","title":{"rendered":"D\u00f6rt Halifenin Son G\u00fcnleri"},"content":{"rendered":"<p>Topraktan yarat\u0131lm\u0131\u015f ve yine topra\u011fa d\u00f6necek ve sonra da ha\u015farat\u0131n az\u0131\u011f\u0131 olacak olan kimse, neyle gururlan\u0131r ki?!..Hz. EbubekirBir adam\u0131n \u015f\u00f6hretine, g\u00f6r\u00fcn\u00fc\u015f\u00fcne aldanmay\u0131n\u0131z.Bir adam\u0131n namaz ve niyaz\u0131na bakmay\u0131n\u0131z. Akl\u0131na ve do\u011frulu\u011funa bak\u0131n\u0131z.Hz. \u00d6merHay\u0131r, asla\u2026 Hi\u00e7 kimsenin benim i\u00e7in kan d\u00f6kmesini istemem. Benim y\u00fcz\u00fcmden bir sava\u015f \u00e7\u0131kmas\u0131na asla izin vermem.Hz. Osman\u00c7ocuklar\u0131n\u0131z\u0131 istikbale \/ gelece\u011fe haz\u0131rlay\u0131n\u0131z.\u00c7\u00fcnk\u00fc onlar, sizin zaman\u0131n\u0131zda ya\u015famayacaklar.Hz. Ali<\/p>\n","protected":false},"excerpt":{"rendered":"<p>Topraktan yarat\u0131lm\u0131\u015f ve yine topra\u011fa d\u00f6necek ve sonra da ha\u015farat\u0131n az\u0131\u011f\u0131 olacak olan kimse, neyle gururlan\u0131r ki?!..Hz. EbubekirBir adam\u0131n \u015f\u00f6hretine, g\u00f6r\u00fcn\u00fc\u015f\u00fcne aldanmay\u0131n\u0131z.Bir adam\u0131n namaz ve niyaz\u0131na<span class=\"excerpt-hellip\"> [\u2026]<\/span><\/p>\n","protected":false},"featured_media":0,"template":"","meta":{"_monsterinsights_skip_tracking":false,"_monsterinsights_sitenote_active":false,"_monsterinsights_sitenote_note":"","_monsterinsights_sitenote_category":0},"product_brand":[],"product_cat":[12718,12719,18109],"product_tag":[],"class_list":{"0":"post-779234","1":"product","2":"type-product","3":"status-publish","5":"product_cat-din","6":"product_cat-islam","7":"product_cat-islam-tarihi","8":"pa_cilt-ciltsiz","9":"pa_tur-kitap","10":"pa_yayinevi-gulnar-yayinlari","11":"pa_yazar-ethem-erkoc","13":"first","14":"instock","15":"sale","16":"shipping-taxable","17":"purchasable","18":"product-type-simple"},"_links":{"self":[{"href":"https:\/\/roveyayinevi.com.tr\/index.php\/wp-json\/wp\/v2\/product\/779234","targetHints":{"allow":["GET"]}}],"collection":[{"href":"https:\/\/roveyayinevi.com.tr\/index.php\/wp-json\/wp\/v2\/product"}],"about":[{"href":"https:\/\/roveyayinevi.com.tr\/index.php\/wp-json\/wp\/v2\/types\/product"}],"wp:attachment":[{"href":"https:\/\/roveyayinevi.com.tr\/index.php\/wp-json\/wp\/v2\/media?parent=779234"}],"wp:term":[{"taxonomy":"product_brand","embeddable":true,"href":"https:\/\/roveyayinevi.com.tr\/index.php\/wp-json\/wp\/v2\/product_brand?post=779234"},{"taxonomy":"product_cat","embeddable":true,"href":"https:\/\/roveyayinevi.com.tr\/index.php\/wp-json\/wp\/v2\/product_cat?post=779234"},{"taxonomy":"product_tag","embeddable":true,"href":"https:\/\/roveyayinevi.com.tr\/index.php\/wp-json\/wp\/v2\/product_tag?post=779234"}],"curies":[{"name":"wp","href":"https:\/\/api.w.org\/{rel}","templated":true}]}}