{"id":779227,"date":"2025-12-30T11:17:20","date_gmt":"2025-12-30T08:17:20","guid":{"rendered":"https:\/\/roveyayinevi.com.tr\/index.php\/urun\/kisilik-ve-zihin\/"},"modified":"2026-04-16T03:09:56","modified_gmt":"2026-04-16T00:09:56","slug":"kisilik-ve-zihin","status":"publish","type":"product","link":"https:\/\/roveyayinevi.com.tr\/index.php\/urun\/kisilik-ve-zihin\/","title":{"rendered":"Ki\u015filik ve Zihin"},"content":{"rendered":"<p>Ki\u015filik ve Zihin, psikodinamik bir bak\u0131\u015f a\u00e7\u0131s\u0131na sahip, ki\u015filik konusunda uzmanla\u015fm\u0131\u015f bir psikiyatrist taraf\u0131ndan yaz\u0131lm\u0131\u015f, ruh sa\u011fl\u0131\u011f\u0131na giri\u015f kitab\u0131d\u0131r. Davran\u0131\u015f ve zihinsel s\u00fcre\u00e7lerden ba\u015flayarak entelekt\u00fcel i\u015flevlere, d\u00fcrt\u00fclere ve i\u00e7g\u00fcd\u00fclere kadar geni\u015f bir yelpazede temel psikoloji konular\u0131n\u0131 kapsar. Savunma mekanizmalar\u0131ndan ki\u015filik geli\u015fimine, borderline ki\u015filik \u00f6rg\u00fctlenmelerinden a\u015fk\u0131n farkl\u0131 bi\u00e7imlerine ve sa\u011fl\u0131kl\u0131 cinsel ya\u015fama kadar, insan psikolojisinin karma\u015f\u0131kl\u0131\u011f\u0131n\u0131 ke\u015ffetmek ve anlamak isteyenlere rehberlik eder. <\/p>\n","protected":false},"excerpt":{"rendered":"<p>Ki\u015filik ve Zihin, psikodinamik bir bak\u0131\u015f a\u00e7\u0131s\u0131na sahip, ki\u015filik konusunda uzmanla\u015fm\u0131\u015f bir psikiyatrist taraf\u0131ndan yaz\u0131lm\u0131\u015f, ruh sa\u011fl\u0131\u011f\u0131na giri\u015f kitab\u0131d\u0131r. Davran\u0131\u015f ve zihinsel s\u00fcre\u00e7lerden ba\u015flayarak entelekt\u00fcel i\u015flevlere,<span class=\"excerpt-hellip\"> [\u2026]<\/span><\/p>\n","protected":false},"featured_media":0,"template":"","meta":{"_monsterinsights_skip_tracking":false,"_monsterinsights_sitenote_active":false,"_monsterinsights_sitenote_note":"","_monsterinsights_sitenote_category":0},"product_brand":[],"product_cat":[12358,12357],"product_tag":[],"class_list":{"0":"post-779227","1":"product","2":"type-product","3":"status-publish","5":"product_cat-genel-psikoloji","6":"product_cat-psikoloji","7":"pa_cilt-ciltsiz","8":"pa_tur-kitap","9":"pa_yayinevi-pinhan-yayincilik","10":"pa_yazar-dogan-sahin","12":"first","13":"instock","14":"sale","15":"shipping-taxable","16":"purchasable","17":"product-type-simple"},"_links":{"self":[{"href":"https:\/\/roveyayinevi.com.tr\/index.php\/wp-json\/wp\/v2\/product\/779227","targetHints":{"allow":["GET"]}}],"collection":[{"href":"https:\/\/roveyayinevi.com.tr\/index.php\/wp-json\/wp\/v2\/product"}],"about":[{"href":"https:\/\/roveyayinevi.com.tr\/index.php\/wp-json\/wp\/v2\/types\/product"}],"wp:attachment":[{"href":"https:\/\/roveyayinevi.com.tr\/index.php\/wp-json\/wp\/v2\/media?parent=779227"}],"wp:term":[{"taxonomy":"product_brand","embeddable":true,"href":"https:\/\/roveyayinevi.com.tr\/index.php\/wp-json\/wp\/v2\/product_brand?post=779227"},{"taxonomy":"product_cat","embeddable":true,"href":"https:\/\/roveyayinevi.com.tr\/index.php\/wp-json\/wp\/v2\/product_cat?post=779227"},{"taxonomy":"product_tag","embeddable":true,"href":"https:\/\/roveyayinevi.com.tr\/index.php\/wp-json\/wp\/v2\/product_tag?post=779227"}],"curies":[{"name":"wp","href":"https:\/\/api.w.org\/{rel}","templated":true}]}}