{"id":779207,"date":"2025-12-30T11:12:13","date_gmt":"2025-12-30T08:12:13","guid":{"rendered":"https:\/\/roveyayinevi.com.tr\/index.php\/urun\/4-dolap-cizgi-roman\/"},"modified":"2026-01-28T03:41:37","modified_gmt":"2026-01-28T00:41:37","slug":"4-dolap-cizgi-roman","status":"publish","type":"product","link":"https:\/\/roveyayinevi.com.tr\/index.php\/urun\/4-dolap-cizgi-roman\/","title":{"rendered":"4. Dolap \u00c7izgi Roman"},"content":{"rendered":"<p>\u00c7OKSATAN FREDDY\u2019N\u0130N P\u0130ZZA D\u00dcKK\u00c2NI\u2019NDA BE\u015e GECE SER\u0130S\u0130N\u0130N F\u0130NAL K\u0130TABI NEFES KESEN \u00c7\u0130ZG\u0130 ROMAN UYARLAMASIYLA KAR\u015eINIZDA!                                                                         Charlie\u2019ye asl\u0131nda ne oldu? Bu soru John\u2019un akl\u0131ndan bir t\u00fcrl\u00fc \u00e7\u0131km\u0131yor. Yetmezmi\u015f gibi bir de Charlie\u2019nin \u00f6l\u00fcm\u00fc ve mucizevi bir \u015fekilde yeniden ortaya \u00e7\u0131k\u0131\u015f\u0131yla ilgili k\u00e2buslarla bo\u011fu\u015fuyor. John\u2019un, Freddy Fazbear\u2019in Pizza D\u00fckk\u00e2n\u0131\u2019nda ya\u015fanan o korkun\u00e7 olaylar\u0131 unutmaktan ba\u015fka istedi\u011fi bir \u015fey olmasa da ge\u00e7mi\u015f \u00f6yle kolay kolay g\u00f6m\u00fclm\u00fcyor. Bu s\u0131rada, Hurricane\u2019de yeni bir animatronik pizza d\u00fckk\u00e2n\u0131n\u0131n a\u00e7\u0131l\u0131\u015f\u0131n\u0131n heyecan\u0131 ya\u015fan\u0131rken, fazlas\u0131yla tan\u0131d\u0131k g\u00f6r\u00fcnen yeni ka\u00e7\u0131r\u0131lma olaylar\u0131 meydana geliyor. John, her ne kadar g\u00f6n\u00fcls\u00fcz olsa da davay\u0131 \u00e7\u00f6zmek ve kay\u0131p \u00e7ocuklar\u0131 bulmak i\u00e7in eski dostlar\u0131 Jessica, Marla ve Carlton ile bir araya geliyor. Bu aray\u0131\u015f, Charlie\u2019ye asl\u0131nda ne oldu\u011funu ve babas\u0131n\u0131n miras\u0131 olan \u00fcrk\u00fct\u00fcc\u00fc icatlar\u0131n ard\u0131ndaki korkun\u00e7 gizemi g\u00fcn y\u00fcz\u00fcne \u00e7\u0131karmakla sonlanacak..                                                                Sanat\u00e7\u0131 Diana Camero\u2019nun nefes kesen korkutucu \u00e7izimleriyle aktar\u0131lan ve her zamankinden daha fazla korku i\u00e7eren Scott Cawthon\u2019un yaratt\u0131\u011f\u0131 Freddy\u2019nin Pizza D\u00fckk\u00e2n\u0131\u2019nda Be\u015f Gece\u2019nin \u00e7izgi roman uyarlamas\u0131n\u0131 sak\u0131n ka\u00e7\u0131rmay\u0131n! <\/p>\n","protected":false},"excerpt":{"rendered":"<p>\u00c7OKSATAN FREDDY\u2019N\u0130N P\u0130ZZA D\u00dcKK\u00c2NI\u2019NDA BE\u015e GECE SER\u0130S\u0130N\u0130N F\u0130NAL K\u0130TABI NEFES KESEN \u00c7\u0130ZG\u0130 ROMAN UYARLAMASIYLA KAR\u015eINIZDA! Charlie\u2019ye asl\u0131nda ne oldu? Bu soru John\u2019un akl\u0131ndan bir t\u00fcrl\u00fc \u00e7\u0131km\u0131yor.<span class=\"excerpt-hellip\"> [\u2026]<\/span><\/p>\n","protected":false},"featured_media":0,"template":"","meta":{"_monsterinsights_skip_tracking":false,"_monsterinsights_sitenote_active":false,"_monsterinsights_sitenote_note":"","_monsterinsights_sitenote_category":0},"product_brand":[],"product_cat":[12291,14777],"product_tag":[],"class_list":{"0":"post-779207","1":"product","2":"type-product","3":"status-publish","5":"product_cat-edebiyat","6":"product_cat-fantastik","7":"pa_cilt-ciltsiz","8":"pa_tur-kitap","9":"pa_yayinevi-olimpos-yayinlari","10":"pa_yazar-diana-camero-scott-cawthon-kira-breed-wrisley","12":"first","13":"instock","14":"sale","15":"shipping-taxable","16":"purchasable","17":"product-type-simple"},"_links":{"self":[{"href":"https:\/\/roveyayinevi.com.tr\/index.php\/wp-json\/wp\/v2\/product\/779207","targetHints":{"allow":["GET"]}}],"collection":[{"href":"https:\/\/roveyayinevi.com.tr\/index.php\/wp-json\/wp\/v2\/product"}],"about":[{"href":"https:\/\/roveyayinevi.com.tr\/index.php\/wp-json\/wp\/v2\/types\/product"}],"wp:attachment":[{"href":"https:\/\/roveyayinevi.com.tr\/index.php\/wp-json\/wp\/v2\/media?parent=779207"}],"wp:term":[{"taxonomy":"product_brand","embeddable":true,"href":"https:\/\/roveyayinevi.com.tr\/index.php\/wp-json\/wp\/v2\/product_brand?post=779207"},{"taxonomy":"product_cat","embeddable":true,"href":"https:\/\/roveyayinevi.com.tr\/index.php\/wp-json\/wp\/v2\/product_cat?post=779207"},{"taxonomy":"product_tag","embeddable":true,"href":"https:\/\/roveyayinevi.com.tr\/index.php\/wp-json\/wp\/v2\/product_tag?post=779207"}],"curies":[{"name":"wp","href":"https:\/\/api.w.org\/{rel}","templated":true}]}}