{"id":779206,"date":"2025-12-30T11:12:07","date_gmt":"2025-12-30T08:12:07","guid":{"rendered":"https:\/\/roveyayinevi.com.tr\/index.php\/urun\/ataturkun-hatiralari\/"},"modified":"2026-04-16T03:06:05","modified_gmt":"2026-04-16T00:06:05","slug":"ataturkun-hatiralari","status":"publish","type":"product","link":"https:\/\/roveyayinevi.com.tr\/index.php\/urun\/ataturkun-hatiralari\/","title":{"rendered":"Atat\u00fcrk\u2019\u00fcn Hat\u0131ralar\u0131"},"content":{"rendered":"<p>Atat\u00fcrk\u2019\u00fcn bizzat yazd\u0131\u011f\u0131 ya da anlatt\u0131\u011f\u0131 ve kendisi ya\u015farken yay\u0131mlanan bu hat\u0131ralar, toplu olarak ilk kez yay\u0131mlan\u0131yor.Bu hat\u0131ralar, Milli M\u00fccadele\u2019nin yarat\u0131c\u0131s\u0131 ve Ba\u015fkomutan\u0131, ayd\u0131nlanma devrimlerinin \u00f6nderi Mustafa Kemal Atat\u00fcrk\u2019\u00fc \u00f6z\u00fcmsemek i\u00e7in \u00e7ok \u00f6nemli belgelerdir. B\u00fcy\u00fck bir devrimcinin geli\u015fimini g\u00fcn g\u00fcn, olay olay okuyacak; kendi tuttu\u011fu notlar ve gazetecilere verdi\u011fi s\u00f6yle\u015filer arac\u0131l\u0131\u011f\u0131yla Atat\u00fcrk\u2019\u00fc daha iyi tan\u0131yacaks\u0131n\u0131z. Cumhuriyet Kitaplar\u0131, Cumhuriyet\u2019in 100. Y\u0131l\u0131nda, Atat\u00fcrk\u2019\u00fcn an\u0131lar\u0131n\u0131 eksiksiz olarak, bir b\u00fct\u00fcn halinde ve g\u00fcn\u00fcm\u00fcz T\u00fcrk\u00e7esiyle okuyucuya sunmaktan onu duymaktad\u0131r\u2026 <\/p>\n","protected":false},"excerpt":{"rendered":"<p>Atat\u00fcrk\u2019\u00fcn bizzat yazd\u0131\u011f\u0131 ya da anlatt\u0131\u011f\u0131 ve kendisi ya\u015farken yay\u0131mlanan bu hat\u0131ralar, toplu olarak ilk kez yay\u0131mlan\u0131yor.Bu hat\u0131ralar, Milli M\u00fccadele\u2019nin yarat\u0131c\u0131s\u0131 ve Ba\u015fkomutan\u0131, ayd\u0131nlanma devrimlerinin \u00f6nderi<span class=\"excerpt-hellip\"> [\u2026]<\/span><\/p>\n","protected":false},"featured_media":0,"template":"","meta":{"_monsterinsights_skip_tracking":false,"_monsterinsights_sitenote_active":false,"_monsterinsights_sitenote_note":"","_monsterinsights_sitenote_category":0},"product_brand":[],"product_cat":[12530,12304],"product_tag":[],"class_list":{"0":"post-779206","1":"product","2":"type-product","3":"status-publish","5":"product_cat-mustafa-kemal-ataturk","6":"product_cat-tarih","7":"pa_cilt-ciltsiz","8":"pa_tur-kitap","9":"pa_yayinevi-cumhuriyet-kitaplari","10":"pa_yazar-alev-coskun","12":"first","13":"instock","14":"sale","15":"shipping-taxable","16":"purchasable","17":"product-type-simple"},"_links":{"self":[{"href":"https:\/\/roveyayinevi.com.tr\/index.php\/wp-json\/wp\/v2\/product\/779206","targetHints":{"allow":["GET"]}}],"collection":[{"href":"https:\/\/roveyayinevi.com.tr\/index.php\/wp-json\/wp\/v2\/product"}],"about":[{"href":"https:\/\/roveyayinevi.com.tr\/index.php\/wp-json\/wp\/v2\/types\/product"}],"wp:attachment":[{"href":"https:\/\/roveyayinevi.com.tr\/index.php\/wp-json\/wp\/v2\/media?parent=779206"}],"wp:term":[{"taxonomy":"product_brand","embeddable":true,"href":"https:\/\/roveyayinevi.com.tr\/index.php\/wp-json\/wp\/v2\/product_brand?post=779206"},{"taxonomy":"product_cat","embeddable":true,"href":"https:\/\/roveyayinevi.com.tr\/index.php\/wp-json\/wp\/v2\/product_cat?post=779206"},{"taxonomy":"product_tag","embeddable":true,"href":"https:\/\/roveyayinevi.com.tr\/index.php\/wp-json\/wp\/v2\/product_tag?post=779206"}],"curies":[{"name":"wp","href":"https:\/\/api.w.org\/{rel}","templated":true}]}}