{"id":779188,"date":"2025-12-30T11:04:04","date_gmt":"2025-12-30T08:04:04","guid":{"rendered":"https:\/\/roveyayinevi.com.tr\/index.php\/urun\/cocuk-gelisiminde-kuramlar\/"},"modified":"2026-04-16T02:59:52","modified_gmt":"2026-04-15T23:59:52","slug":"cocuk-gelisiminde-kuramlar","status":"publish","type":"product","link":"https:\/\/roveyayinevi.com.tr\/index.php\/urun\/cocuk-gelisiminde-kuramlar\/","title":{"rendered":"\u00c7ocuk Geli\u015fiminde Kuramlar"},"content":{"rendered":"<p>\u0130nsan, geli\u015fim s\u00fcrecinde bireysel farkl\u0131l\u0131klar g\u00f6sterir. \u00c7ocuk ve yeti\u015fkin davran\u0131\u015flar\u0131n\u0131n, bu konuda \u00e7al\u0131\u015fan bilim insanlar\u0131n\u0131n merak\u0131n\u0131 \u00e7ekmesi geli\u015fim kuramlar\u0131n\u0131n geli\u015ftirilmesine temel olu\u015fturmu\u015ftur. Ya\u015fam boyu meydana gelen bu geli\u015fim ve de\u011fi\u015fimleri a\u00e7\u0131klaman\u0131n ve tahmin etmenin yan\u0131 s\u0131ra kar\u015f\u0131la\u015f\u0131lan soru ya da sorunlar\u0131n da cevaplar\u0131 aranm\u0131\u015ft\u0131r. Asl\u0131nda yap\u0131lmak istenen \u015fey, insan geli\u015fimini ve etkileyen t\u00fcm yap\u0131lar\u0131 anlama \u00e7abas\u0131d\u0131r. Kitab\u0131 okumaya ba\u015flad\u0131\u011f\u0131n\u0131zda yaln\u0131zca kuramlar\u0131 de\u011fil kuramc\u0131lar\u0131n kendi kuramlar\u0131n\u0131 olu\u015ftururken ve di\u011ferlerinin kuramlar\u0131n\u0131 benimserken hissettikleri heyecan\u0131 ve tutkuyu da yans\u0131tmaya \u00e7al\u0131\u015ft\u0131\u011f\u0131m\u0131z\u0131 fark edeceksiniz.<\/p>\n","protected":false},"excerpt":{"rendered":"<p>\u0130nsan, geli\u015fim s\u00fcrecinde bireysel farkl\u0131l\u0131klar g\u00f6sterir. \u00c7ocuk ve yeti\u015fkin davran\u0131\u015flar\u0131n\u0131n, bu konuda \u00e7al\u0131\u015fan bilim insanlar\u0131n\u0131n merak\u0131n\u0131 \u00e7ekmesi geli\u015fim kuramlar\u0131n\u0131n geli\u015ftirilmesine temel olu\u015fturmu\u015ftur. Ya\u015fam boyu meydana gelen<span class=\"excerpt-hellip\"> [\u2026]<\/span><\/p>\n","protected":false},"featured_media":0,"template":"","meta":{"_monsterinsights_skip_tracking":false,"_monsterinsights_sitenote_active":false,"_monsterinsights_sitenote_note":"","_monsterinsights_sitenote_category":0},"product_brand":[],"product_cat":[12573,12566],"product_tag":[],"class_list":{"0":"post-779188","1":"product","2":"type-product","3":"status-publish","5":"product_cat-akademik-kitaplar","6":"product_cat-egitim","7":"pa_cilt-ciltsiz","8":"pa_tur-kitap","9":"pa_yayinevi-egiten-kitap","10":"pa_yazar-ayhan-barbaroglu-gulden-ozturk-serter","12":"first","13":"instock","14":"sale","15":"shipping-taxable","16":"purchasable","17":"product-type-simple"},"_links":{"self":[{"href":"https:\/\/roveyayinevi.com.tr\/index.php\/wp-json\/wp\/v2\/product\/779188","targetHints":{"allow":["GET"]}}],"collection":[{"href":"https:\/\/roveyayinevi.com.tr\/index.php\/wp-json\/wp\/v2\/product"}],"about":[{"href":"https:\/\/roveyayinevi.com.tr\/index.php\/wp-json\/wp\/v2\/types\/product"}],"wp:attachment":[{"href":"https:\/\/roveyayinevi.com.tr\/index.php\/wp-json\/wp\/v2\/media?parent=779188"}],"wp:term":[{"taxonomy":"product_brand","embeddable":true,"href":"https:\/\/roveyayinevi.com.tr\/index.php\/wp-json\/wp\/v2\/product_brand?post=779188"},{"taxonomy":"product_cat","embeddable":true,"href":"https:\/\/roveyayinevi.com.tr\/index.php\/wp-json\/wp\/v2\/product_cat?post=779188"},{"taxonomy":"product_tag","embeddable":true,"href":"https:\/\/roveyayinevi.com.tr\/index.php\/wp-json\/wp\/v2\/product_tag?post=779188"}],"curies":[{"name":"wp","href":"https:\/\/api.w.org\/{rel}","templated":true}]}}