{"id":779174,"date":"2025-12-30T10:58:03","date_gmt":"2025-12-30T07:58:03","guid":{"rendered":"https:\/\/roveyayinevi.com.tr\/index.php\/urun\/cocuk-ihmali-ve-istismari-temel-bilgiler\/"},"modified":"2026-04-16T02:55:36","modified_gmt":"2026-04-15T23:55:36","slug":"cocuk-ihmali-ve-istismari-temel-bilgiler","status":"publish","type":"product","link":"https:\/\/roveyayinevi.com.tr\/index.php\/urun\/cocuk-ihmali-ve-istismari-temel-bilgiler\/","title":{"rendered":"\u00c7ocuk \u0130hmali ve \u0130stismar\u0131 &#8211; Temel Bilgiler"},"content":{"rendered":"<p>Bu kitap, insanl\u0131\u011f\u0131n en b\u00fcy\u00fck utan\u00e7 kayna\u011f\u0131 olan \u00e7ocuk istismar\u0131 ve ihmali sorununun anla\u015f\u0131lmas\u0131n\u0131 sa\u011flamak ve bu soruna \u00e7\u00f6z\u00fcm \u00f6nerileri sunmak i\u00e7in haz\u0131rlanm\u0131\u015ft\u0131r. Kitapta, istismara u\u011frayan ya da ihmal edilen \u00e7ocuklar i\u00e7in neler yap\u0131lmas\u0131 gerekti\u011fi ile ilgili temel ve g\u00fcncel bilgiler yer almakta olup e\u011fitim fak\u00fcltesi \u00f6\u011frencileri, \u00f6\u011fretmenler ve \u00e7ocuklarla \u00e7al\u0131\u015fan di\u011fer uzmanlar\u0131n yan\u0131 s\u0131ra konu ile ilgili okuyucular\u0131n yararlanabilece\u011fi temel bir kaynakt\u0131r.<\/p>\n","protected":false},"excerpt":{"rendered":"<p>Bu kitap, insanl\u0131\u011f\u0131n en b\u00fcy\u00fck utan\u00e7 kayna\u011f\u0131 olan \u00e7ocuk istismar\u0131 ve ihmali sorununun anla\u015f\u0131lmas\u0131n\u0131 sa\u011flamak ve bu soruna \u00e7\u00f6z\u00fcm \u00f6nerileri sunmak i\u00e7in haz\u0131rlanm\u0131\u015ft\u0131r. Kitapta, istismara u\u011frayan<span class=\"excerpt-hellip\"> [\u2026]<\/span><\/p>\n","protected":false},"featured_media":0,"template":"","meta":{"_monsterinsights_skip_tracking":false,"_monsterinsights_sitenote_active":false,"_monsterinsights_sitenote_note":"","_monsterinsights_sitenote_category":0},"product_brand":[],"product_cat":[12679,12357],"product_tag":[],"class_list":{"0":"post-779174","1":"product","2":"type-product","3":"status-publish","5":"product_cat-cocuk-psikolojisi","6":"product_cat-psikoloji","7":"pa_cilt-ciltsiz","8":"pa_tur-kitap","9":"pa_yayinevi-nobel-akademik-yayincilik","10":"pa_yazar-kolektif","12":"first","13":"instock","14":"sale","15":"shipping-taxable","16":"purchasable","17":"product-type-simple"},"_links":{"self":[{"href":"https:\/\/roveyayinevi.com.tr\/index.php\/wp-json\/wp\/v2\/product\/779174","targetHints":{"allow":["GET"]}}],"collection":[{"href":"https:\/\/roveyayinevi.com.tr\/index.php\/wp-json\/wp\/v2\/product"}],"about":[{"href":"https:\/\/roveyayinevi.com.tr\/index.php\/wp-json\/wp\/v2\/types\/product"}],"wp:attachment":[{"href":"https:\/\/roveyayinevi.com.tr\/index.php\/wp-json\/wp\/v2\/media?parent=779174"}],"wp:term":[{"taxonomy":"product_brand","embeddable":true,"href":"https:\/\/roveyayinevi.com.tr\/index.php\/wp-json\/wp\/v2\/product_brand?post=779174"},{"taxonomy":"product_cat","embeddable":true,"href":"https:\/\/roveyayinevi.com.tr\/index.php\/wp-json\/wp\/v2\/product_cat?post=779174"},{"taxonomy":"product_tag","embeddable":true,"href":"https:\/\/roveyayinevi.com.tr\/index.php\/wp-json\/wp\/v2\/product_tag?post=779174"}],"curies":[{"name":"wp","href":"https:\/\/api.w.org\/{rel}","templated":true}]}}