{"id":779163,"date":"2025-12-30T10:54:52","date_gmt":"2025-12-30T07:54:52","guid":{"rendered":"https:\/\/roveyayinevi.com.tr\/index.php\/urun\/ataturk-ve-cumhuriyete-kusatma\/"},"modified":"2026-04-16T02:52:51","modified_gmt":"2026-04-15T23:52:51","slug":"ataturk-ve-cumhuriyete-kusatma","status":"publish","type":"product","link":"https:\/\/roveyayinevi.com.tr\/index.php\/urun\/ataturk-ve-cumhuriyete-kusatma\/","title":{"rendered":"Atat\u00fcrk ve Cumhuriyet\u2019e Ku\u015fatma"},"content":{"rendered":"<p>\u201cT\u00fcrk \u00e7ocu\u011fu atalar\u0131n\u0131 tan\u0131d\u0131k\u00e7a daha b\u00fcy\u00fck i\u015fler yapmak i\u00e7in kendinde kuvvet bulacakt\u0131r. Ku\u015fatmay\u0131 yaracak, kald\u0131\u011f\u0131m\u0131z yerden yolumuza devam edece\u011fiz.\u201d \u2013 Gazi Mustafa Kemal Atat\u00fcrk   \u0130srail D\u0131\u015fi\u015fleri Bakanl\u0131\u011f\u0131 M\u00fcste\u015far\u0131  Alon Liel, Demo-\u0130slam: T\u00fcrkiye\u2019nin Yeni Y\u00fcz\u00fc adl\u0131 \u0130branice kitab\u0131nda Erdo\u011fan\u2019\u0131 10 y\u0131l \u00f6ncesinden ke\u015ffettiklerini s\u00f6yl\u00fcyor ve s\u00fctre gerisinde yeti\u015ftiren isimlerden biri say\u0131l\u0131yor, AKP ve Erdo\u011fan\u2019\u0131 konu alan kitab\u0131nda AKP i\u00e7in, \u201c\u0130slam light\u201d benzetmesi yap\u0131yordu. Liel, \u201c\u0130srail\u2019de bana Erdo\u011fan nedir diye soruyorlar. Ben de \u0130slam light diyorum. Bu, \u0130slam\u2019\u0131n yeni bir versiyonu. Bu modern \u0130slam\u2019d\u0131r, \u0131l\u0131ml\u0131 \u0130slam\u2019d\u0131r. Erdo\u011fan, \u0130slam\u2019\u0131n \u00f6zel hayattaki yeriyle kamudaki yeri aras\u0131na bir duvar \u00e7ekti!\u201d diyor ve ekliyordu: \u201cErdo\u011fanizm\u2019i demokratikle\u015ftirilmi\u015f Kemalizm olarak g\u00f6r\u00fcyorum. Erdo\u011fanizm teriminin kullan\u0131m\u0131 i\u00e7in biraz erken olsa da Erdo\u011fanizm, Kemalizm\u2019in g\u00fcncellenmi\u015f bir versiyonu. Bu benim iddiam. T\u00fcrkiye\u2019yi \u0130srail\u2019in d\u00fc\u015fman\u0131 olarak tan\u0131mlayamam!\u201d 1919\u2019un intikam\u0131n\u0131 almak i\u00e7in, T\u00fcrkiye Cumhuriyeti ve T\u00fcrk milleti ku\u015fat\u0131l\u0131yordu. Ku\u015fatma \u00e7ok yak\u0131nda 1. D\u00fcnya Sava\u015f\u0131 \u015fartlar\u0131n\u0131 3. D\u00fcnya Sava\u015f\u0131 olarak \u00f6n\u00fcm\u00fcze koyacak. Anadolu, tarihin g\u00f6rd\u00fc\u011f\u00fc en b\u00fcy\u00fck ku\u015fatma alt\u0131nda. Ve tekrar geliyorlar. \u015eartlar\u0131m\u0131z 19 May\u0131s 1919 \u015fartlar\u0131n\u0131 aratm\u0131yor. Bir\u00e7ok \u00f6nemli siyaset\u00e7i ve yazar a\u00e7\u0131k\u00e7a \u201cT\u00fcrkiye Cumhuriyeti y\u0131k\u0131ld\u0131!\u201d diyor ve yaz\u0131yor. Bu ku\u015fatmadan \u00e7\u0131kabilmemizin yeg\u00e2ne akl\u0131 Atat\u00fcrk\u2019\u00fcn bizlere b\u0131rakt\u0131\u011f\u0131 miras olan T\u00fcrk milleti olabilmek. \u00c7\u00f6z\u00fcm Ata T\u00fcrk olmakt\u0131r. Atat\u00fcrk kadar Ata T\u00fcrk ve tam ba\u011f\u0131ms\u0131z olmak. Ku\u015fatmay\u0131 yaracak yeg\u00e2ne form\u00fcl Atat\u00fcrk\u2019\u00fcn \u201cT\u00fcrk \u00e7ocu\u011fu atalar\u0131n\u0131 tan\u0131d\u0131k\u00e7a daha b\u00fcy\u00fck i\u015fler yapmak i\u00e7in kendinde kuvvet bulacakt\u0131r!\u201d \u015fiar\u0131d\u0131r. Ku\u015fatmay\u0131 yaraca\u011f\u0131z, kald\u0131\u011f\u0131m\u0131z yerden tekrar yolumuza devam edece\u011fiz.   <\/p>\n","protected":false},"excerpt":{"rendered":"<p>\u201cT\u00fcrk \u00e7ocu\u011fu atalar\u0131n\u0131 tan\u0131d\u0131k\u00e7a daha b\u00fcy\u00fck i\u015fler yapmak i\u00e7in kendinde kuvvet bulacakt\u0131r. Ku\u015fatmay\u0131 yaracak, kald\u0131\u011f\u0131m\u0131z yerden yolumuza devam edece\u011fiz.\u201d \u2013 Gazi Mustafa Kemal Atat\u00fcrk \u0130srail D\u0131\u015fi\u015fleri<span class=\"excerpt-hellip\"> [\u2026]<\/span><\/p>\n","protected":false},"featured_media":0,"template":"","meta":{"_monsterinsights_skip_tracking":false,"_monsterinsights_sitenote_active":false,"_monsterinsights_sitenote_note":"","_monsterinsights_sitenote_category":0},"product_brand":[],"product_cat":[12370,12304],"product_tag":[],"class_list":{"0":"post-779163","1":"product","2":"type-product","3":"status-publish","5":"product_cat-arastirma-inceleme","6":"product_cat-tarih","7":"pa_cilt-ciltsiz","8":"pa_tur-kitap","9":"pa_yayinevi-destek-yayinlari","10":"pa_yazar-huseyin-hakki-kahveci","12":"first","13":"instock","14":"sale","15":"shipping-taxable","16":"purchasable","17":"product-type-simple"},"_links":{"self":[{"href":"https:\/\/roveyayinevi.com.tr\/index.php\/wp-json\/wp\/v2\/product\/779163","targetHints":{"allow":["GET"]}}],"collection":[{"href":"https:\/\/roveyayinevi.com.tr\/index.php\/wp-json\/wp\/v2\/product"}],"about":[{"href":"https:\/\/roveyayinevi.com.tr\/index.php\/wp-json\/wp\/v2\/types\/product"}],"wp:attachment":[{"href":"https:\/\/roveyayinevi.com.tr\/index.php\/wp-json\/wp\/v2\/media?parent=779163"}],"wp:term":[{"taxonomy":"product_brand","embeddable":true,"href":"https:\/\/roveyayinevi.com.tr\/index.php\/wp-json\/wp\/v2\/product_brand?post=779163"},{"taxonomy":"product_cat","embeddable":true,"href":"https:\/\/roveyayinevi.com.tr\/index.php\/wp-json\/wp\/v2\/product_cat?post=779163"},{"taxonomy":"product_tag","embeddable":true,"href":"https:\/\/roveyayinevi.com.tr\/index.php\/wp-json\/wp\/v2\/product_tag?post=779163"}],"curies":[{"name":"wp","href":"https:\/\/api.w.org\/{rel}","templated":true}]}}

Atatürk ve Cumhuriyet’e Kuşatma

<p>“Türk çocuğu atalarını tanıdıkça daha büyük işler yapmak için kendinde kuvvet bulacaktır. Kuşatmayı yaracak, kaldığımız yerden yolumuza devam edeceğiz.” – Gazi Mustafa Kemal Atatürk   İsrail Dışişleri Bakanlığı Müsteşarı  Alon Liel, Demo-İslam: Türkiye’nin Yeni Yüzü adlı İbranice kitabında Erdoğan’ı 10 yıl öncesinden keşfettiklerini söylüyor ve sütre gerisinde yetiştiren isimlerden biri sayılıyor, AKP ve Erdoğan’ı konu alan kitabında AKP için, “İslam light” benzetmesi yapıyordu. Liel, “İsrail’de bana Erdoğan nedir diye soruyorlar. Ben de İslam light diyorum. Bu, İslam’ın yeni bir versiyonu. Bu modern İslam’dır, ılımlı İslam’dır. Erdoğan, İslam’ın özel hayattaki yeriyle kamudaki yeri arasına bir duvar çekti!” diyor ve ekliyordu: “Erdoğanizm’i demokratikleştirilmiş Kemalizm olarak görüyorum. Erdoğanizm teriminin kullanımı için biraz erken olsa da Erdoğanizm, Kemalizm’in güncellenmiş bir versiyonu. Bu benim iddiam. Türkiye’yi İsrail’in düşmanı olarak tanımlayamam!” 1919’un intikamını almak için, Türkiye Cumhuriyeti ve Türk milleti kuşatılıyordu. Kuşatma çok yakında 1. Dünya Savaşı şartlarını 3. Dünya Savaşı olarak önümüze koyacak. Anadolu, tarihin gördüğü en büyük kuşatma altında. Ve tekrar geliyorlar. Şartlarımız 19 Mayıs 1919 şartlarını aratmıyor. Birçok önemli siyasetçi ve yazar açıkça “Türkiye Cumhuriyeti yıkıldı!” diyor ve yazıyor. Bu kuşatmadan çıkabilmemizin yegâne aklı Atatürk’ün bizlere bıraktığı miras olan Türk milleti olabilmek. Çözüm Ata Türk olmaktır. Atatürk kadar Ata Türk ve tam bağımsız olmak. Kuşatmayı yaracak yegâne formül Atatürk’ün “Türk çocuğu atalarını tanıdıkça daha büyük işler yapmak için kendinde kuvvet bulacaktır!” şiarıdır. Kuşatmayı yaracağız, kaldığımız yerden tekrar yolumuza devam edeceğiz.   </p>

<p>“Türk çocuğu atalarını tanıdıkça daha büyük işler yapmak için kendinde kuvvet bulacaktır. Kuşatmayı yaracak, kaldığımız yerden yolumuza devam edeceğiz.” – Gazi Mustafa Kemal Atatürk İsrail Dışişleri<span class="excerpt-hellip"> […]</span></p>
