{"id":779160,"date":"2025-12-30T10:53:48","date_gmt":"2025-12-30T07:53:48","guid":{"rendered":"https:\/\/roveyayinevi.com.tr\/index.php\/urun\/dalgalar-beni-cagirir\/"},"modified":"2026-04-16T02:52:11","modified_gmt":"2026-04-15T23:52:11","slug":"dalgalar-beni-cagirir","status":"publish","type":"product","link":"https:\/\/roveyayinevi.com.tr\/index.php\/urun\/dalgalar-beni-cagirir\/","title":{"rendered":"Dalgalar Beni \u00c7a\u011f\u0131r\u0131r"},"content":{"rendered":"<p>Erden Eru\u00e7, yaln\u0131zca kas g\u00fcc\u00fcn\u00fc kullanarak, 5 y\u0131l 11 g\u00fcn sonra tek ba\u015f\u0131na devri\u00e2lemi ba\u015farm\u0131\u015ft\u0131r. Tarihte kendi g\u00fcc\u00fcyle bunu ba\u015farm\u0131\u015f ilk ve tek ki\u015fidir. En h\u0131zl\u0131 \u201ckas g\u00fcc\u00fcyle devri\u00e2lem rekoru\u201dnun sahibidir ve \u00fc\u00e7 ayr\u0131 okyanusu k\u00fcreklemi\u015f ilk ki\u015fidir. B\u00fcy\u00fck Okyanus\u2019ta teknesinde ge\u00e7irdi\u011fi 312 g\u00fcn ile denizde en uzun s\u00fcre kalan yaln\u0131z k\u00fcrek\u00e7iye dair Guinness D\u00fcnya Rekoru\u2019nu k\u0131rm\u0131\u015ft\u0131r. Atlas Okyanusu \u00fczerinde kas g\u00fcc\u00fcyle durmadan katedilen en uzun mesafe Eru\u00e7\u2019a aittir. 2016 y\u0131l\u0131 sonu itibar\u0131yla hayat\u0131n\u0131n 934 g\u00fcn\u00fcn\u00fc okyanuslarda kay\u0131\u011f\u0131nda ge\u00e7irmi\u015f, hayatta olan en tecr\u00fcbeli okyanus k\u00fcrek\u00e7isidir. Erden Eru\u00e7\u2019un, benzeri olmayan, d\u00fcnyay\u0131 kendi kas g\u00fcc\u00fcyle dolanma seferine e\u015flik eden bir ba\u015fka \u00f6zelli\u011fi daha vard\u0131r. D\u00fcnyan\u0131n b\u00fct\u00fcn k\u0131talar\u0131ndaki en y\u00fcksek doru\u011fa \u00e7\u0131km\u0131\u015ft\u0131r. Hem diklemesine hem de enlemesine eri\u015filmesi \u00e7ok g\u00fc\u00e7 yollar\u0131n yaln\u0131z yolcusudur.   Erden Eru\u00e7\u2019un inan\u0131lmaz m\u00fccadelesini, devri\u00e2lem boyunca ya\u015fad\u0131klar\u0131n\u0131 \u00c7a\u011fr\u0131 \u00d6zpideciler\u2019in y\u00f6nlendirdi\u011fi sorulardan ve Erden Eru\u00e7\u2019un anlatt\u0131klar\u0131ndan \u00f6\u011freniyoruz.   Elma Yay\u0131nevi, bu yeni kitab\u0131nda Dalgalar Beni \u00c7a\u011f\u0131r\u0131r diyerek okyanuslara a\u00e7\u0131lan Erden Eru\u00e7\u2019la ve yazar \u00c7a\u011fr\u0131 \u00d6zpideciler\u2019le bulu\u015fturuyor okuru.   Keyifli okumalar\u2026 <\/p>\n","protected":false},"excerpt":{"rendered":"<p>Erden Eru\u00e7, yaln\u0131zca kas g\u00fcc\u00fcn\u00fc kullanarak, 5 y\u0131l 11 g\u00fcn sonra tek ba\u015f\u0131na devri\u00e2lemi ba\u015farm\u0131\u015ft\u0131r. Tarihte kendi g\u00fcc\u00fcyle bunu ba\u015farm\u0131\u015f ilk ve tek ki\u015fidir. En h\u0131zl\u0131<span class=\"excerpt-hellip\"> [\u2026]<\/span><\/p>\n","protected":false},"featured_media":0,"template":"","meta":{"_monsterinsights_skip_tracking":false,"_monsterinsights_sitenote_active":false,"_monsterinsights_sitenote_note":"","_monsterinsights_sitenote_category":0},"product_brand":[],"product_cat":[12291,30969],"product_tag":[],"class_list":{"0":"post-779160","1":"product","2":"type-product","3":"status-publish","5":"product_cat-edebiyat","6":"product_cat-soylesi-edebiyat","7":"pa_cilt-ciltsiz","8":"pa_tur-kitap","9":"pa_yayinevi-elma-yayinevi","10":"pa_yazar-erden-eruc","12":"first","13":"instock","14":"sale","15":"shipping-taxable","16":"purchasable","17":"product-type-simple"},"_links":{"self":[{"href":"https:\/\/roveyayinevi.com.tr\/index.php\/wp-json\/wp\/v2\/product\/779160","targetHints":{"allow":["GET"]}}],"collection":[{"href":"https:\/\/roveyayinevi.com.tr\/index.php\/wp-json\/wp\/v2\/product"}],"about":[{"href":"https:\/\/roveyayinevi.com.tr\/index.php\/wp-json\/wp\/v2\/types\/product"}],"wp:attachment":[{"href":"https:\/\/roveyayinevi.com.tr\/index.php\/wp-json\/wp\/v2\/media?parent=779160"}],"wp:term":[{"taxonomy":"product_brand","embeddable":true,"href":"https:\/\/roveyayinevi.com.tr\/index.php\/wp-json\/wp\/v2\/product_brand?post=779160"},{"taxonomy":"product_cat","embeddable":true,"href":"https:\/\/roveyayinevi.com.tr\/index.php\/wp-json\/wp\/v2\/product_cat?post=779160"},{"taxonomy":"product_tag","embeddable":true,"href":"https:\/\/roveyayinevi.com.tr\/index.php\/wp-json\/wp\/v2\/product_tag?post=779160"}],"curies":[{"name":"wp","href":"https:\/\/api.w.org\/{rel}","templated":true}]}}