{"id":779151,"date":"2025-12-30T10:50:54","date_gmt":"2025-12-30T07:50:54","guid":{"rendered":"https:\/\/roveyayinevi.com.tr\/index.php\/urun\/siyah-divan-toplu-siirler-1998-2013\/"},"modified":"2026-04-16T02:48:56","modified_gmt":"2026-04-15T23:48:56","slug":"siyah-divan-toplu-siirler-1998-2013","status":"publish","type":"product","link":"https:\/\/roveyayinevi.com.tr\/index.php\/urun\/siyah-divan-toplu-siirler-1998-2013\/","title":{"rendered":"Siyah Divan Toplu \u015eiirler 1998-2013"},"content":{"rendered":"<p>\u201cKaygalak, \u015fiirin tarihinin her \u015feyden \u00f6nce dilin ve tekni\u011fin tarihi oldu\u011funu anlam\u0131\u015ft\u0131r. Baz\u0131 \u015fairler b\u00f6yledir. Y\u0131llarca i\u00e7ten i\u00e7e dille, tarihle, teknikle yo\u011frulmu\u015f do\u011farlar. Kaygalak\u2019\u0131n \u015fiirini ben b\u00f6yle \u015fa\u015f\u0131rarak \u00f6\u011frendim. Sonra da onu izlemeyi s\u00fcrd\u00fcrd\u00fcm. K\u0131sa s\u00fcrede tekni\u011fin ve dilin anlay\u0131\u015f\u0131yla donand\u0131m, zenginle\u015ftim.\u201d   \u0130lhan Berk   \u201cBir noktada t\u0131kan\u0131p kalm\u0131\u015f ve ancak \u00e7ok sonra azar azar, kesik kesik akmaya ba\u015flam\u0131\u015f bir suyu and\u0131r\u0131yor Kaygalak\u2019\u0131n \u015fiiri. Yahya Kemal gibi, D\u0131ranas ve Tanp\u0131nar gibi, Cemal S\u00fcreya ve Ece Ayhan gibi, Hilmi Yavuz ve \u0130smet \u00d6zel gibi, yapaca\u011f\u0131 i\u015fi en ba\u015ftan sezen ve \u00e7oktan bi\u00e7imlenmi\u015f olarak do\u011fan bir \u015fiir. Bir koyula\u015fma, k\u0131vam bulma: Tak\u0131l\u0131p kald\u0131\u011f\u0131 yerin b\u00fct\u00fcn minerallerini, b\u00fct\u00fcn \u0131\u015f\u0131lt\u0131l\u0131 kirini de \u00fcstlenmi\u015f bir madde\u2026 Bu kilitlenme, ilerleme d\u00fc\u015f\u00fcncesinin tehlikeli aldat\u0131c\u0131l\u0131\u011f\u0131na i\u015faret eden ama olgunla\u015fmay\u0131 da b\u00fcsb\u00fct\u00fcn yads\u0131mayan bir \u2018Karanl\u0131k Ayd\u0131nlanma\u2019ya da i\u015faret ediyor.\u201d   Orhan Ko\u00e7ak   \u201cKaygalak, Y\u00fcz\u00fcmdeki Kuyu\u2019yu \u00e7\u0131kard\u0131\u011f\u0131nda bilerek veya bilmeyerek ilgin\u00e7 yeni bir \u015fiir yata\u011f\u0131n\u0131n yolunu a\u00e7an iki \u015fairden biri oldu\u2026 1990\u2019larda yaz\u0131lan \u015fiir \u00f6nemli bir paradigma de\u011fi\u015fikli\u011fine yol a\u00e7m\u0131\u015ft\u0131. Varl\u0131\u011f\u0131 sorunsalla\u015ft\u0131ran bir \u015fiirdi bu. Kaygalak\u2019\u0131n \u00f6nc\u00fclerinden oldu\u011fu bu \u015fiir yata\u011f\u0131, yaln\u0131z 1990\u2019larda de\u011fil, Cumhuriyet d\u00f6nemi T\u00fcrk\u00e7e \u015fiirde \u00f6rne\u011fine az rastlan\u0131r \u00f6zellikler ta\u015f\u0131yordu\u2026 Olu\u015fturdu\u011fu \u015fiir dilinde m\u00fckemmeliyeti s\u0131nayan bir noktaya varm\u0131\u015ft\u0131. S\u00f6zc\u00fck hazinesindeki \u015fa\u015f\u0131rt\u0131c\u0131 zenginlik, bu s\u00f6zc\u00fckleri kullanmas\u0131ndaki \u00f6zen ve olu\u015fturdu\u011fu b\u00fcy\u00fcl\u00fc, mistik atmosfer \u015fiirinin biricikle\u015fmesinin g\u00f6stergeleriyle dolu.\u201d   Orhan Kahyao\u011flu <\/p>\n","protected":false},"excerpt":{"rendered":"<p>\u201cKaygalak, \u015fiirin tarihinin her \u015feyden \u00f6nce dilin ve tekni\u011fin tarihi oldu\u011funu anlam\u0131\u015ft\u0131r. Baz\u0131 \u015fairler b\u00f6yledir. Y\u0131llarca i\u00e7ten i\u00e7e dille, tarihle, teknikle yo\u011frulmu\u015f do\u011farlar. Kaygalak\u2019\u0131n \u015fiirini ben<span class=\"excerpt-hellip\"> [\u2026]<\/span><\/p>\n","protected":false},"featured_media":0,"template":"","meta":{"_monsterinsights_skip_tracking":false,"_monsterinsights_sitenote_active":false,"_monsterinsights_sitenote_note":"","_monsterinsights_sitenote_category":0},"product_brand":[],"product_cat":[12291,12509],"product_tag":[],"class_list":{"0":"post-779151","1":"product","2":"type-product","3":"status-publish","5":"product_cat-edebiyat","6":"product_cat-siir","7":"pa_cilt-ciltsiz","8":"pa_tur-kitap","9":"pa_yayinevi-everest-yayinlari","10":"pa_yazar-metin-kaygalak","12":"first","13":"instock","14":"sale","15":"shipping-taxable","16":"purchasable","17":"product-type-simple"},"_links":{"self":[{"href":"https:\/\/roveyayinevi.com.tr\/index.php\/wp-json\/wp\/v2\/product\/779151","targetHints":{"allow":["GET"]}}],"collection":[{"href":"https:\/\/roveyayinevi.com.tr\/index.php\/wp-json\/wp\/v2\/product"}],"about":[{"href":"https:\/\/roveyayinevi.com.tr\/index.php\/wp-json\/wp\/v2\/types\/product"}],"wp:attachment":[{"href":"https:\/\/roveyayinevi.com.tr\/index.php\/wp-json\/wp\/v2\/media?parent=779151"}],"wp:term":[{"taxonomy":"product_brand","embeddable":true,"href":"https:\/\/roveyayinevi.com.tr\/index.php\/wp-json\/wp\/v2\/product_brand?post=779151"},{"taxonomy":"product_cat","embeddable":true,"href":"https:\/\/roveyayinevi.com.tr\/index.php\/wp-json\/wp\/v2\/product_cat?post=779151"},{"taxonomy":"product_tag","embeddable":true,"href":"https:\/\/roveyayinevi.com.tr\/index.php\/wp-json\/wp\/v2\/product_tag?post=779151"}],"curies":[{"name":"wp","href":"https:\/\/api.w.org\/{rel}","templated":true}]}}