{"id":779148,"date":"2025-12-30T10:50:08","date_gmt":"2025-12-30T07:50:08","guid":{"rendered":"https:\/\/roveyayinevi.com.tr\/index.php\/urun\/kilit-tasi\/"},"modified":"2026-04-01T02:54:23","modified_gmt":"2026-03-31T23:54:23","slug":"kilit-tasi","status":"publish","type":"product","link":"https:\/\/roveyayinevi.com.tr\/index.php\/urun\/kilit-tasi\/","title":{"rendered":"Kilit Ta\u015f\u0131"},"content":{"rendered":"<p>Kad\u0131n, hayatt\u0131r A\u015fkla, sab\u0131rla, inan\u00e7la kuran   Kad\u0131n, cesarettir Kadere, t\u00f6reye, bask\u0131ya kar\u015f\u0131 duran   Kad\u0131n, umuttur Bir kardelen \u00e7i\u00e7e\u011fi bahar\u0131 mu\u015ftulayan   K\u0130L\u0130T TA\u015eI \u00fc\u00e7 kad\u0131n\u0131n hik\u00e2yesi. \u0130yili\u011fin devrimsel g\u00fcc\u00fcyle gururun \u015fefkate, intikam\u0131n sevgiye, imk\u00e2ns\u0131z\u0131n m\u00fcmk\u00fcne ve yaln\u0131zl\u0131\u011f\u0131n kocaman bir aileye d\u00f6n\u00fc\u015ft\u00fc\u011f\u00fc, ge\u00e7mi\u015fin izini s\u00fcrerken kesi\u015fen, Mardin\u2019den \u0130stanbul\u2019a uzanan s\u0131r dolu \u00fc\u00e7 hayat\u0131n&#8230;   Anne-babas\u0131n\u0131n \u00f6l\u00fcm\u00fcn\u00fcn bitmeyen i\u00e7 hesapla\u015fmas\u0131yla ya\u015fayan gururlu Avukat Nil, k\u0131z\u0131n\u0131n kaderi kendininkine benzemesin diye \u00f6l\u00fcm\u00fc g\u00f6ze alan Zekiye Han\u0131m ve t\u00fcm engellere ra\u011fmen e\u011fitimi i\u00e7in \u00e7abalayan Berfin. Omuzlar\u0131nda sadece bug\u00fcn\u00fcn de\u011fil, tarih boyunca kad\u0131nlara reva g\u00f6r\u00fclen bask\u0131n\u0131n, tahkirin, dayatmalar\u0131n y\u00fck\u00fc. Tutu\u015furlarsa el ele, neleri de\u011fi\u015ftirebilirler halbuki&#8230;   1864 \u00c7erkes S\u00fcrg\u00fcn\u00fc ve Soyk\u0131r\u0131m\u0131n\u0131 anlatan ADSIZ ROMAN ve K\u00f6y Enstit\u00fclerini ve T\u00fcrkiye\u2019nin yak\u0131n tarihini anlatan KE\u015eKE\u2019nin yazar\u0131 Sema Soykan\u2019dan yine ak\u0131c\u0131, zengin ve umudu bilin\u00e7le tazeleyen bir eser. <\/p>\n","protected":false},"excerpt":{"rendered":"<p>Kad\u0131n, hayatt\u0131r A\u015fkla, sab\u0131rla, inan\u00e7la kuran Kad\u0131n, cesarettir Kadere, t\u00f6reye, bask\u0131ya kar\u015f\u0131 duran Kad\u0131n, umuttur Bir kardelen \u00e7i\u00e7e\u011fi bahar\u0131 mu\u015ftulayan K\u0130L\u0130T TA\u015eI \u00fc\u00e7 kad\u0131n\u0131n hik\u00e2yesi. \u0130yili\u011fin<span class=\"excerpt-hellip\"> [\u2026]<\/span><\/p>\n","protected":false},"featured_media":0,"template":"","meta":{"_monsterinsights_skip_tracking":false,"_monsterinsights_sitenote_active":false,"_monsterinsights_sitenote_note":"","_monsterinsights_sitenote_category":0},"product_brand":[],"product_cat":[12291,12711],"product_tag":[],"class_list":{"0":"post-779148","1":"product","2":"type-product","3":"status-publish","5":"product_cat-edebiyat","6":"product_cat-roman-oyku","7":"pa_cilt-ciltsiz","8":"pa_tur-kitap","9":"pa_yayinevi-alfa-yayinlari","10":"pa_yazar-sema-soykan","12":"first","13":"instock","14":"sale","15":"shipping-taxable","16":"purchasable","17":"product-type-simple"},"_links":{"self":[{"href":"https:\/\/roveyayinevi.com.tr\/index.php\/wp-json\/wp\/v2\/product\/779148","targetHints":{"allow":["GET"]}}],"collection":[{"href":"https:\/\/roveyayinevi.com.tr\/index.php\/wp-json\/wp\/v2\/product"}],"about":[{"href":"https:\/\/roveyayinevi.com.tr\/index.php\/wp-json\/wp\/v2\/types\/product"}],"wp:attachment":[{"href":"https:\/\/roveyayinevi.com.tr\/index.php\/wp-json\/wp\/v2\/media?parent=779148"}],"wp:term":[{"taxonomy":"product_brand","embeddable":true,"href":"https:\/\/roveyayinevi.com.tr\/index.php\/wp-json\/wp\/v2\/product_brand?post=779148"},{"taxonomy":"product_cat","embeddable":true,"href":"https:\/\/roveyayinevi.com.tr\/index.php\/wp-json\/wp\/v2\/product_cat?post=779148"},{"taxonomy":"product_tag","embeddable":true,"href":"https:\/\/roveyayinevi.com.tr\/index.php\/wp-json\/wp\/v2\/product_tag?post=779148"}],"curies":[{"name":"wp","href":"https:\/\/api.w.org\/{rel}","templated":true}]}}