{"id":779146,"date":"2025-12-30T10:49:28","date_gmt":"2025-12-30T07:49:28","guid":{"rendered":"https:\/\/roveyayinevi.com.tr\/index.php\/urun\/muhasebe-bilgi-sisteminde-basarinin-olcumu-tarihsel-surec-ve-olcum-modelleri\/"},"modified":"2026-04-16T02:46:59","modified_gmt":"2026-04-15T23:46:59","slug":"muhasebe-bilgi-sisteminde-basarinin-olcumu-tarihsel-surec-ve-olcum-modelleri","status":"publish","type":"product","link":"https:\/\/roveyayinevi.com.tr\/index.php\/urun\/muhasebe-bilgi-sisteminde-basarinin-olcumu-tarihsel-surec-ve-olcum-modelleri\/","title":{"rendered":"Muhasebe Bilgi Sisteminde Ba\u015far\u0131n\u0131n \u00d6l\u00e7\u00fcm\u00fc &#8211; Tarihsel S\u00fcre\u00e7 ve \u00d6l\u00e7\u00fcm Modelleri"},"content":{"rendered":"<p>\u0130\u00e7indekiler   B\u00d6L\u00dcM 1 :  B\u0130LG\u0130 S\u0130STEMLER\u0130   B\u00d6L\u00dcM 2 :  MUHASEBE B\u0130LG\u0130 S\u0130STEM\u0130   B\u00d6L\u00dcM 3 :  B\u0130LG\u0130 S\u0130STEMLER\u0130NDE BA\u015eARI \u00d6L\u00c7\u00dcM\u00dc <\/p>\n","protected":false},"excerpt":{"rendered":"<p>\u0130\u00e7indekiler B\u00d6L\u00dcM 1 : B\u0130LG\u0130 S\u0130STEMLER\u0130 B\u00d6L\u00dcM 2 : MUHASEBE B\u0130LG\u0130 S\u0130STEM\u0130 B\u00d6L\u00dcM 3 : B\u0130LG\u0130 S\u0130STEMLER\u0130NDE BA\u015eARI \u00d6L\u00c7\u00dcM\u00dc<\/p>\n","protected":false},"featured_media":0,"template":"","meta":{"_monsterinsights_skip_tracking":false,"_monsterinsights_sitenote_active":false,"_monsterinsights_sitenote_note":"","_monsterinsights_sitenote_category":0},"product_brand":[],"product_cat":[13043,14381],"product_tag":[],"class_list":{"0":"post-779146","1":"product","2":"type-product","3":"status-publish","5":"product_cat-ekonomi","6":"product_cat-isletme-muhasebe-maliye","7":"pa_cilt-ciltsiz","8":"pa_tur-kitap","9":"pa_yayinevi-gazi-kitabevi","10":"pa_yazar-arman-aziz-karagul","12":"first","13":"instock","14":"sale","15":"shipping-taxable","16":"purchasable","17":"product-type-simple"},"_links":{"self":[{"href":"https:\/\/roveyayinevi.com.tr\/index.php\/wp-json\/wp\/v2\/product\/779146","targetHints":{"allow":["GET"]}}],"collection":[{"href":"https:\/\/roveyayinevi.com.tr\/index.php\/wp-json\/wp\/v2\/product"}],"about":[{"href":"https:\/\/roveyayinevi.com.tr\/index.php\/wp-json\/wp\/v2\/types\/product"}],"wp:attachment":[{"href":"https:\/\/roveyayinevi.com.tr\/index.php\/wp-json\/wp\/v2\/media?parent=779146"}],"wp:term":[{"taxonomy":"product_brand","embeddable":true,"href":"https:\/\/roveyayinevi.com.tr\/index.php\/wp-json\/wp\/v2\/product_brand?post=779146"},{"taxonomy":"product_cat","embeddable":true,"href":"https:\/\/roveyayinevi.com.tr\/index.php\/wp-json\/wp\/v2\/product_cat?post=779146"},{"taxonomy":"product_tag","embeddable":true,"href":"https:\/\/roveyayinevi.com.tr\/index.php\/wp-json\/wp\/v2\/product_tag?post=779146"}],"curies":[{"name":"wp","href":"https:\/\/api.w.org\/{rel}","templated":true}]}}