{"id":779141,"date":"2025-12-30T10:48:08","date_gmt":"2025-12-30T07:48:08","guid":{"rendered":"https:\/\/roveyayinevi.com.tr\/index.php\/urun\/kariyer-planlama-ve-yonetimi\/"},"modified":"2026-04-11T14:04:32","modified_gmt":"2026-04-11T11:04:32","slug":"kariyer-planlama-ve-yonetimi","status":"publish","type":"product","link":"https:\/\/roveyayinevi.com.tr\/index.php\/urun\/kariyer-planlama-ve-yonetimi\/","title":{"rendered":"Kariyer Planlama ve Y\u00f6netimi"},"content":{"rendered":"<p>Kariyer planlamas\u0131, ki\u015finin kariyer hedeflerini belirlemek i\u00e7in kulland\u0131\u011f\u0131 stratejiyi ve bu hedeflere ula\u015fman\u0131n yollar\u0131n\u0131 ifade eder. Bir kariyer plan\u0131na sahip olmak, yaln\u0131zca i\u015f ya\u015fam\u0131nda de\u011fil ya\u015fam\u0131n her alan\u0131nda ba\u015far\u0131l\u0131 olmak isteyen adaylar i\u00e7in kritik bir \u00f6neme sahiptir. Kariyer planlamas\u0131, aday\u0131n elde etmek istedi\u011fi ba\u015far\u0131lara ula\u015fabilmesi i\u00e7in kariyer a\u015famalar\u0131n\u0131n kapsaml\u0131 bir \u015fekilde ele al\u0131nmas\u0131 ve y\u00fcr\u00fct\u00fclmesi gereken \u00e7ok a\u015famal\u0131 bir s\u00fcre\u00e7tir. Kariyer planlamas\u0131 ile aday, gelecekteki profesyonel ya\u015fam\u0131 i\u00e7in alternatif yollar ve g\u00fczerg\u00e2hlar \u00fczerinde \u00f6nceden d\u00fc\u015f\u00fcnme \u015fans\u0131na sahip olacak b\u00f6ylelikle kariyer yolculu\u011funu \u201csenaryo temelli\u201d kurgulayabilecektir. \u00dczerinde d\u00fc\u015f\u00fcn\u00fclm\u00fc\u015f bir kariyer plan\u0131 hem sosyal ya\u015fam\u0131 bi\u00e7imlendirecek hem de mesleki gelecek i\u00e7in bir yol haritas\u0131 sunacakt\u0131r.B\u00f6ylelikle mevcut i\u015f imk\u00e2nlar\u0131 ile gelecekteki potansiyel kariyer olanaklar\u0131 hakk\u0131nda bilin\u00e7li se\u00e7imler yapmak m\u00fcmk\u00fcn h\u00e2le gelebilecektir. Bu kitap, hem kariyer yolculu\u011funda mevcut olanaklar\u0131 g\u00f6rmek hem de gelecekteki potansiyel kariyer olanaklar\u0131n\u0131 ke\u015ffetmek \u00fczere bir rehber aray\u0131\u015f\u0131nda olan adaylara, akademisyenlere ve i\u015f ya\u015fam\u0131ndaki profesyonellere y\u00f6nelik konusunda uzman akademisyenlerin katk\u0131lar\u0131 ile haz\u0131rlanm\u0131\u015ft\u0131r. Her b\u00f6l\u00fcmde teorik bilgilerin yan\u0131 s\u0131ra ger\u00e7ek ki\u015filerin kariyer yolculuklar\u0131ndaki ba\u015far\u0131 hik\u00e2yeleri, alan\u0131n\u0131n uzmanlar\u0131 taraf\u0131ndan konuyla ili\u015fkili adaylara y\u00f6nelik verilmi\u015f olan tavsiye niteli\u011findeki g\u00f6r\u00fc\u015fler ve t\u00fcm bunlar\u0131n yan\u0131 s\u0131ra ilgili b\u00f6l\u00fcmde derinle\u015fmek isteyen okuyuculara y\u00f6nelik ek okuma \u00f6nerileri ile birlikte film \u00f6nerileri verilmi\u015ftir. T\u00fcm okuyucular i\u00e7in faydal\u0131 bir rehber olmas\u0131 dile\u011fiyle keyifli okumalar dileriz.<\/p>\n","protected":false},"excerpt":{"rendered":"<p>Kariyer planlamas\u0131, ki\u015finin kariyer hedeflerini belirlemek i\u00e7in kulland\u0131\u011f\u0131 stratejiyi ve bu hedeflere ula\u015fman\u0131n yollar\u0131n\u0131 ifade eder. Bir kariyer plan\u0131na sahip olmak, yaln\u0131zca i\u015f ya\u015fam\u0131nda de\u011fil ya\u015fam\u0131n<span class=\"excerpt-hellip\"> [\u2026]<\/span><\/p>\n","protected":false},"featured_media":0,"template":"","meta":{"_monsterinsights_skip_tracking":false,"_monsterinsights_sitenote_active":false,"_monsterinsights_sitenote_note":"","_monsterinsights_sitenote_category":0},"product_brand":[],"product_cat":[12364,12376],"product_tag":[],"class_list":{"0":"post-779141","1":"product","2":"type-product","3":"status-publish","5":"product_cat-genel-konular","6":"product_cat-kisisel-gelisim","7":"pa_cilt-ciltsiz","8":"pa_tur-kitap","9":"pa_yayinevi-nobel-akademik-yayincilik","10":"pa_yazar-nobel-akademik-yayincilik-kolektif","12":"first","13":"instock","14":"sale","15":"shipping-taxable","16":"purchasable","17":"product-type-simple"},"_links":{"self":[{"href":"https:\/\/roveyayinevi.com.tr\/index.php\/wp-json\/wp\/v2\/product\/779141","targetHints":{"allow":["GET"]}}],"collection":[{"href":"https:\/\/roveyayinevi.com.tr\/index.php\/wp-json\/wp\/v2\/product"}],"about":[{"href":"https:\/\/roveyayinevi.com.tr\/index.php\/wp-json\/wp\/v2\/types\/product"}],"wp:attachment":[{"href":"https:\/\/roveyayinevi.com.tr\/index.php\/wp-json\/wp\/v2\/media?parent=779141"}],"wp:term":[{"taxonomy":"product_brand","embeddable":true,"href":"https:\/\/roveyayinevi.com.tr\/index.php\/wp-json\/wp\/v2\/product_brand?post=779141"},{"taxonomy":"product_cat","embeddable":true,"href":"https:\/\/roveyayinevi.com.tr\/index.php\/wp-json\/wp\/v2\/product_cat?post=779141"},{"taxonomy":"product_tag","embeddable":true,"href":"https:\/\/roveyayinevi.com.tr\/index.php\/wp-json\/wp\/v2\/product_tag?post=779141"}],"curies":[{"name":"wp","href":"https:\/\/api.w.org\/{rel}","templated":true}]}}